-- Table structure for table `phpbb3_sessions`
--

CREATE TABLE `phpbb3_sessions` (
  `session_id` varchar(32) collate latin1_general_ci NOT NULL default '',
  `session_user_id` mediumint(8) NOT NULL default '0',
  `session_start` int(11) NOT NULL default '0',
  `session_time` int(11) NOT NULL default '0',
  `session_ip` varchar(8) collate latin1_general_ci NOT NULL default '0',
  `session_page` int(11) NOT NULL default '0',
  `session_logged_in` tinyint(1) NOT NULL default '0',
  `session_admin` tinyint(2) NOT NULL default '0',
  `session_robot` varchar(32) collate latin1_general_ci default NULL,
  PRIMARY KEY  (`session_id`),
  KEY `session_user_id` (`session_user_id`),
  KEY `session_id_ip_user_id` (`session_id`,`session_ip`,`session_user_id`)
) ENGINE=MyISAM DEFAULT CHARSET=latin1 COLLATE=latin1_general_ci;

--
-- Dumping data for table `phpbb3_sessions`
--


INSERT INTO `phpbb3_sessions` VALUES ('985d956ea4a357e31a0c015c4ef69305',-1,1192629641,1192629641,'7f000001',-12,0,0,NULL),('8380ed231d5bd69add4c198fbed6ae43',-1,1186099497,1186099497,'7f000001',-12,0,0,NULL),('40f26852d4e239922ab50884c5bc3e38',2,1185828064,1185828354,'7f000001',-9,1,0,NULL),('f7f74eb46097fd7f74307137596a920b',-1,1272875364,1272875364,'7f000001',-12,0,0,NULL);

--
-- Table structure for table `phpbb3_shout`
--

CREATE TABLE `phpbb3_shout` (
  `shout_id` mediumint(8) unsigned NOT NULL auto_increment,
  `shout_username` varchar(25) collate latin1_general_ci NOT NULL default '',
  `shout_user_id` mediumint(8) NOT NULL default '0',
  `shout_group_id` mediumint(8) NOT NULL default '0',
  `shout_session_time` int(11) NOT NULL default '0',
  `shout_ip` varchar(8) collate latin1_general_ci NOT NULL default '',
  `shout_text` text collate latin1_general_ci NOT NULL,
  `shout_active` mediumint(8) NOT NULL default '0',
  `enable_bbcode` tinyint(1) NOT NULL default '0',
  `enable_html` tinyint(1) NOT NULL default '0',
  `enable_smilies` tinyint(1) NOT NULL default '0',
  `enable_sig` tinyint(1) NOT NULL default '0',
  `shout_bbcode_uid` varchar(10) collate latin1_general_ci NOT NULL default '',
  KEY `shout_id` (`shout_id`)
) ENGINE=MyISAM DEFAULT CHARSET=latin1 COLLATE=latin1_general_ci;

--
-- Dumping data for table `phpbb3_shout`
--


INSERT INTO `phpbb3_shout` VALUES (4988,'',219,0,1181493127,'56480281','salut les gens, desole pour les decos, le pc arrete pas de me faire des machine_check_exception, je sens qu\'il va voler par la fenetre',0,1,0,1,0,'70369e3c1a'),(4991,'',199,0,1181563223,'d9808647','yeuh ;)',0,1,0,1,0,'ae9e426867'),(4992,'',225,0,1181586168,'55020c32','salute !',0,1,0,1,0,'d5d61ca7af'),(4990,'',219,0,1181562308,'52e18378','salut',0,1,0,1,0,'d9b962c56c'),(4989,'',29,0,1181551663,'c1bfd9be','lu jin',0,1,0,1,0,'b69eb2895e'),(4993,'',41,0,1181635175,'d5b198c9','brotz',0,1,0,1,0,'6ed33c80ec');

--
-- Table structure for table `phpbb3_smilies`
--

CREATE TABLE `phpbb3_smilies` (
  `smilies_id` smallint(5) unsigned NOT NULL auto_increment,
  `code` varchar(50) collate latin1_general_ci default NULL,
  `smile_url` varchar(100) collate latin1_general_ci default NULL,
  `emoticon` varchar(75) collate latin1_general_ci default NULL,
  PRIMARY KEY  (`smilies_id`)
) ENGINE=MyISAM DEFAULT CHARSET=latin1 COLLATE=latin1_general_ci;

--
-- Dumping data for table `phpbb3_smilies`
--


INSERT INTO `phpbb3_smilies` VALUES (1,':D','icon_biggrin.gif','Very Happy'),(2,':-D','icon_biggrin.gif','Very Happy'),(3,':grin:','icon_biggrin.gif','Very Happy'),(4,':)','icon_smile.gif','Smile'),(5,':-)','icon_smile.gif','Smile'),(6,':smile:','icon_smile.gif','Smile'),(7,':(','icon_sad.gif','Sad'),(8,':-(','icon_sad.gif','Sad'),(9,':sad:','icon_sad.gif','Sad'),(10,':o','icon_surprised.gif','Surprised'),(11,':-o','icon_surprised.gif','Surprised'),(12,':eek:','icon_surprised.gif','Surprised'),(13,':shock:','icon_eek.gif','Shocked'),(14,':?','icon_confused.gif','Confused'),(15,':-?','icon_confused.gif','Confused'),(16,':???:','icon_confused.gif','Confused'),(17,'8)','icon_cool.gif','Cool'),(18,'8-)','icon_cool.gif','Cool'),(19,':cool:','icon_cool.gif','Cool'),(20,':lol:','icon_lol.gif','Laughing'),(21,':x','icon_mad.gif','Mad'),(22,':-x','icon_mad.gif','Mad'),(23,':mad:','icon_mad.gif','Mad'),(24,':P','icon_razz.gif','Razz'),(25,':-P','icon_razz.gif','Razz'),(26,':razz:','icon_razz.gif','Razz'),(27,':oops:','icon_redface.gif','Embarassed'),(28,':cry:','icon_cry.gif','Crying or Very sad'),(29,':evil:','icon_evil.gif','Evil or Very Mad'),(30,':twisted:','icon_twisted.gif','Twisted Evil'),(31,':roll:','icon_rolleyes.gif','Rolling Eyes'),(32,':wink:','icon_wink.gif','Wink'),(33,';)','icon_wink.gif','Wink'),(34,';-)','icon_wink.gif','Wink'),(35,':!:','icon_exclaim.gif','Exclamation'),(36,':?:','icon_question.gif','Question'),(37,':idea:','icon_idea.gif','Idea'),(38,':arrow:','icon_arrow.gif','Arrow'),(39,':|','icon_neutral.gif','Neutral'),(40,':-|','icon_neutral.gif','Neutral'),(41,':neutral:','icon_neutral.gif','Neutral'),(42,':mrgreen:','icon_mrgreen.gif','Mr. Green');

--
-- Table structure for table `phpbb3_themes`
--

CREATE TABLE `phpbb3_themes` (
  `themes_id` mediumint(8) unsigned NOT NULL auto_increment,
  `template_name` varchar(30) collate latin1_general_ci NOT NULL default '',
  `style_name` varchar(30) collate latin1_general_ci NOT NULL default '',
  `head_stylesheet` varchar(100) collate latin1_general_ci default NULL,
  `body_background` varchar(100) collate latin1_general_ci default NULL,
  `body_bgcolor` varchar(6) collate latin1_general_ci default NULL,
  `body_text` varchar(6) collate latin1_general_ci default NULL,
  `body_link` varchar(6) collate latin1_general_ci default NULL,
  `body_vlink` varchar(6) collate latin1_general_ci default NULL,
  `body_alink` varchar(6) collate latin1_general_ci default NULL,
  `body_hlink` varchar(6) collate latin1_general_ci default NULL,
  `tr_color1` varchar(6) collate latin1_general_ci default NULL,
  `tr_color2` varchar(6) collate latin1_general_ci default NULL,
  `tr_color3` varchar(6) collate latin1_general_ci default NULL,
  `tr_class1` varchar(25) collate latin1_general_ci default NULL,
  `tr_class2` varchar(25) collate latin1_general_ci default NULL,
  `tr_class3` varchar(25) collate latin1_general_ci default NULL,
  `th_color1` varchar(6) collate latin1_general_ci default NULL,
  `th_color2` varchar(6) collate latin1_general_ci default NULL,
  `th_color3` varchar(6) collate latin1_general_ci default NULL,
  `th_class1` varchar(25) collate latin1_general_ci default NULL,
  `th_class2` varchar(25) collate latin1_general_ci default NULL,
  `th_class3` varchar(25) collate latin1_general_ci default NULL,
  `td_color1` varchar(6) collate latin1_general_ci default NULL,
  `td_color2` varchar(6) collate latin1_general_ci default NULL,
  `td_color3` varchar(6) collate latin1_general_ci default NULL,
  `td_class1` varchar(25) collate latin1_general_ci default NULL,
  `td_class2` varchar(25) collate latin1_general_ci default NULL,
  `td_class3` varchar(25) collate latin1_general_ci default NULL,
  `fontface1` varchar(50) collate latin1_general_ci default NULL,
  `fontface2` varchar(50) collate latin1_general_ci default NULL,
  `fontface3` varchar(50) collate latin1_general_ci default NULL,
  `fontsize1` tinyint(4) default NULL,
  `fontsize2` tinyint(4) default NULL,
  `fontsize3` tinyint(4) default NULL,
  `fontcolor1` varchar(6) collate latin1_general_ci default NULL,
  `fontcolor2` varchar(6) collate latin1_general_ci default NULL,
  `fontcolor3` varchar(6) collate latin1_general_ci default NULL,
  `span_class1` varchar(25) collate latin1_general_ci default NULL,
  `span_class2` varchar(25) collate latin1_general_ci default NULL,
  `span_class3` varchar(25) collate latin1_general_ci default NULL,
  `img_size_poll` smallint(5) unsigned default NULL,
  `img_size_privmsg` smallint(5) unsigned default NULL,
  PRIMARY KEY  (`themes_id`)
) ENGINE=MyISAM DEFAULT CHARSET=latin1 COLLATE=latin1_general_ci;

--
-- Dumping data for table `phpbb3_themes`
--


INSERT INTO `phpbb3_themes` VALUES (1,'subSilver','subSilver','subSilver.css','','E5E5E5','000000','006699','5493B4','','DD6900','EFEFEF','DEE3E7','D1D7DC','','','','98AAB1','006699','FFFFFF','cellpic1.gif','cellpic3.gif','cellpic2.jpg','FAFAFA','FFFFFF','','row1','row2','','Verdana, Arial, Helvetica, sans-serif','Trebuchet MS','Courier, \'Courier New\', sans-serif',10,11,12,'444444','006600','FFA34F','','','',NULL,NULL),(2,'dgfguildwars','dgfguildwars','dgfguildwars.css','','','','','','','','','','','','','',NULL,'','','','','','','','','row1','row2','','','','',0,0,0,'','D4D7D9','red','','','',0,0),(7,'empire','empire','empire.css','000000','','FFFFFF','808080','808080','','7B5737','','','','','','','','','','cellpic1.gif','cellpic3.gif','cellpic2.jpg','','','','','','','Verdana, Arial, Helvetica, sans-serif','Trebuchet MS','Courier, \'Courier New\', sans-serif',10,11,12,'444444','967342','FFFFFF','','','',0,0),(4,'dgf_Magical_Blue_Forest','dgf_Magical_Blue_Forest','dgf_Magical_Blue_Forest.css','','','','','','','','','','','','','',NULL,'','','','','','','','','row1','row2','','','','',0,0,0,'','D4D7D9','000000','','','',0,0);

--
-- Table structure for table `phpbb3_themes_name`
--

CREATE TABLE `phpbb3_themes_name` (
  `themes_id` smallint(5) unsigned NOT NULL default '0',
  `tr_color1_name` char(50) collate latin1_general_ci default NULL,
  `tr_color2_name` char(50) collate latin1_general_ci default NULL,
  `tr_color3_name` char(50) collate latin1_general_ci default NULL,
  `tr_class1_name` char(50) collate latin1_general_ci default NULL,
  `tr_class2_name` char(50) collate latin1_general_ci default NULL,
  `tr_class3_name` char(50) collate latin1_general_ci default NULL,
  `th_color1_name` char(50) collate latin1_general_ci default NULL,
  `th_color2_name` char(50) collate latin1_general_ci default NULL,
  `th_color3_name` char(50) collate latin1_general_ci default NULL,
  `th_class1_name` char(50) collate latin1_general_ci default NULL,
  `th_class2_name` char(50) collate latin1_general_ci default NULL,
  `th_class3_name` char(50) collate latin1_general_ci default NULL,
  `td_color1_name` char(50) collate latin1_general_ci default NULL,
  `td_color2_name` char(50) collate latin1_general_ci default NULL,
  `td_color3_name` char(50) collate latin1_general_ci default NULL,
  `td_class1_name` char(50) collate latin1_general_ci default NULL,
  `td_class2_name` char(50) collate latin1_general_ci default NULL,
  `td_class3_name` char(50) collate latin1_general_ci default NULL,
  `fontface1_name` char(50) collate latin1_general_ci default NULL,
  `fontface2_name` char(50) collate latin1_general_ci default NULL,
  `fontface3_name` char(50) collate latin1_general_ci default NULL,
  `fontsize1_name` char(50) collate latin1_general_ci default NULL,
  `fontsize2_name` char(50) collate latin1_general_ci default NULL,
  `fontsize3_name` char(50) collate latin1_general_ci default NULL,
  `fontcolor1_name` char(50) collate latin1_general_ci default NULL,
  `fontcolor2_name` char(50) collate latin1_general_ci default NULL,
  `fontcolor3_name` char(50) collate latin1_general_ci default NULL,
  `span_class1_name` char(50) collate latin1_general_ci default NULL,
  `span_class2_name` char(50) collate latin1_general_ci default NULL,
  `span_class3_name` char(50) collate latin1_general_ci default NULL,
  PRIMARY KEY  (`themes_id`)
) ENGINE=MyISAM DEFAULT CHARSET=latin1 COLLATE=latin1_general_ci;

--
-- Dumping data for table `phpbb3_themes_name`
--


INSERT INTO `phpbb3_themes_name` VALUES (1,'The lightest row colour','The medium row color','The darkest row colour','','','','Border round the whole page','Outer table border','Inner table border','Silver gradient picture','Blue gradient picture','Fade-out gradient on index','Background for quote boxes','All white areas','','Background for topic posts','2nd background for topic posts','','Main fonts','Additional topic title font','Form fonts','Smallest font size','Medium font size','Normal font size (post body etc)','Quote & copyright text','Code text colour','Main table header text colour','','','');

--
-- Table structure for table `phpbb3_topics`
--

CREATE TABLE `phpbb3_topics` (
  `topic_id` mediumint(8) unsigned NOT NULL auto_increment,
  `forum_id` smallint(8) unsigned NOT NULL default '0',
  `topic_title` char(60) collate latin1_general_ci NOT NULL default '',
  `topic_poster` mediumint(8) NOT NULL default '0',
  `topic_time` int(11) NOT NULL default '0',
  `topic_views` mediumint(8) unsigned NOT NULL default '0',
  `topic_replies` mediumint(8) unsigned NOT NULL default '0',
  `topic_status` tinyint(3) NOT NULL default '0',
  `topic_vote` tinyint(1) NOT NULL default '0',
  `topic_type` tinyint(3) NOT NULL default '0',
  `topic_first_post_id` mediumint(8) unsigned NOT NULL default '0',
  `topic_last_post_id` mediumint(8) unsigned NOT NULL default '0',
  `topic_moved_id` mediumint(8) unsigned NOT NULL default '0',
  `topic_calendar_time` int(11) NOT NULL default '0',
  `topic_calendar_duration` int(11) NOT NULL default '0',
  PRIMARY KEY  (`topic_id`),
  KEY `forum_id` (`forum_id`),
  KEY `topic_moved_id` (`topic_moved_id`),
  KEY `topic_status` (`topic_status`),
  KEY `topic_type` (`topic_type`)
) ENGINE=MyISAM DEFAULT CHARSET=latin1 COLLATE=latin1_general_ci;

--
-- Dumping data for table `phpbb3_topics`
--


INSERT INTO `phpbb3_topics` VALUES (3,16,'Creer un nouveau sujet',-1,1115062899,225,7,0,0,0,36,36,0,0,0),(741,8,'Snif Award, Juin 2006',2,1150454268,700,24,0,0,0,5832,6349,0,0,0),(156,1,'Le coin des blagues',2,1127462682,226,6,0,0,0,1051,1912,0,0,0),(4,1,'MERCI RHYLEK !!!!!!',-1,1116249069,238,7,0,0,0,240,240,0,0,0),(5,8,'Quel blason pour la guilde?',2,1115237545,174,5,0,0,0,61,61,0,0,0),(6,16,'Et la partie beta du forum...???',6,1115061900,152,4,0,0,0,31,31,0,0,0),(159,24,'et si, Skyeye repond a se sujet !',3,1127485218,120,0,0,0,0,1062,1062,0,0,0),(8,1,'Need New avatar and sign',3,1116408388,184,5,0,0,0,268,268,0,0,0),(155,8,'Officiers',2,1127461400,95,0,0,0,0,1049,1049,0,0,0),(784,1,'...',145,1152089440,178,3,0,0,0,6159,6173,0,0,0),(11,8,'Quand êtes-vous connecté sur GuildWars?',2,1115218671,348,12,0,0,0,57,2118,0,0,0),(12,8,'Pour un rendez-vous hebdomadaire tous ensemble?',2,1115746682,195,5,0,0,0,192,192,0,0,0),(13,8,'Répertoire de nos persos sur GuildWars',2,1120002765,593,19,0,0,0,581,581,0,0,0),(740,19,'Retour d\'exile',-1,1150454025,237,3,0,0,0,5831,5873,0,0,0),(15,8,'La carte du monde (version béta)',2,1115222198,108,1,0,0,0,59,59,0,0,0),(16,3,'Cheater !!!!',3,1115361541,63,4,0,0,0,80,80,0,0,0),(17,14,'interressé pour entrer dans la guilde de GW \"BGT\"',-1,1124874683,1749,49,0,0,0,858,2109,0,0,0),(18,8,'Bannière GuildWars + Tag GuildWars',2,1115914409,126,2,0,0,0,216,216,0,0,0),(19,8,'La guilde remercie ses généreux membres.',2,1121180684,1228,29,0,0,1,682,6755,0,0,0),(20,2,'Heu c\'est a propos des signatures...',6,1125087548,261,4,0,0,0,871,3346,0,0,0),(21,14,'Pour les nouveaux membres',2,1115480471,354,7,0,0,0,155,155,0,0,0),(22,8,'Liste des membres sur GW',3,1115455610,228,7,0,0,0,144,144,0,0,0),(23,21,'Trousse à outils.',2,1116116365,327,7,0,0,0,231,1070,0,0,0),(24,14,'Place2Play...',6,1115394684,185,4,0,0,0,128,128,0,0,0),(25,4,'Adresse MSN',6,1123485456,369,34,0,0,0,768,9853,0,0,0),(154,24,'Rhylek',2,1127461022,178,2,0,0,0,1048,1058,0,0,0),(27,8,'Je l\'ai acheté votre jeu de ...',6,1115810955,261,8,0,0,0,202,202,0,0,0),(28,1,'crokmor is back',7,1116270326,263,7,0,0,0,245,245,0,0,0),(29,14,'Adhesion a votre Guilde',-1,1115553098,300,7,0,0,0,161,5983,0,0,0),(151,23,'Réunion des officiers BGT (21/09)',2,1127391868,98,0,1,0,0,1023,1023,0,0,0),(772,24,'Lilith de Morgul',-1,1151582737,446,13,0,0,0,6029,10175,0,0,0),(730,1,'L\'Enfer chaud ou froid?',103,1150232891,268,6,0,0,0,5777,5863,0,0,0),(153,14,'Je cherche une team',-1,1127403564,142,0,0,0,0,1033,1033,0,0,0),(34,8,'Alliance entre deux clan ;)',-1,1116062195,148,3,0,0,0,223,223,0,0,0),(35,8,'LOOOOOOOOOOOOOL... Je viens de comprendre...',6,1115968417,116,1,0,0,0,220,220,0,0,0),(36,3,'Répondez aux sondages !!!',2,1116537280,37,2,0,0,0,283,283,0,0,0),(37,8,'Candidatures pour le grade d\'officier de guilde',2,1116323045,224,4,0,0,0,255,255,0,0,0),(38,8,'Utilisation de Skype pour les parties GW',3,1117729863,238,8,0,0,0,392,392,0,0,0),(765,22,'Anciens Builds',-1,1151499722,38,2,0,0,0,5998,6031,0,0,0),(771,14,'candidature GW',177,1151576398,154,1,0,0,0,6024,6027,0,0,0),(41,1,'PSP',-1,1119210848,559,15,0,0,0,502,502,0,0,0),(42,1,'L\'histoire de la Bad Gones Team',6,1124393160,543,20,0,0,0,821,821,0,0,0),(158,8,'Les officiers pour quoi faire?',-1,1127477675,147,2,0,0,0,1057,1067,0,0,0),(352,8,'SniF Award Mars 2006',2,1140620355,691,20,1,0,0,2130,2230,0,0,0),(160,24,'presentation de moi ^^ (Banana)',-1,1127496356,125,0,0,0,0,1066,1066,0,0,0),(46,17,'Composant pour la fabrication',-1,1118581980,207,4,0,0,0,422,422,0,0,0),(727,8,'qui pour ..',-1,1150030291,289,6,0,0,0,5715,5743,0,0,0),(48,8,'Tombeau des rois',2,1117093158,122,1,0,0,0,324,324,0,0,0),(49,8,'Help me...',6,1117268333,181,6,0,0,0,332,332,0,0,0),(50,17,'Laissez une trace de ce que vous cherchez',-1,1117031378,161,3,0,0,0,321,321,0,0,0),(51,2,'Problèmes d\'inscription, de connexion, etc.',2,1117098722,120,0,0,0,2,326,326,0,0,0),(739,21,'Les différents mercenaires',2,1150452491,112,0,0,0,0,5828,5828,0,0,0),(53,15,'F1 Magny-cours',3,1117373663,297,6,0,0,0,351,1348,0,0,0),(54,17,'Composant d\'amélioration dispo pour la guilde',29,1117983228,156,1,0,0,0,402,402,0,0,0),(55,17,'Objets mauve dispo pour la guilde',29,1117410446,134,0,0,0,0,361,361,0,0,0),(56,17,'Index des prix',2,1117439252,272,1,0,0,2,362,4240,0,0,0),(57,2,'AVAST',2,1118786681,254,5,0,0,0,449,449,0,0,0),(58,8,'Premier rdv de la guilde',2,1117624211,193,5,0,0,0,386,386,0,0,0),(775,8,'stockage plus grand',129,1151734562,370,11,0,0,0,6076,6156,0,0,0),(60,1,'Roman Photo !!!',6,1119005467,162,3,0,0,0,478,478,0,0,0),(61,8,'Un p\'tit bonjour....',3,1118004358,123,2,0,0,0,406,406,0,0,0),(62,17,'La petite boutique de Rhylek',2,1118066460,211,2,0,0,0,407,2415,0,0,0),(63,17,'Souk de Kamui',-1,1117990438,158,1,0,0,0,404,1897,0,0,0),(64,8,'Conditions pour devenir Officier de Guilde',2,1121457681,320,10,0,0,0,690,690,0,0,0),(738,8,'Mise à jour du 15/06/2006',59,1150447382,153,1,0,0,0,5824,5830,0,0,0),(66,8,'Build Envouteur/Necro life leech ....Demandes avis.',-1,1118181769,179,4,0,0,0,417,417,0,0,0),(67,1,'LA bande-annonce à voir',-1,1119712072,252,7,0,0,0,550,550,0,0,0),(68,8,'Les collectionneurs',40,1118653258,95,1,0,0,0,429,429,0,0,0),(69,8,'Rendez-vous de la guilde - 13/06',2,1118681655,111,2,0,0,0,432,432,0,0,0),(70,8,'Flippez les gones, j\'arrive !!!!',20,1118692456,130,3,0,0,0,437,437,0,0,0),(161,1,'Qui veut une signature BGT?',2,1127556733,154,3,0,0,0,1075,1079,0,0,0),(72,8,'2 ptites questions pour le prix d\'une!',-1,1119291787,196,6,0,0,0,504,504,0,0,0),(73,1,'Juste un Coucou',-1,1121065680,344,11,0,0,0,661,661,0,0,0),(74,1,'PS3',-1,1121627028,260,7,0,0,0,694,694,0,0,0),(75,1,'partie membre pluque.........................',-1,1124648937,132,3,0,0,0,834,834,0,0,0),(76,2,'pour trouver help',-1,1119023375,193,2,0,0,0,488,488,0,0,0),(77,14,'BGT Myst/Saintjames',-1,1121066919,234,3,0,0,0,665,665,0,0,0),(78,1,'Petit bonjour',-1,1120488791,404,13,0,0,0,624,624,0,0,0),(79,8,'Choisir son hall (attention, bcp d\'images)',2,1121168927,584,22,0,0,0,678,678,0,0,0),(80,3,'Trombi',2,1120469351,58,3,0,0,0,621,2565,0,0,0),(81,8,'Inscription au PvP',2,1119425544,103,1,0,0,0,521,521,0,0,0),(82,22,'PvP? Comment ca marche?',2,1120985992,91,11,0,0,0,658,658,0,0,0),(83,8,'L\'île du guerrier : petit problème :(',-1,1119612371,197,6,0,0,0,545,545,0,0,0),(84,8,'HELPPPPPPP !!!!!!   BESOIN D\'AIDE !!!!!!!!!',-1,1120001879,333,12,0,0,0,579,579,0,0,0),(726,24,'fly des LJP',-1,1149984376,976,21,0,0,0,5711,5861,0,0,0),(86,8,'Résultats GvG',2,1120557257,518,21,0,0,0,627,627,0,0,0),(87,8,'Contes et Légendes',-1,1120122484,176,5,0,0,0,600,600,0,0,0),(810,27,'Liste rouge de robin leaf',59,1153480578,48,8,0,0,0,6353,6451,0,0,0),(89,1,'Inondations',2,1121065159,115,2,0,0,0,659,659,0,0,0),(90,8,'Tournoi Inter-Guilde FR du 2-3 juillet',-1,1120635227,107,0,0,0,0,633,633,0,0,0),(91,1,'YYYYYIIIIIPPPPEEEEE !!!!!',-1,1121065318,178,5,0,0,0,660,660,0,0,0),(92,8,'OIN!! HELP me!',-1,1123174366,275,9,0,0,0,757,757,0,0,0),(93,8,'Commande de Guil Wars',-1,1121067847,126,3,0,0,0,669,669,0,0,0),(94,8,'Concours',2,1121067751,127,3,0,0,0,668,668,0,0,0),(95,8,'Question sur les armures',41,1121276964,108,1,0,0,0,686,686,0,0,0),(737,8,'Tournoi de GvG interalliance',90,1150446522,709,16,0,0,0,5822,6449,0,0,0),(97,1,'Vacances !!!',3,1123178209,211,7,0,0,0,758,758,0,0,0),(565,1,'Mayouuuuuuu  j\'ai besoin de toi',-1,1145630449,105,0,0,0,0,4361,4361,0,0,0),(99,3,'essai',-1,1122456392,74,5,0,0,0,721,721,0,0,0),(101,24,'Liste des membres de la guilde (12/02/07)',2,1127122006,4598,92,0,0,1,712,9198,0,0,0),(350,8,'Charte des membres de la guilde SniF (version 2006)',2,1140611914,2244,49,1,0,0,2121,6836,0,0,0),(736,26,'Demande de retour par stick',90,1150401778,102,18,0,0,0,5815,5918,0,0,0),(104,8,'Raph nous quitte',2,1122495735,190,3,0,0,0,729,729,0,0,0),(1344,28,'Razy',220,1177485179,112,4,0,0,0,9980,10005,0,0,0),(106,8,'Tout sur skype.',2,1125435107,843,21,0,0,0,879,5944,0,0,0),(107,8,'Réunion bimensuelle des officiers',2,1123751969,459,14,0,0,0,787,2057,0,0,0),(108,1,'RECHERCHE CITE DES VIDEO DE JEU',-1,1122708641,123,1,0,0,0,733,733,0,0,0),(109,1,'Retour en force...',6,1122842900,165,4,0,0,0,741,741,0,0,0),(110,21,'Carte',20,1123004993,177,5,0,0,0,751,751,0,0,0),(725,8,'Vos Niveau de Chasseuse d\'Elite',29,1149968170,220,5,0,0,0,5709,5731,0,0,0),(112,15,'Rdv comme ca, pendant les vacances',3,1123445487,232,5,0,0,0,767,1297,0,0,0),(113,1,'Je me fait ...',3,1124057229,154,2,0,0,0,804,804,0,0,0),(114,17,'La petite boutique de Nighty',29,1123666855,242,2,0,0,0,784,1276,0,0,0),(115,1,'mess psp',-1,1123876977,96,0,0,0,0,795,795,0,0,0),(116,8,'GuildWars??',-1,1124452578,236,6,0,0,0,822,822,0,0,0),(117,2,'Partage connexion PS2-PC avec free',8,1124369882,177,3,0,0,0,820,820,0,0,0),(147,16,'Nouveau site (version de test)',2,1127249956,206,4,0,0,0,1015,1015,0,0,0),(119,1,'N\'ayez pas peur..',3,1124744864,173,5,0,0,0,850,850,0,0,0),(728,8,'Changement d\'adresse du serveur ts',59,1150093297,212,5,0,0,0,5725,5741,0,0,0),(724,8,'Une nouvelle émote ?',161,1149951561,180,2,0,0,0,5706,5708,0,0,0),(783,1,'esque tu viens pour les vancance?',145,1152087639,306,8,0,0,0,6157,6185,0,0,0),(123,1,'Signature (rhylek au pied!)',-1,1125336241,476,15,0,0,0,873,1370,0,0,0),(125,8,'Weekend PVP Extreme',2,1124801239,96,1,0,0,0,855,855,0,0,0),(126,1,'Erreur de communication psp !',-1,1124983754,129,2,0,0,0,867,867,0,0,0),(127,1,'Modif pour jeux ps2',7,1125336470,102,1,0,0,0,874,874,0,0,0),(566,21,'Identifier sans kit les objets rares...',2,1145638632,181,0,0,0,0,4366,4366,0,0,0),(129,8,'Résultats GvG',2,1125477278,73,0,0,0,0,882,882,0,0,0),(558,8,'Les rendez-vous instructifs du mercredi soir.',90,1145369622,211,4,0,0,0,4232,4533,0,0,0),(762,4,'liens manga release',129,1151360500,56,4,0,0,0,5969,8620,0,0,0),(132,8,'Votre nombre max de victoire en PVP',-1,1125821212,386,11,0,0,0,895,1275,0,0,0),(133,8,'Attention à la nouvelle mise à jour',2,1125913333,71,0,0,0,0,896,896,0,0,0),(134,8,'Besoin d\'aide?',2,1126247218,66,0,0,0,0,897,897,0,0,0),(135,8,'Réunion mensuelle des officiers',2,1126534207,199,8,0,0,0,915,915,0,0,0),(136,8,'Nouvelles missions de la maj.',2,1126372874,82,1,0,0,0,907,907,0,0,0),(860,8,'Guild Wars : Nightfall',-1,1156586683,176,3,0,0,0,6812,6834,0,0,0),(138,8,'Etes-vous satisfait de notre cape?',2,1127067999,699,27,0,0,0,966,1064,0,0,0),(139,16,'Etes-vous satisfait du site web?',2,1127156587,789,24,0,0,0,1005,3322,0,0,0),(140,1,'retour',-1,1127142228,351,9,0,0,0,1001,1378,0,0,0),(141,8,'La guilde AWT se joint à nous.',2,1127136864,364,12,0,0,0,997,1182,0,0,0),(142,8,'RAPPEL : réunion des officiers mercredi 21 à 18h00 sur MSN',2,1127124067,133,3,0,0,0,994,994,0,0,0),(152,8,'Proposez vos capes',2,1127401213,244,7,0,0,0,1026,1157,0,0,0),(144,22,'Tactiques pour le GvG',2,1127121884,35,1,0,0,0,988,988,0,0,0),(761,2,'Question',87,1151326299,179,2,0,0,0,5964,5978,0,0,0),(1343,8,'Proposition',266,1177478466,125,6,0,0,0,9977,9998,0,0,0),(148,23,'Ouverture du nouveau site.',2,1127383975,89,0,1,0,0,1018,1018,0,0,0),(149,16,'Nouveau site : remarques',2,1127384394,640,16,0,0,1,1019,1165,0,0,0),(955,8,'Nighfall : sortie',108,1161843577,179,5,0,0,0,7899,7926,0,0,0),(1342,23,'Mise à jour - 21 avril 2007',29,1177408003,53,0,0,0,0,9976,9976,0,0,0),(953,31,'Haloween',84,1161787963,724,19,1,0,0,7882,7984,0,1162321260,0),(1341,21,'Farm points de lancier du soleil',176,1177256748,91,2,0,0,0,9970,9974,0,0,0),(951,8,'Nos Moments De Jeux Sur GW',156,1161716109,191,7,0,0,0,7862,7919,0,0,0),(950,26,'Certains gagnants n\'ont pas reçu leur lot.',2,1161713660,51,15,0,0,0,7861,7949,0,0,0),(949,3,'Merci',2,1161703612,36,4,0,0,0,7859,7889,0,0,0),(948,26,'Nightfall',101,1161647911,30,9,0,0,0,7846,7858,0,0,0),(947,8,'nouvelle competences ou incompetences?',195,1161511229,173,3,0,0,0,7827,7893,0,0,0),(946,31,'&quot;WANTED&quot; Foulmen VS Rhylek (chef attention à toi ^',90,1161509569,147,0,1,0,0,7825,7825,0,0,0),(945,8,'&quot;WANTED&quot; vient défier le joueur de ton choix',90,1161462191,1117,35,0,0,0,7815,8407,0,0,0),(944,26,'Petit jeu sympa qui peut se faire IG?',90,1161436290,45,12,0,0,0,7801,7835,0,0,0),(1007,8,'Cape du mois de janvier',2,1165001561,670,22,0,1,0,8383,8749,0,0,0),(1005,22,'parangon flag',107,1164835647,28,0,0,0,0,8370,8370,0,0,0),(1018,31,'Sortie Drop Elite NF',90,1165841708,260,4,1,0,0,8468,8494,0,1166301000,0),(1003,22,'Parangon Hoh',90,1164728999,42,4,0,0,0,8356,8362,0,0,0),(1340,3,'gros coup de gueule',266,1177175022,89,6,1,0,0,9962,9988,0,0,0),(1145,21,'Info : Récompenses de Quête (Nightfall)',29,1169799415,173,0,0,0,0,9072,9072,0,0,0),(1000,27,'Eragon Numenorien',94,1164452946,52,12,0,0,0,8305,8352,0,0,0),(1006,8,'Question',108,1164970085,115,3,0,0,0,8374,8379,0,0,0),(183,23,'La cape',2,1127636636,109,0,1,0,0,1101,1101,0,0,0),(184,21,'armur 15k',-1,1127637205,198,3,0,0,0,1102,2620,0,0,0),(185,8,'VOTEZ ICI POUR LA CAPE',2,1127641816,1409,36,1,0,0,1106,1318,0,0,0),(1349,21,'Info : Les différents Kits (ou Nécessaires)',29,1177579891,99,1,0,0,0,10003,10019,0,0,0),(997,34,'Analyse du dernier match (23/11/06)',2,1164332315,43,6,0,0,0,8258,8335,0,0,0),(1310,28,'foulmen',145,1176368131,128,6,0,0,0,9827,9865,0,0,0),(189,22,'Vos perso GVG PVP',-1,1127649458,40,5,0,0,0,1115,1145,0,0,0),(190,17,'Crée une brocante',-1,1127655845,328,8,0,0,0,1124,1272,0,0,0),(729,17,'Rhylek recherche',2,1150227555,226,3,0,0,0,5769,5786,0,0,0),(192,16,'petite question à propos du style guild wars',-1,1127671187,404,11,0,0,0,1146,1576,0,0,0),(193,16,'Pas besoin de recréer un compte si vous êtiez déjà inscrit..',2,1127721011,118,0,0,0,0,1162,1162,0,0,0),(194,22,'IWAY',2,1127721567,40,1,0,0,0,1163,1168,0,0,0),(195,8,'les absences',-1,1127750352,206,4,0,0,0,1171,1736,0,0,0),(196,1,'Roberto Pichot lit la &quot;Rité&quot;',-1,1127760092,206,5,0,0,0,1175,1181,0,0,0),(197,3,'La vie de la guilde en général, ses officiers en particulier',15,1127893165,226,25,0,0,0,1199,1288,0,0,0),(995,8,'Tournoi PvP 3 vs 3 Interalliance',29,1164277164,73,0,1,0,0,8245,8245,0,0,0),(994,3,'je part bientot',195,1164215634,233,18,0,0,0,8226,8313,0,0,0),(993,8,'Cape du mois de décembre',2,1164199640,733,20,0,1,0,8208,8540,0,0,0),(992,8,'SniF Award du mois de novembre',2,1164198364,1070,39,0,0,0,8207,8789,0,0,0),(991,26,'Retour de ashram archeon',29,1164183220,34,6,0,0,0,8197,8262,0,0,0),(1144,21,'Info : Récompenses de Quête (Faction)',29,1169729442,155,2,0,0,0,9065,9067,0,0,0),(989,26,'Nouvel officier?',2,1164128293,70,11,0,0,0,8173,8430,0,0,0),(988,26,'Départ de Khaldryck',41,1164113864,37,10,0,0,0,8161,8199,0,0,0),(987,26,'Le virus T (Resident evil)',2,1164109476,103,25,0,0,0,8158,8250,0,0,0),(207,22,'Conseils',2,1127895749,33,5,0,0,0,1210,1248,0,0,0),(208,24,'Goret',2,1127901763,287,7,0,0,0,1215,1322,0,0,0),(209,24,'Darky',2,1127901865,121,0,0,0,0,1216,1216,0,0,0),(210,24,'Remix',2,1127901927,237,6,0,0,0,1217,1262,0,0,0),(211,24,'Darkag',2,1127902012,97,0,0,0,0,1219,1219,0,0,0),(212,24,'Bonoa',2,1127902059,99,0,0,0,0,1220,1220,0,0,0),(213,24,'Dany',2,1127902120,113,0,0,0,0,1221,1221,0,0,0),(214,24,'Noxus',2,1127902182,144,1,0,0,0,1222,1300,0,0,0),(215,17,'raph boutik',-1,1127903243,131,0,0,0,0,1225,1225,0,0,0),(216,1,'Connait ; connait pas....',-1,1128091247,451,13,0,0,0,1279,1450,0,0,0),(753,26,'Modifications au niveaux des serveurs ts.',59,1150958403,39,7,0,0,0,5931,6042,0,0,0),(218,8,'petit sujet ore sujet ^^',-1,1128092286,335,9,0,0,0,1281,1844,0,0,0),(219,24,'raph',-1,1128107356,152,1,0,0,0,1290,1296,0,0,0),(220,8,'la MAJ du 30/09',-1,1128166552,106,0,0,0,0,1305,1305,0,0,0),(221,8,'VOTEZ ICI POUR LA CAPE (2nd TOUR)',2,1128280322,852,22,0,0,0,1320,1410,0,0,0),(556,21,'Build élémentaliste air',59,1145363233,127,0,0,0,0,4224,4224,0,0,0),(223,8,'absence plus ou moins longue',-1,1128415137,173,2,0,0,0,1337,1344,0,0,0),(224,8,'coup de geule',-1,1128446399,245,4,0,0,0,1346,1384,0,0,0),(225,21,'items verts',-1,1128507191,206,3,0,0,0,1350,1377,0,0,0),(226,8,'Et la nouvelle cape est ....',2,1128530051,793,19,0,0,0,1360,1392,0,0,0),(351,23,'Nouvelle charte pour la guilde + recensement.',2,1140619842,125,0,1,0,0,2128,2128,0,0,0),(228,8,'je tenais a vous prevenir .',-1,1128545290,189,3,0,0,0,1374,1399,0,0,0),(229,23,'Séparation BGT-AWT',2,1128702277,106,0,1,0,0,1394,1394,0,0,0),(230,8,'Séparation BGT-AWT',2,1128703793,258,8,0,0,0,1395,1408,0,0,0),(232,8,'Tous au Tombeau 3',2,1128758814,92,0,0,0,0,1407,1407,0,0,0),(233,24,'Ikiryo Berzeker',-1,1128859526,186,3,0,0,0,1411,1414,0,0,0),(412,17,'Cherche Mandibules de jade',59,1142593422,162,2,0,0,0,2926,2961,0,0,0),(235,1,'J\'ai gagné !!!',2,1128965451,369,11,0,0,0,1416,1506,0,0,0),(236,17,'La boutique de Khaldryck',41,1129033446,138,0,0,0,0,1419,1419,0,0,0),(237,1,'World Cyber Games France 2005',-1,1129056632,69,0,0,0,0,1422,1422,0,0,0),(238,17,'vends tres bel arc',-1,1129209844,348,10,0,0,0,1431,1442,0,0,0),(239,1,'Petit coucou',-1,1129326919,117,1,0,0,0,1445,1449,0,0,0),(240,24,'Illidan Moonlight',84,1129361601,477,13,0,0,0,1448,2758,0,0,0),(241,21,'création d\'un perso GW :?:',84,1129381949,386,11,0,0,0,1454,3839,0,0,0),(242,1,'Pour les fans de RP',-1,1129633547,209,4,0,0,0,1461,1471,0,0,0),(243,22,'On change le jour du rdv GvG?',2,1129651038,27,2,0,0,0,1462,1625,0,0,0),(244,19,'o secour',-1,1129722181,311,6,0,0,0,1464,1496,0,0,0),(245,2,'probleme perso',-1,1129750627,209,3,0,0,0,1472,1502,0,0,0),(752,1,'Petit Merci',103,1150744482,121,0,0,0,0,5908,5908,0,0,0),(247,1,'Petite sudgestion',-1,1129915215,421,14,0,0,0,1480,1497,0,0,0),(248,1,'Playstation 2 magazine',3,1129975076,119,1,0,0,0,1486,1553,0,0,0),(250,21,'Build pour farmer en Masse avec un guerrier moine',-1,1130013581,245,3,0,0,0,1503,3111,0,0,0),(251,21,'Build pour passer lornar ^^',-1,1130013885,111,0,0,0,0,1504,1504,0,0,0),(252,16,'Forum nouvelles ?',84,1130137449,146,1,0,0,0,1507,1508,0,0,0),(345,21,'build farm ele/env',-1,1140450819,129,0,0,0,0,2104,2104,0,0,0),(254,1,'Quand ?',84,1130161127,1083,35,0,1,0,1510,2451,0,0,0),(255,21,'Cartes',2,1130171641,118,1,0,0,0,1511,2296,0,0,0),(819,21,'Localisation d\'élite faction + objet vert des boss',156,1154030703,154,1,0,0,0,6414,6687,0,0,0),(986,31,'Week-end spécial objets verts',186,1163693372,215,2,1,0,0,8134,8138,0,1163797200,215939),(258,4,'swap magic',-1,1130437250,181,23,0,0,0,1530,1798,0,0,0),(259,16,'Rubrique Screenshots dans l\'album photo.',2,1130487204,146,1,0,0,0,1533,1589,0,0,0),(751,21,'Team Spike Rt',2,1150709627,133,0,0,0,0,5899,5899,0,0,0),(261,8,'La cape',2,1131039896,439,13,0,1,0,1561,1845,0,0,0),(262,21,'Build pour farmer avec un rodeur trappeur.',2,1131535988,179,3,0,0,0,1586,2036,0,0,0),(263,23,'Le championnat BGT sur PES5 (PS2) va bientôt commencer.',2,1131539092,103,0,1,0,0,1588,1588,0,0,0),(264,22,'Build GVG 8 Moine',-1,1131712697,34,2,0,0,0,1591,1606,0,0,0),(265,22,'Build Spiker GVG/Pantheon',-1,1131827367,36,6,0,0,0,1593,1601,0,0,0),(746,21,'G/Env pour farmer la fissure',2,1150632756,165,1,0,0,0,5886,6407,0,0,0),(723,26,'Prise de contrôle d\'une ville : mon avis',2,1149936708,43,8,0,0,0,5704,5776,0,0,0),(268,22,'Nouveau build',-1,1132320001,19,1,0,0,0,1609,1610,0,0,0),(269,3,'Il est beau notre gouvernement!!!',7,1132405193,27,1,0,0,0,1611,1622,0,0,0),(722,8,'Cape du mois de Juillet',2,1149932287,846,19,0,1,0,5703,5997,0,0,0),(745,21,'Moine /envout 600 hp',2,1150623977,144,0,0,0,0,5885,5885,0,0,0),(272,23,'Le championnat BGT sur PES5 (PS2) est commencé.',2,1132588201,103,0,1,0,0,1620,1620,0,0,0),(273,19,'demande',-1,1133031264,330,8,0,0,0,1626,8397,0,0,0),(985,22,'Moine Protect (AoE + Escape)',2,1163692260,47,2,0,0,0,8131,8141,0,0,0),(984,22,'Moine Lumière divine (Blessed light) hybride',2,1163687985,46,1,0,0,0,8129,8130,0,0,0),(983,22,'Moine Blessed Escaper',2,1163686648,31,0,0,0,0,8128,8128,0,0,0),(982,22,'Moine Parole (WOH)',2,1163509160,67,0,0,0,0,8122,8122,0,0,0),(981,22,'Pyromancien Soutien',2,1163425632,94,4,0,0,0,8119,8124,0,0,0),(279,23,'Reprise des GvG',2,1133257752,108,0,1,0,0,1639,1639,0,0,0),(280,25,'Projet de film et oui de film !!!!!',-1,1133456837,125,0,0,0,0,1644,1644,0,0,0),(281,1,'Rotor Le Guerriseur , Archimage Tomsadoum , Rotor LeRodeur!!',-1,1134000733,130,3,0,0,0,1648,1652,0,0,0),(282,18,'Listes des guildes pour les matchs amicaux',2,1134038165,151,0,0,0,2,1650,1650,0,0,0),(284,4,'jouer a vos backup online',-1,1134660379,108,10,0,0,0,1674,4364,0,0,0),(285,1,'BGT sur Nantes',3,1134756316,246,7,0,0,0,1678,1729,0,0,0),(744,8,'Mise a jour 16 juin',103,1150522228,154,1,1,0,0,5868,5871,0,0,0),(287,1,'Noël',84,1135428341,109,1,0,0,0,1731,1732,0,0,0),(1339,24,'tsubatsa',266,1177173199,165,6,0,0,0,9960,9975,0,0,0),(289,22,'Build Moine Protect Linker',-1,1135900642,31,0,0,0,0,1745,1745,0,0,0),(716,26,'Tournoi de GvG sympathique',90,1149754333,57,10,0,0,0,5648,5754,0,0,0),(291,1,'Bonne année',3,1136110107,141,3,0,0,0,1755,1760,0,0,0),(743,1,'Probleme de PC',103,1150473245,183,4,0,0,0,5859,6229,0,0,0),(293,1,'Nouveau nom',84,1136375216,137,2,0,0,0,1761,1764,0,0,0),(742,1,'[Humour] Camping',112,1150458656,143,1,0,0,0,5839,5864,0,0,0),(295,1,'Testez Guildwars gratuitement le weekend du 20 au 22/01/06',2,1137233975,70,0,0,0,0,1781,1781,0,0,0),(296,8,'nouvelle team c\'est bien...',20,1138215795,158,4,0,0,0,1797,1803,0,0,0),(297,26,'Suggestion pour la chartre des membres',94,1138820635,24,3,0,0,0,1808,1832,0,0,0),(298,26,'Projet de charte des officiers',2,1139048349,43,9,0,0,0,1811,1997,0,0,0),(299,26,'Projet de charte des utilisateurs',2,1139049843,70,12,0,0,0,1813,4404,0,0,0),(300,21,'Manuel du parfait petit moine Farm^^',90,1139055105,113,0,0,0,0,1817,1817,0,0,0),(301,8,'Remplacement d\'un officier',2,1139059957,103,1,0,0,0,1818,1820,0,0,0),(302,26,'Recensement 2006',90,1139069794,17,0,0,0,0,1821,1821,0,0,0),(303,17,'||||| Bazar de Mandras |||||',-1,1139100759,139,0,0,0,0,1828,1828,0,0,0),(304,21,'Build pour farmer L\'UW avec un Necro SS/SV',90,1139101150,999,27,0,0,0,1829,3250,0,0,0),(305,17,'La caverne des merveilles de Jin',90,1139156475,877,25,1,0,0,1834,9059,0,0,0),(306,8,'Depart',-1,1139163180,527,16,0,0,0,1838,1894,0,0,0),(307,26,'Réaménagement du Forum GuildWars',29,1139178262,88,20,0,0,0,1843,2893,0,0,0),(308,8,'Recensement et Présentation des membres de la guilde',90,1139179148,867,20,0,0,0,1848,2641,0,0,0),(309,17,'Prix des items verts de la Fournaise',90,1139187219,278,0,0,0,2,1857,1857,0,0,0),(853,1,'la patate (une idée de dreaming is shade^^)',145,1155635327,162,3,0,0,0,6703,6735,0,0,0),(311,17,'Prix des items verts du tombeau des rois',90,1139218097,328,5,0,0,2,1859,5549,0,0,0),(312,26,'Recrutement de membres',90,1139230190,19,2,0,0,0,1873,1901,0,0,0),(313,8,'un peu d\'aide?',-1,1139237778,232,8,0,0,0,1883,1921,0,0,0),(314,8,'Sondage si OUI ou NON pour changer de Hall de Guilde',-1,1139252828,665,18,0,1,0,1889,2141,0,0,0),(315,17,'Les Requêtes du vieux Marché...',-1,1139275494,123,1,0,0,0,1898,1899,0,0,0),(316,26,'&quot;SNIF AWARDS&quot;',90,1139303237,300,56,0,1,0,1905,5673,0,0,0),(317,21,'Les quêtes à 15 points de caractéristique',90,1139303889,233,3,0,0,0,1908,6985,0,0,0),(318,8,'Une signature?',2,1139316185,182,4,0,0,0,1914,1947,0,0,0),(980,8,'Résultats des sondages sur l\'alliance',2,1163423358,100,0,0,0,0,8118,8118,0,0,0),(320,3,'Elle est ou .... ???',8,1139339123,99,14,0,0,0,1923,1986,0,0,0),(321,19,'SocomWorld.info',-1,1139339734,142,0,0,0,0,1925,1925,0,0,0),(755,8,'Festival du dragon',2,1151137158,167,3,0,0,0,5943,5949,0,0,0),(323,21,'Trucs et astuces - Le sommaire',2,1139395294,522,0,1,0,2,1933,1933,0,0,0),(324,8,'Excursions en Fournaise, Fissure, UW, UW2',59,1139397276,165,3,0,0,0,1935,2007,0,0,0),(325,8,'Videos',-1,1139403182,214,4,0,0,0,1936,1965,0,0,0),(326,14,'Demande d\'invitation pour entrer dans SNIF',108,1139487191,445,9,0,0,0,1953,2027,0,0,0),(782,1,'départ possible',-1,1151999992,435,9,0,0,0,6118,6141,0,0,0),(328,8,'Guildwars factions : beta-test et pré-commande.',59,1139556074,134,2,0,0,0,1972,2008,0,0,0),(791,26,'Encore un &quot;cas&quot;',2,1152281093,43,8,0,0,0,6202,6227,0,0,0),(330,21,'Farm Underworl avec 2 Rodeur Trap',108,1139578770,121,2,0,0,0,1979,1981,0,0,0),(332,21,'Mélanges de couleurs',2,1139689708,1053,25,0,0,0,1995,5106,0,0,0),(333,8,'un coucou des LJP',-1,1139735975,815,19,0,0,0,2003,5675,0,0,0),(334,21,'Builds rodeur',59,1139815340,163,3,0,0,0,2030,2095,0,0,0),(554,8,'le lader fonctionne t\'il vraiment???',129,1145345061,153,3,0,0,0,4215,4223,0,0,0),(336,17,'Recherche corde d\'arc incendiaire',108,1139903093,135,1,0,0,0,2049,2058,0,0,0),(337,26,'Le cas Mandras',2,1139918352,47,8,0,0,0,2052,3446,0,0,0),(770,14,'Postulation pour la guilde GW',176,1151574447,984,29,0,0,0,6016,6075,0,0,0),(339,17,'Vends épée de dragon de glace.',2,1139942729,201,2,0,0,0,2062,2202,0,0,0),(340,21,'Offrandes de Balthazar',2,1139943262,146,3,0,0,0,2063,2074,0,0,0),(341,25,'La Sagesse d\'un Prophete',103,1140055457,252,6,0,0,0,2077,2099,0,0,0),(1338,24,'Aio',271,1177110705,118,4,0,0,0,9955,9959,0,0,0),(343,26,'Proposition de nouvel officier de la guilde.',90,1140130595,18,3,0,0,0,2087,2098,0,0,0),(344,8,'Elementaliste : Aide',108,1140187590,171,4,0,0,0,2088,2101,0,0,0),(346,16,'Tableau de resultat GVG?!?',103,1140498041,168,2,0,0,0,2108,2113,0,0,0),(347,8,'Trailer Faction',59,1140507949,120,1,0,0,0,2111,2189,0,0,0),(348,19,'de retour :p',-1,1140611250,290,6,0,0,0,2119,4996,0,0,0),(349,8,'Charte des officiers (version 2006)',2,1140611331,442,9,0,0,2,2120,9197,0,0,0),(353,26,'La Chambre des Officiers n\'est pas dans la liste déroulante',29,1140706338,16,4,0,0,0,2153,2164,0,0,0),(354,21,'Votre avis sur : ce team a UW2',108,1140766073,438,12,0,0,0,2166,2256,0,0,0),(355,8,'Armures Guildwars Faction',59,1140785318,327,11,0,0,0,2183,2642,0,0,0),(356,17,'Cherche hache',112,1140795014,195,4,0,0,0,2197,2444,0,0,0),(357,8,'Felicitation! Vous avez finalement fini par finir (^_~)',103,1140832899,426,12,0,0,0,2215,2301,0,0,0),(552,14,'Tsss on m\'a poussé',-1,1145227894,622,13,0,0,0,4196,4684,0,0,0),(359,22,'Quelques build GvG',101,1140864755,54,5,0,0,0,2233,2243,0,0,0),(360,21,'Build Moine &quot;Bounder&quot; Fournaise.',103,1140877922,86,0,0,0,0,2238,2238,0,0,0),(807,23,'Avant-première de l\'épisode 3',2,1153248419,120,0,0,0,0,6325,6325,0,0,0),(362,21,'Défendre la kryte.',59,1141027429,323,10,0,0,0,2253,2270,0,0,0),(363,1,'[jeux] Enigmes....',112,1141057302,953,30,0,0,0,2273,2614,0,0,0),(364,21,'Veuve noire',59,1141116520,312,7,0,0,0,2283,2368,0,0,0),(852,21,'PvP - R/N - Rodeur touchette',2,1155566036,119,0,0,0,0,6700,6700,0,0,0),(366,8,'Sondage GvG et PvE en Guilde !',29,1141130814,705,22,0,1,0,2297,2360,0,0,0),(367,21,'Quêtes de l\'Outremonde [UPDATE 14/03/2006]',59,1141137325,621,15,0,0,0,2303,2657,0,0,0),(368,3,'Levez-vous de sur votre culs et participer',103,1141175366,123,15,0,0,0,2306,2374,0,0,0),(369,8,'UW2 en team Rodeur / Pet / barrage',108,1141198479,332,9,0,0,0,2308,2330,0,0,0),(370,8,'Résultats du Snif Award Mars 2006',2,1141205478,254,8,0,0,0,2313,2364,0,0,0),(371,8,'Planning de ce Weekend',59,1141222056,268,9,0,0,0,2345,2403,0,0,0),(372,3,'Prostitution et orgies les Vendredis',103,1141341345,114,12,0,1,0,2375,2436,0,0,0),(373,8,'Ca serait bien...',101,1141372232,402,13,0,0,0,2379,2475,0,0,0),(374,8,'Mise à jour',59,1141378569,97,0,0,0,0,2387,2387,0,0,0),(375,8,'Videos à la con',59,1141384177,573,15,0,0,0,2391,3412,0,0,0),(376,8,'Recherche objet de collectionneur',108,1141387705,203,4,0,0,0,2392,2507,0,0,0),(377,21,'Nouvel objet vert',59,1141392098,246,6,0,0,0,2398,2430,0,0,0),(378,8,'Conséquences de la MAJ du 2 mars 2006',2,1141478429,142,3,0,0,0,2412,2428,0,0,0),(379,21,'Farmer la fissure avec un Guerrier',2,1141483827,110,0,0,0,0,2413,2413,0,0,0),(380,2,'Probleme d\'image',103,1141779766,167,2,0,0,0,2452,2458,0,0,0),(381,21,'La Quête : Assault final',29,1141895674,391,11,0,0,0,2461,2479,0,0,0),(382,8,'Signature GW',2,1141918140,694,21,0,0,0,2481,3097,0,0,0),(383,8,'Interaction via le Forum',29,1141982588,553,17,0,1,0,2487,2525,0,0,0),(384,21,'Farm au palais de Wittman avec un R/M',108,1141990817,132,1,0,0,0,2497,2499,0,0,0),(385,8,'Date de Sortie de Faction confirmée',108,1141991053,753,19,0,0,0,2498,2613,0,0,0),(386,8,'Update GW du 09/03/2006',59,1142002453,163,4,0,0,0,2512,2533,0,0,0),(387,21,'Fissure du Malheur',59,1142005248,498,13,0,0,0,2515,2578,0,0,0),(548,8,'Boire un petite verre c\'est agréable ...',59,1145028403,272,8,1,0,0,4156,4220,0,0,0),(979,22,'derviche lancier',195,1163352050,26,0,0,0,0,8117,8117,0,0,0),(873,17,'Cherche racines de dragon',59,1157463992,99,0,0,0,0,7005,7005,0,0,0),(391,8,'Galerie Photo Pour Stocker Bannières et Avatars',29,1142075806,145,2,0,0,0,2541,2554,0,0,0),(392,26,'Nettoyage de printemps',90,1142099385,26,3,0,0,0,2546,2585,0,0,0),(393,3,'Coups de coeur',103,1142131264,405,33,0,0,0,2563,6258,0,0,0),(394,1,'Comment se faire un GW video',103,1142139124,149,1,0,0,0,2566,2568,0,0,0),(395,26,'Un officier montré du doigt',90,1142242621,26,2,0,0,0,2583,2587,0,0,0),(396,23,'Respect de la charte aka Opération &quot;Nettoyage de printe',2,1142254699,112,0,1,0,0,2588,2588,0,0,0),(397,23,'Reprise des béta-tests PS2.',2,1142254893,101,0,1,0,0,2589,2589,0,0,0),(398,1,'Jeu de suite logique',90,1142269177,20024,709,0,0,0,2604,5558,0,0,0),(399,21,'Petit conseil pas utile de la semaine',112,1142274815,661,17,0,0,0,2609,5068,0,0,0),(400,8,'Bug du 13 mars 2006',59,1142328532,184,7,0,0,0,2658,2694,0,0,0),(401,26,'Groupes d\'utilisateurs',29,1142417412,25,6,0,0,0,2723,2803,0,0,0),(402,26,'Accès officier',90,1142419757,35,9,0,0,0,2736,2806,0,0,0),(403,8,'La sortie du vendredi soir',90,1142428141,887,33,0,0,0,2750,2942,0,0,0),(404,8,'Le coffre perdu',90,1142440435,895,30,0,0,0,2810,3297,0,0,0),(405,1,'Samedi 18 Mar Promo party',103,1142520527,249,7,0,0,0,2876,2986,0,0,0),(406,21,'Build Moine Tank pour farmer l\'UW en duo avec un N ss/sv',90,1142524051,296,7,0,0,0,2883,2958,0,0,0),(407,1,'[humour] Complainte d\'un français',112,1142526366,272,3,0,0,0,2889,7227,0,0,0),(408,21,'necromancie/envouteur...',129,1142540919,300,7,0,0,0,2903,3588,0,0,0),(409,17,'lien vers le Ebay de guild wars',129,1142541116,124,0,0,0,0,2904,2904,0,0,0),(410,1,'[humour] Ah ces Américains.......',112,1142541226,145,2,0,0,0,2905,2908,0,0,0),(411,26,'Je dis non au SMS!!!',103,1142556216,46,9,0,0,0,2910,3080,0,0,0),(790,2,'Screenshots',103,1152273095,419,10,0,0,0,6198,6271,0,0,0),(795,21,'Build du Moine Exceptionnel (^_^)',103,1152643844,198,3,0,0,0,6262,6266,0,0,0),(415,21,'Tuto pour farmer avec un Rodeur Tir de Barrage',59,1142602944,340,4,0,0,0,2940,6778,0,0,0),(416,25,'Une p\'tite bière!?',112,1142629924,189,3,0,0,0,2953,2979,0,0,0),(417,8,'Miroir',84,1142701650,126,1,0,0,0,2968,2970,0,0,0),(418,8,'gvg du 18 mars',129,1142717853,113,2,0,0,0,2971,2978,0,0,0),(419,17,'cherche baton de feu',129,1142784732,159,3,0,0,0,2987,3113,0,0,0),(420,2,'telecharger Teamspeak',129,1142800898,97,2,1,0,1,2988,3083,0,0,0),(421,8,'Mon 1er drop d\'item vert',108,1142848556,726,21,0,0,0,2993,3174,0,0,0),(422,8,'Problème de performances ?',59,1142851654,85,0,0,0,0,3001,3001,0,0,0),(978,22,'le derviche en parade',195,1163334603,22,0,0,0,0,8116,8116,0,0,0),(977,22,'Rôdeur Flag',2,1163167524,42,0,0,0,0,8109,8109,0,0,0),(976,14,'Recrutement dans votre Guilde',200,1163158640,247,8,0,0,0,8100,8284,0,0,0),(975,1,'Un chanson cool',87,1163147349,298,9,0,0,0,8096,8273,0,0,0),(974,22,'Nécro Soutien Mana',2,1163096380,70,1,0,0,0,8090,8091,0,0,0),(973,33,'Build que nous comptons jouer',2,1163077654,105,7,1,0,0,8066,8147,0,0,0),(972,22,'Assassin Décharge arachnéïde',2,1163076574,67,0,0,0,0,8065,8065,0,0,0),(971,3,'Merci Jin et Gaby',41,1163074872,42,5,0,0,0,8064,8103,0,0,0),(970,26,'Tarma juste pour info',90,1163069400,45,7,0,0,0,8063,8112,0,0,0),(969,31,'Points de Récompenses doublés dans les Arènes',186,1162978139,213,2,1,0,0,8049,8058,0,1163196000,215939),(968,14,'Cherche guilde xP',199,1162938537,240,7,0,0,0,8045,8083,0,0,0),(967,8,'Rubis, Saphir,Diamant pour info',90,1162919891,100,0,0,0,0,8044,8044,0,0,0),(435,8,'Question a 2 balles',108,1142926231,180,4,0,0,0,3084,3092,0,0,0),(436,8,'Vendredi soirée spéciale',90,1142952389,328,12,0,0,0,3119,3215,0,0,0),(437,21,'Quel est votre level? Ici la réponse!!',112,1142959377,182,2,0,0,0,3136,3277,0,0,0),(794,8,'LAN Guild Wars',90,1152541922,131,1,0,0,0,6236,6251,0,0,0),(439,1,'[HUMOUR] recette de Poppu le cuistot :D',129,1142972968,123,2,0,0,0,3142,3169,0,0,0),(767,24,'Fitsu Itsumi',-1,1151524814,132,0,0,0,0,6008,6008,0,0,0),(441,21,'Farm UW en solo avec un M/G',90,1143016268,501,11,0,0,0,3167,3234,0,0,0),(442,23,'Surprise sur le site.',2,1143026630,122,0,1,0,0,3211,3211,0,0,0),(443,8,'Infos pré-commande de factions',59,1143030581,86,1,0,0,0,3216,3306,0,0,0),(444,23,'Surprise sur le site ----&gt; Le ChatBox',2,1143030786,118,0,1,0,0,3217,3217,0,0,0),(445,8,'The Teinture Noire',90,1143035909,623,17,0,0,0,3251,4212,0,0,0),(446,8,'Un petit jeu',101,1143110880,89,0,0,0,0,3300,3300,0,0,0),(447,8,'Video Faction',59,1143117415,72,0,0,0,0,3305,3305,0,0,0),(448,8,'les nouvelles quetes disponibles!!!',129,1143133086,99,1,0,0,0,3321,3325,0,0,0),(449,8,'Mise à jour - 23 mars 2006',129,1143160121,90,0,0,0,0,3332,3332,0,0,0),(450,1,'Nouvelle photo dans le trombinoscope',41,1143194229,96,0,0,0,0,3333,3333,0,0,0),(451,1,'Mais où est-il passé ??????',-1,1143217717,208,4,0,0,0,3336,3750,0,0,0),(966,8,'Question recrutement',108,1162907788,158,3,0,0,0,8042,8102,0,0,0),(965,22,'Envouteur Virulence',2,1162643193,209,10,0,0,0,8035,8406,0,0,0),(964,23,'Grand référendum pour l\'alliance',2,1162387383,178,0,0,0,0,8016,8016,0,0,0),(963,31,'Evenement double teinture',84,1162331292,197,1,1,0,0,8009,8027,0,1162580400,215999),(456,14,'Mandras : Le retour',-1,1143382960,304,4,0,0,0,3360,3445,0,0,0),(457,26,'Votre avis...',2,1143402646,43,7,0,0,0,3361,3411,0,0,0),(458,16,'ChatBox ou ShoutBox?',2,1143451371,559,15,0,0,0,3365,3427,0,0,0),(459,8,'Que faire ce vendredi 31/03/2006',59,1143457867,239,5,0,1,0,3369,3449,0,0,0),(460,8,'Allez-vous acheter GuildWars Faction?',2,1143545102,553,17,0,1,0,3393,3692,0,0,0),(812,3,'Marre... marre.. marre !!',84,1153506765,55,6,0,0,0,6366,6381,0,0,0),(462,8,'Vos Objectifs GW',29,1143717648,2066,44,0,0,0,3471,10429,0,0,0),(463,21,'Necro Order pour UW²',-1,1143724562,135,0,0,0,0,3484,3484,0,0,0),(464,21,'Necro Bebettes pour UW²',-1,1143725058,174,1,0,0,0,3486,3516,0,0,0),(465,2,'Emote, la liste',112,1143742145,153,0,0,0,0,3496,3496,0,0,0),(466,16,'Choix des forums qu\'on veut voir',29,1143788370,650,18,0,0,0,3511,3544,0,0,0),(467,21,'Toutes les armes de GW',2,1143794055,145,1,0,0,0,3521,3523,0,0,0),(468,8,'Kurzicks ou Luxons?',2,1143799893,952,30,0,1,0,3526,4420,0,0,0),(469,1,'Pour regrouper toutes conneries &amp; dérives d\'autres sujet',29,1143809389,128,2,0,0,0,3549,3560,0,0,0),(470,25,'Le refuge d\'Agace',103,1143866962,327,6,0,0,0,3575,3684,0,0,0),(471,8,'Départ de la guilde (Poisson d\'avril)',2,1143886750,303,10,0,0,0,3578,3605,0,0,0),(472,2,'Question sécurité ---Urgent!',103,1144035910,1068,28,0,0,0,3595,3906,0,0,0),(473,23,'Nouveauté : la carte des membres.',2,1144062636,160,0,1,0,0,3612,3612,0,0,0),(962,8,'Nightfall',90,1162130964,132,1,0,1,0,7996,7998,0,0,0),(961,8,'comportement bizarre avec le download',41,1162115809,82,1,0,0,0,7992,7994,0,0,0),(1337,39,'BOT : sorogromm (sorogromm@me.by) DEL + BAN',29,1177078538,2,0,0,0,0,9953,9953,0,0,0),(477,1,'La carte des membres',2,1144067202,828,23,0,0,0,3620,4671,0,0,0),(478,21,'Moine/Guerrier 55PV pour farmer (version 1)',2,1144075465,120,0,0,0,0,3645,3645,0,0,0),(479,21,'Rodeur/envoûteur pour dropper l\'épée de glace',2,1144076253,99,0,0,0,0,3646,3646,0,0,0),(480,22,'Moine SB Infuse',2,1144076658,18,0,0,0,0,3647,3647,0,0,0),(481,22,'Moine RC Protect',2,1144076824,105,6,0,0,0,3648,8127,0,0,0),(482,22,'Moine LB',2,1144077001,33,1,0,0,0,3649,3973,0,0,0),(483,22,'Elementaliste Ward',2,1144077302,30,0,0,0,0,3650,3650,0,0,0),(747,8,'Titre des amis des Kurziks',108,1150703703,358,10,0,0,0,5892,5929,0,0,0),(485,8,'Qui est le plus malchanceux pour les drops VERT ?',29,1144132203,590,20,0,1,0,3656,3717,0,0,0),(486,8,'Merci envers certains membre de la guilde',29,1144143580,105,0,0,0,0,3671,3671,0,0,0),(487,21,'comment tuer son double',125,1144144061,322,9,0,0,0,3672,3710,0,0,0),(905,31,'Week-end Double Récompense',59,1159338009,267,2,1,0,0,7391,7409,0,1159556400,215999),(489,8,'Vidéo de présentation de la guilde',59,1144223974,1038,25,1,0,0,3718,5017,0,0,0),(490,1,'Y a t il des amateur de hockey ???',115,1144243995,393,9,0,0,0,3731,7467,0,0,0),(769,17,'La brocante de Teneniel',84,1151567034,450,14,0,0,0,6010,6691,0,0,0),(792,22,'team arene pvp',129,1152310592,32,2,0,0,0,6217,6220,0,0,0),(493,21,'Bons sites pour Guild war',115,1144290662,520,9,0,0,1,3759,5013,0,0,0),(748,8,'Nouveau objets verts',59,1150708233,301,9,0,0,0,5896,5915,0,0,0),(496,8,'Nouvelles Quêtes ou Quêtes Ajoutées',29,1144314225,86,0,0,0,0,3775,3775,0,0,0),(497,26,'Petite suggestion d\'atelier',90,1144322353,120,25,0,0,0,3787,4247,0,0,0),(498,8,'Faction : Edition de precommande',108,1144330820,140,3,0,0,0,3799,3810,0,0,0),(500,21,'Les différents kits',29,1144395933,124,0,0,0,0,3841,3841,0,0,0),(501,22,'Ciblage secondaire',29,1144396393,21,0,0,0,0,3842,3842,0,0,0),(502,22,'Demande de soin / de mana / de suppression',29,1144398382,32,3,0,0,0,3843,3863,0,0,0),(503,22,'Le Moral',29,1144399504,19,1,0,0,0,3844,3845,0,0,0),(504,8,'Les rendez-vous de Jin',90,1144405052,218,7,0,0,0,3849,3880,0,0,0),(505,16,'Affichage du Forum - La Chambre des Officiers',29,1144409996,196,3,0,0,0,3852,3862,0,0,0),(759,26,'Partie réservée sur le forum alliance',90,1151314865,16,2,0,0,0,5961,5968,0,0,0),(507,14,'renzo59230',-1,1144492440,422,8,0,0,0,3877,4035,0,0,0),(508,26,'La CIgale et la Fourmi',103,1144510775,26,5,0,0,0,3882,3898,0,0,0),(509,26,'Responsabilités',2,1144574824,122,20,0,0,0,3886,4253,0,0,0),(510,1,'coucou tous le monde',-1,1144606132,343,9,0,0,0,3903,4395,0,0,0),(804,8,'Les gagnants du concours FGW',181,1153165971,380,9,0,0,0,6311,6326,0,0,0),(512,8,'Futures MAJ et faction',59,1144671212,202,7,0,0,0,3925,4013,0,0,0),(513,8,'qui est dispo?',-1,1144672242,296,12,0,0,0,3926,3994,0,0,0),(802,26,'Retraite',103,1153056773,44,9,0,0,0,6296,6316,0,0,0),(515,27,'Moeleke Stuuut',2,1144698031,21,0,0,0,0,3945,3945,0,0,0),(1336,23,'Mise à jour - 20 avril 2007',29,1177072857,77,0,0,0,0,9951,9951,0,0,0),(517,8,'Dépot de plainte contre un moine trop chanceux!!!!!! ^^',90,1144742507,675,22,1,0,0,3958,4098,0,0,0),(518,8,'petite question',-1,1144753944,116,2,0,0,0,3982,3992,0,0,0),(519,21,'Farmer la fissure en rodeur.',59,1144824335,447,10,0,0,0,4019,6779,0,0,0),(520,21,'Tuto Farm Guerrier Envouteur en fissure',90,1144831964,1031,21,0,0,0,4030,7120,0,0,0),(521,26,'Cherche Compte GuildWars',-1,1144841549,88,15,1,0,0,4038,4128,0,0,0),(522,8,'Bonus des missions',2,1144844261,308,9,0,0,0,4044,4112,0,0,0),(523,21,'build de farm avec un G/M a l\'epee!',-1,1144851901,239,3,0,0,0,4056,4115,0,0,0),(524,8,'Un repos bien mérité.',59,1144910439,93,1,0,0,0,4064,4066,0,0,0),(525,25,'LA PLANCHE DE BOIS MAUDITE',103,1144929950,1640,45,0,0,0,4072,4825,0,0,0),(526,16,'PLUS de POUVOIR (toujours plus)',29,1145002697,176,2,0,0,0,4113,4120,0,0,0),(527,22,'build de farm avec un G/M a l\'epee!',-1,1144851901,16,2,2,0,0,4056,4114,523,0,0),(800,1,'Le tube de l\'été !!!',2,1152956389,223,4,0,0,0,6287,6312,0,0,0),(1351,3,'Juste histoire de marquer le coup',221,1177625876,55,4,1,0,0,10012,10028,0,0,0),(809,8,'contine de bug :p',129,1153402009,157,2,0,0,0,6348,6408,0,0,0),(768,3,'Eho !!',84,1151565952,72,8,0,0,0,6009,6057,0,0,0),(855,1,'les blagues du chefs',145,1156090637,209,4,0,0,0,6738,6994,0,0,0),(1335,23,'Fiche d\'informations sur le mode Difficile de Guild Wars',29,1177054837,57,0,0,0,0,9950,9950,0,0,0),(789,24,'présentation',180,1152219725,373,7,1,0,0,6189,6261,0,0,0),(811,26,'Recrutement',59,1153480821,150,30,0,0,0,6354,7583,0,0,0),(549,8,'L\'ascension des héros',90,1145115451,598,16,0,0,0,4178,4586,0,0,0),(806,8,'Guild Wars Nightfall',122,1153245879,458,10,0,0,0,6324,6742,0,0,0),(538,26,'Nombre limite d\'officiers',41,1145008150,26,4,0,0,0,4126,4141,0,0,0),(551,1,'LA config PC de fou !!!???!!!',6,1145129029,236,6,0,0,0,4184,4280,0,0,0),(553,1,'Geek? Nerd? or Dork?',2,1145306204,321,9,0,0,0,4210,4309,0,0,0),(1334,39,'BOT : musicbminh (mynk@16girlshogtied.info) DEL + BAN',29,1177049888,1,0,0,0,0,9949,9949,0,0,0),(557,22,'Builds Ele/Moine Air pour team Rainbow Spike (PvP)',41,1145364604,14,0,0,0,0,4225,4225,0,0,0),(559,27,'Légolas Artik',103,1145389550,55,9,0,0,0,4239,4275,0,0,0),(544,26,'Proposition d\'officier supplémentaire.',41,1145008295,50,8,0,0,0,4127,4167,0,0,0),(805,30,'Runner pro',181,1153198828,164,0,0,0,0,6313,6313,0,0,0),(546,21,'Aire de jeu pour le farm',90,1145008728,387,7,0,0,0,4129,6373,0,0,0),(562,8,'SniF Award, Avril 2006.',103,1145484520,1155,32,0,0,0,4290,4762,0,0,0),(563,3,'Mayou',103,1145558412,48,5,0,0,0,4323,4339,0,0,0),(564,8,'Slots supplémentaire pour les comptes guild wars',59,1145602104,174,4,0,0,0,4342,4352,0,0,0),(567,1,'Clin d´oeil brumeux!',103,1145654223,427,11,0,0,0,4371,4490,0,0,0),(818,8,'GW==&gt; Nightfall',156,1154027449,125,0,0,0,0,6413,6413,0,0,0),(569,15,'F1 Magny-cours 2006',3,1145819568,269,3,0,0,0,4396,4438,0,0,0),(570,8,'Des Titres pour les personnages',29,1145863735,279,6,0,0,0,4406,5953,0,0,0),(571,8,'Personnalisation du hall de guilde',29,1145864039,588,15,0,0,0,4407,4503,0,0,0),(572,27,'Elune Stormfroze',59,1145879348,28,3,0,0,0,4418,4435,0,0,0),(573,8,'Rumeur lié aux drops de ce week-end',29,1145881515,250,7,0,0,0,4421,4493,0,0,0),(576,8,'Sagesse et préparation Pre-Faction',103,1145901320,96,0,0,0,0,4441,4441,0,0,0),(813,8,'event gvg',177,1153569204,295,8,0,0,0,6376,6453,0,0,0),(577,8,'Mauvais &quot;joueurs&quot; et bons aussi',122,1145904600,148,2,1,0,0,4444,4487,0,0,0),(798,23,'Le nouveau coffre est disponible',2,1152876943,89,0,0,0,0,6283,6283,0,0,0),(799,3,'Coup de gueule',59,1152879221,32,2,0,0,0,6284,6286,0,0,0),(580,1,'un brin de philosophie dans ce monde de brut!',129,1145915499,139,2,0,0,0,4457,4475,0,0,0),(581,1,'d\'ou sont tirés vos pseudos de jeu??',129,1145917255,549,14,0,0,0,4460,6282,0,0,0),(582,29,'Règles d\'utilisation',2,1145955795,54,6,0,0,2,4483,4566,0,0,0),(797,2,'problème de son',87,1152716161,161,2,0,0,0,6279,6281,0,0,0),(584,29,'Ange Diabolike G/M20 [faux runneur]',122,1145967963,35,0,0,0,0,4502,4502,0,0,0),(585,1,'Ils sont chauds les marrons!',103,1146003435,142,1,0,0,0,4546,4554,0,0,0),(586,8,'MAJ   25 Avril 06',103,1146023417,190,4,0,0,0,4547,4563,0,0,0),(796,24,'présentation',181,1152693100,150,0,0,0,0,6275,6275,0,0,0),(588,1,'STUPEFLIP',-1,1146059405,245,5,0,0,0,4567,4664,0,0,0),(589,8,'les pnj de guilde',129,1146148342,374,10,0,0,0,4585,4783,0,0,0),(590,8,'Cape temporaire',2,1146157771,704,24,0,1,0,4587,4732,0,0,0),(591,30,'Règles d\'utilisation',2,1146225630,99,0,0,0,2,4599,4599,0,0,0),(592,30,'Reine Amaelle [run gratos]',122,1146235099,145,0,0,0,0,4603,4603,0,0,0),(817,25,'Je te méprise!',103,1153944508,202,1,0,0,0,6401,6403,0,0,0),(594,30,'Angelina Galesurge [Runneur]',103,1146245112,170,0,0,0,0,4609,4609,0,0,0),(816,25,'Petit Poem d\'Agace',103,1153943969,125,0,0,0,0,6400,6400,0,0,0),(596,27,'U L T I ME',59,1146318656,59,11,0,0,0,4623,4738,0,0,0),(766,1,'[Video] Animation vs Animator',122,1151502556,133,1,0,0,0,6002,6003,0,0,0),(598,8,'nouveau systeme d\'xp dans faction -- NUL',41,1146397744,271,7,0,0,0,4642,4713,0,0,0),(734,1,'Délires japonais',87,1150360779,228,0,0,0,0,5806,5806,0,0,0),(600,21,'build de farm avec un el ward/??',129,1146587158,163,0,0,0,0,4695,4695,0,0,0),(601,22,'el eau pour pvp',129,1146587748,16,0,0,0,0,4696,4696,0,0,0),(602,26,'l\'Utilisation du Tribunal de Grendich',103,1146628250,23,0,0,0,0,4704,4704,0,0,0),(603,26,'Coup De Gueule',103,1146629806,25,4,0,0,0,4705,4897,0,0,0),(604,8,'Cape du mois de juin',2,1146649478,519,11,0,1,0,4730,5222,0,0,0),(605,3,'Etre membre de la snif',101,1146649876,73,7,0,0,0,4731,4761,0,0,0),(606,8,'Annonce personnelle : mes disponibilités',2,1146652345,186,5,0,0,0,4739,4756,0,0,0),(607,26,'Démission',2,1146655437,35,5,0,0,0,4741,4759,0,0,0),(608,21,'Petites astuces de sécurité',59,1146725427,306,7,0,0,1,4765,5930,0,0,0),(609,8,'Faction',108,1146739485,442,14,0,0,0,4767,4794,0,0,0),(1333,23,'Mise à jour - 19 avril 2007',29,1176975556,71,0,0,0,0,9946,9946,0,0,0),(780,8,'Factions / Prophecies',87,1151938388,238,5,0,0,0,6105,6255,0,0,0),(612,8,'moi et vous c pour tjrs!!',-1,1146915476,144,2,0,0,0,4798,4802,0,0,0),(787,1,'[video] CPU',122,1152179388,193,3,0,0,0,6181,6186,0,0,0),(614,24,'Xx HawK xX',-1,1147038957,209,3,0,0,0,4810,4815,0,0,0),(615,8,'Approbation Imperiales',108,1147075646,208,6,0,0,0,4813,4831,0,0,0),(616,8,'Infos concernant les cadeaux d\'anniversaire ...',59,1147082861,316,8,0,0,0,4818,4878,0,0,0),(617,8,'Guild Wars Faction',-1,1147084216,222,5,0,0,0,4819,4903,0,0,0),(618,8,'alliance',129,1147122671,93,0,0,0,0,4833,4833,0,0,0),(619,26,'Vidéos de présentation : la relance ...',59,1147159388,21,5,0,0,0,4835,4873,0,0,0),(620,26,'Serveurs TS.',59,1147161905,37,7,0,0,0,4838,4956,0,0,0),(621,26,'Section spéciale Alliance?',2,1147165029,16,4,0,0,0,4844,4862,0,0,0),(622,30,'Les Seigneur Eternel [LSE]',2,1147172715,169,0,0,0,1,4847,4847,0,0,0),(623,23,'Guild Wars Faction : Alliance avec les LSE',2,1147173953,128,0,1,0,0,4848,4848,0,0,0),(624,23,'La cape pour le mois de juin.',2,1147174038,111,0,1,0,0,4849,4849,0,0,0),(645,19,'Demande d\'alliance',-1,1147652779,189,1,0,0,0,4995,5002,0,0,0),(777,8,'Titre : Chanceux &amp; Malchanceux',108,1151914026,239,6,0,0,0,6087,6448,0,0,0),(644,22,'Guerrier Aftershock',2,1147597349,54,1,0,0,0,4985,4998,0,0,0),(733,17,'Nighty recherche',29,1150320557,201,4,0,0,0,5804,5814,0,0,0),(629,8,'Vidéo de présentation de la guilde : le casting!',59,1147243801,528,10,1,0,0,4875,5382,0,0,0),(630,23,'Vidéo de présentation de la guilde',2,1147254955,137,0,1,0,0,4879,4879,0,0,0),(1090,21,'Titre : Ivrogne (Technique)',29,1168943069,345,1,0,0,0,8899,10197,0,0,0),(632,21,'Armor Database',2,1147286763,163,2,0,0,0,4898,4900,0,0,0),(1330,19,'petite demande',-1,1176882977,220,9,0,0,0,9934,10009,0,0,0),(634,29,'ULTIME - La saga continue ....',59,1147330488,103,10,0,0,0,4904,4957,0,0,0),(635,26,'La saga continue ....',59,1147330488,8,1,2,0,0,4904,4905,634,0,0),(636,26,'La philosophie de la guilde - Rappel',2,1147337392,11,0,0,0,0,4906,4906,0,0,0),(637,30,'Psycho Pattes [POC]',2,1147346405,234,2,0,0,1,4908,5542,0,0,0),(638,8,'Question sur la 2e coop de Factions',108,1147348872,164,3,0,0,0,4909,4923,0,0,0),(639,1,'[Humour] : Aaaaaah les fonctionnaires ;-)',59,1147351295,814,25,0,0,0,4912,4999,0,0,0),(640,24,'Ta Tiana',-1,1147362759,238,5,0,0,0,4925,4958,0,0,0),(641,29,'Cylie le gros - Vol du compte de Gaby',2,1147372572,47,2,0,0,0,4932,4934,0,0,0),(642,8,'Capture d´Élites.',103,1147436512,413,14,0,0,0,4966,5161,0,0,0),(643,8,'MERCI!!',145,1147542797,115,0,0,0,0,4979,4979,0,0,0),(646,8,'SniF Award, Mai 2006.',2,1147686439,1039,24,0,0,0,5003,5819,0,0,0),(647,8,'Teneniel',84,1147707764,215,4,0,0,0,5014,5038,0,0,0),(648,22,'Explication des différentes équipes en ascension',90,1147726694,93,9,0,0,0,5019,5056,0,0,0),(649,1,'De retour...',101,1147773740,368,8,0,0,0,5025,5039,0,0,0),(904,21,'point faction facile?',157,1159267276,437,12,0,0,0,7376,7389,0,0,0),(793,14,'Curriculum vitae',181,1152540364,484,12,0,0,0,6235,6274,0,0,0),(1329,31,'Event : Double de points de Lancier du Soleil et de Porteur',29,1176882648,96,0,0,0,0,9933,9933,0,1177099200,215999),(845,19,'Ptdr',-1,1155038056,1548,41,1,0,0,6615,9274,0,0,0),(1332,3,'si vous avez quet chose a me dire...c maintenant',129,1176937795,44,4,0,0,0,9943,9948,0,0,0),(764,1,'Chouette vidéo',2,1151491159,985,26,0,0,0,5993,8193,0,0,0),(1331,39,'BOT : alexnafil (alexnafil@tadalafilonline.org) DEL + BAN',29,1176900369,3,0,0,0,0,9941,9941,0,0,0),(846,8,'SNIF Award spécial juillet-août 2006!!!! Elisez votre membre',90,1155049830,938,24,0,0,0,6621,7332,0,0,0),(754,8,'Candidature',84,1151085172,233,4,0,0,0,5938,5986,0,0,0),(815,1,'Experience culinaire dégeulace',103,1153942926,247,7,0,0,0,6399,6417,0,0,0),(660,26,'Recrutement pour l\'alliance',2,1147938646,32,7,0,0,0,5054,5183,0,0,0),(721,26,'Membres ayant faction',90,1149923667,37,3,0,0,0,5700,5705,0,0,0),(662,8,'Où en êtes vous avec votre objectif actuel.',29,1148283271,1453,38,0,0,0,5076,7920,0,0,0),(663,26,'Demande de réintégration',2,1148305863,36,6,0,0,0,5079,5172,0,0,0),(664,8,'ma ptite video perso ^^',129,1148339648,468,12,0,0,0,5092,5207,0,0,0),(665,8,'video guild wars speciale danse',129,1148348229,210,2,0,0,0,5094,5121,0,0,0),(814,8,'tigre blanc ou panda...hmm',129,1153611685,351,9,0,0,0,6386,6454,0,0,0),(667,8,'Quete : L\'infamie de Galrath',87,1148479029,267,8,0,0,0,5123,5174,0,0,0),(668,23,'Déménagement du site',2,1148487289,132,0,1,0,0,5128,5128,0,0,0),(669,8,'Veuve Noire',84,1148500462,341,9,0,0,0,5131,6310,0,0,0),(670,3,'Ascension',101,1148545445,49,6,0,0,0,5135,5166,0,0,0),(671,19,'[ALLIANCE][SNIF] La Société des Noobs Franco-belches',-1,1148579399,1143,22,0,0,0,5154,5636,0,0,0),(672,29,'Shilen Assassin',101,1148634823,52,1,0,0,0,5168,6148,0,0,0),(673,24,'Présentation d\'un cinglé unique en son genre.',161,1148669587,270,4,0,0,0,5187,5220,0,0,0),(776,8,'Quête du Capitaine Rujiyo',158,1151879092,230,5,0,0,0,6083,6099,0,0,0),(675,24,'Malkom',87,1148725379,514,10,0,0,0,5196,5356,0,0,0),(676,8,'MAJ 26 May 2006',103,1148734647,220,4,0,0,0,5203,5292,0,0,0),(677,26,'Retour d\'Ultime et de Jacob',94,1148743650,43,9,0,0,0,5213,5243,0,0,0),(959,3,'MaJ',84,1161893199,126,15,0,1,0,7935,8052,0,0,0),(679,27,'Shadow Letitan',103,1148773607,45,7,0,0,0,5228,5545,0,0,0),(1326,23,'Mise à jour - 14 avril 2007',29,1176881403,62,0,0,0,0,9930,9930,0,0,0),(681,8,'campagne 3',129,1148832731,146,1,0,0,0,5239,5245,0,0,0),(682,8,'Terminer GW prophecies',59,1148890725,218,5,0,0,0,5248,5257,0,0,0),(683,22,'Les différents halls',2,1148897553,39,4,0,0,0,5256,5278,0,0,0),(903,8,'Qui serait prêt à donner des points de faction ?',29,1159255854,143,0,1,0,0,7375,7375,0,0,0),(685,26,'Gaby',101,1148915984,47,7,0,1,0,5274,5320,0,0,0),(774,24,'Avatar De Shiva',-1,1151598154,228,4,0,0,0,6045,6130,0,0,0),(687,8,'Nouveau venu',163,1148926416,437,14,0,0,0,5283,5333,0,0,0),(714,21,'Farm uw R/en et M 55hp',59,1149752432,193,1,0,0,0,5645,5655,0,0,0),(689,8,'Besoin d\'un coup de main',2,1148932767,231,6,0,0,0,5290,5321,0,0,0),(690,24,'Eliandror',163,1148986361,288,6,0,0,0,5327,5870,0,0,0),(691,3,'Youpi !!!',101,1148986923,50,8,0,0,0,5329,5349,0,0,0),(692,24,'Godfa69',20,1148994808,154,1,0,0,0,5336,5344,0,0,0),(693,17,'Vend marteau sympa',161,1149052999,523,12,0,0,0,5351,5555,0,0,0),(694,17,'La petite boutique d\'alkagord',59,1149055990,412,1,0,0,0,5352,10336,0,0,0),(695,8,'Futur mise à jour des compétences',59,1149056722,328,7,0,0,0,5353,5469,0,0,0),(1325,39,'BOT : BIGmirall (nord.gorilla@gmail.com) DEL',29,1176791485,1,0,0,0,0,9916,9916,0,0,0),(697,8,'Vidéos de présentation de la guilde : le tournage!',59,1149080116,921,26,0,0,0,5385,6254,0,0,0),(698,26,'Nouveaux officiers?',2,1149086094,55,14,0,0,0,5393,5458,0,0,0),(713,21,'Builds domptage',59,1149750064,287,4,0,0,0,5644,6777,0,0,0),(700,22,'Team degen tombeau',59,1149156148,70,6,0,0,0,5430,5484,0,0,0),(701,8,'Le chef est un ...',59,1149250298,5948,150,0,0,0,5470,7011,0,0,0),(719,21,'Elites faction',59,1149853444,339,7,0,0,0,5684,5869,0,0,0),(786,1,'Création d\'une team BGT sur Kadokado',2,1152094932,116,0,0,0,0,6167,6167,0,0,0),(785,8,'[Qst] Teinture Verte Fluo',122,1152091926,296,7,0,0,0,6161,6180,0,0,0),(705,8,'la NUDE TEAM',-1,1149496284,173,2,0,0,0,5559,5562,0,0,0),(706,8,'Compte de Shadow',84,1149514503,267,4,0,0,0,5565,5670,0,0,0),(707,30,'Les Exilés de Lance Dragon [ELD]',2,1149518494,194,1,0,0,1,5566,5609,0,0,0),(1309,31,'Event : Récompenses doublées pour les combats de Héros',29,1176366408,112,0,0,0,0,9826,9826,0,1176494400,215999),(709,25,'Théorie farfelue d’Agace : Les rongeurs!',103,1149550243,187,2,0,0,0,5581,5583,0,0,0),(710,8,'gw en bd',129,1149623494,350,8,0,0,0,5612,6117,0,0,0),(773,17,'Malkom recherche',87,1151586205,108,0,0,0,0,6032,6032,0,0,0),(712,23,'Réorganisation du forum',2,1149698579,122,0,1,0,0,5639,5639,0,0,0),(820,8,'Petit cachottier de Chef',90,1154067437,302,8,0,0,0,6418,6455,0,0,0),(821,1,'Petite blague...',122,1154112315,237,5,0,0,0,6424,6594,0,0,0),(822,14,'ashram ...',125,1154113348,381,8,0,0,0,6425,6768,0,0,0),(823,14,'ashram ...',125,1154204809,147,0,1,0,0,6440,6440,0,0,0),(824,8,'la boutique guild wars',129,1154211707,113,0,0,0,0,6441,6441,0,0,0),(825,1,'[humour] quebecois :p',129,1154212575,208,3,0,0,0,6442,6445,0,0,0),(826,27,'ashram archeon',90,1154337236,41,9,0,0,0,6458,6495,0,0,0),(827,8,'le mystere de Gwen',129,1154375729,227,4,0,0,0,6471,6819,0,0,0),(828,8,'faite vivre cette histoire!!',129,1154381711,5970,195,0,0,0,6472,8000,0,0,0),(829,8,'Week-en PVE Elite',59,1154413624,281,8,0,0,0,6476,6499,0,0,0),(1324,39,'BOT : AlekseiCherkaso (aleksei-cherkaso@mail.ru) DEL + BAN',29,1176791255,1,0,0,0,0,9914,9914,0,0,0),(1323,39,'BOT : musielgniels (2@0virginia.info) DEL + BAN',29,1176706257,3,0,0,0,0,9897,9897,0,0,0),(1322,39,'BOT : robertfill (robertfill@genericfinasteride.org) DEL + B',29,1176705306,1,0,0,0,0,9895,9895,0,0,0),(854,1,'dedicace pour Foulmen',129,1155913054,264,7,0,0,0,6726,6992,0,0,0),(834,27,'castaka',59,1154511892,93,19,0,0,0,6513,6548,0,0,0),(835,8,'L\'outremonde',87,1154598092,552,13,0,0,0,6550,6951,0,0,0),(836,21,'Recensement des différents farm selon la profession',90,1154773006,173,0,0,0,1,6588,6588,0,0,0),(837,1,'J ai hate...',101,1154810171,159,3,0,0,0,6590,6599,0,0,0),(838,21,'petit explicatif pout les zones d\'urgoz',129,1154846270,93,0,0,0,0,6591,6591,0,0,0),(839,26,'Merci',122,1154891845,24,3,0,0,0,6593,6598,0,0,0),(840,21,'Comment se servir du GWBBcode',2,1154946255,324,7,0,0,1,6600,8133,0,0,0),(841,21,'Farm - Rt/G - Tueur de Lou',2,1154950819,179,2,0,0,0,6602,7445,0,0,0),(842,23,'Amélioration du site',2,1154951059,118,0,0,0,0,6605,6605,0,0,0),(843,21,'Farm - Rt/En - Le ritualiste revanchard',2,1154952960,308,4,0,0,0,6606,7441,0,0,0),(847,8,'Event : Encore un WE avec 2 fois + de plaisir',129,1155102253,96,0,0,0,0,6630,6630,0,0,0),(848,8,'Ben désolé',-1,1155149424,289,8,0,0,0,6645,6659,0,0,0),(849,8,'Khal avait raison …',122,1155227323,254,4,0,0,0,6661,6712,0,0,0),(850,8,'Grève !',84,1155329501,354,10,0,0,0,6668,6697,0,0,0),(1350,31,'Event : Guild Wars célèbre son deuxième anniversaire',29,1177615491,76,0,0,0,0,10011,10011,0,1177704000,302399),(1321,1,'Minipet',220,1176632028,369,14,0,0,0,9871,10214,0,0,0),(858,14,'Adhésion a la Guilde',186,1156361570,404,10,0,0,0,6784,6811,0,0,0),(1320,8,'Snif Award du mois d\'avril',2,1176631461,511,29,0,0,0,9870,10123,0,0,0),(861,24,'La présentation de Circa',186,1156595695,426,10,0,0,0,6813,6863,0,0,0),(862,3,'GvG qui dégoutte',156,1156657572,31,0,0,0,0,6828,6828,0,0,0),(863,26,'Ma place au sein de la guilde ? (merci de donner votre avis)',41,1156752794,37,6,0,0,0,6839,6856,0,0,0),(864,1,'message très important',94,1156922818,904,23,0,0,0,6876,7103,0,0,0),(865,1,'Loose Change',87,1157029274,243,6,0,0,0,6907,6940,0,0,0),(866,1,'Concours de bouletitude !',59,1157096312,2388,62,0,1,0,6917,7438,0,0,0),(867,19,'Informations',188,1157119053,185,2,0,0,0,6934,6939,0,0,0),(868,21,'[PVE] Paladin à la hache',2,1157119643,143,0,0,0,0,6935,6935,0,0,0),(869,8,'Juste pour Rire (HoH)',87,1157292521,236,3,0,0,0,6965,6979,0,0,0),(870,21,'Tous les émotes de Guild Wars',186,1157294805,163,1,0,0,0,6966,6974,0,0,0),(871,14,'recrutement',189,1157313156,372,7,0,0,0,6972,6997,0,0,0),(874,21,'Zone de chest run',59,1157534556,292,6,0,0,0,7014,7021,0,0,0),(875,21,'Composante intéressante a recycler',29,1157547847,203,1,0,0,0,7024,7025,0,0,0),(876,8,'demande de promotion',140,1157551026,751,16,1,0,0,7026,7112,0,0,0),(877,26,'Candidature de skelling au poste d\'officier.',59,1157558185,65,13,0,0,0,7031,7056,0,0,0),(878,1,'Reflets d\'Acide',84,1157559382,514,12,0,1,0,7034,7221,0,0,0),(879,22,'team suicide assassin...',129,1157637691,109,13,0,1,0,7052,7159,0,0,0),(880,23,'Indisponibilité du site',2,1157709249,97,0,0,0,0,7057,7057,0,0,0),(881,8,'plantage du data gw',129,1157802128,221,3,0,0,0,7087,7093,0,0,0),(882,22,'R/G pet fury',145,1157816190,17,0,0,0,0,7099,7099,0,0,0),(883,22,'EL/A contact',145,1157817111,56,2,0,0,0,7100,7995,0,0,0),(884,2,'Codecs',90,1157879166,190,3,0,0,0,7105,7114,0,0,0),(885,1,'As t-on évoluer depuis le  911?',103,1158018192,139,0,0,0,0,7125,7125,0,0,0),(1319,8,'Cape du mois de mai',2,1176631083,396,19,0,1,0,9869,10042,0,0,0),(887,8,'RANK 3',145,1158386556,765,18,0,0,0,7162,7236,0,0,0),(1318,32,'RDV GvG jeudi 17/04/07 à 21h (nouveau hall!)',2,1176550599,37,5,0,0,0,9858,9928,0,1176840000,0),(889,8,'Cape du mois d\'octobre',2,1158426037,1385,37,1,1,0,7173,7497,0,0,0),(890,1,'Je voudrai savoir',186,1158431342,267,7,0,0,0,7175,7226,0,0,0),(891,8,'Nightfall',84,1158513011,120,0,0,0,0,7204,7204,0,0,0),(892,8,'Nighfall : Pre-Release pack',108,1158560453,345,7,0,0,0,7224,7346,0,0,0),(893,3,'Merci, Merci ,Merci',186,1158594620,51,5,0,0,0,7241,7286,0,0,0),(894,8,'SniF Award du mois de septembre',2,1158654364,788,17,1,0,0,7263,7494,0,0,0),(895,22,'r/rt douleur trap',129,1158704081,27,0,0,0,0,7297,7297,0,0,0),(902,17,'vente d\'amélioration d\'arme par Eien',157,1159200943,143,1,0,0,0,7373,7374,0,0,0),(1345,24,'Ayaya',268,1177501285,125,5,0,0,0,9989,10006,0,0,0),(898,8,'1ere impression?',129,1158956649,908,21,0,1,0,7329,7514,0,0,0),(1063,33,'Builds que nous comptons jouer',2,1167750412,139,3,0,0,0,8755,8763,0,0,0),(900,14,'Les CGN sont à la recherche d\'une Alliance',-1,1159123308,198,2,0,0,0,7349,7368,0,0,0),(1316,28,'Absence de Circa',186,1176455735,124,4,0,0,0,9846,9890,0,0,0),(906,14,'postulation pour rentrer cher les snifs',195,1159379196,511,12,0,0,0,7393,7418,0,0,0),(908,23,'Grosse MAJ du site',2,1159480113,118,0,0,0,0,7408,7408,0,0,0),(909,26,'Mise en place d\'une journée pour les GvG officiels',29,1159536301,28,5,0,0,0,7416,7428,0,0,0),(910,26,'Sélection de build pour HoH',90,1159658896,63,13,0,0,0,7435,7475,0,0,0),(911,31,'GVG amical contre les Jack Potes',2,1159788180,269,4,1,0,0,7443,7462,0,1160078400,0),(912,1,'Une partie de jeu de role chez nos amis quebecois',41,1159791559,524,15,0,0,0,7447,7751,0,0,0),(1313,23,'Mise à jour - 11 avril 2007',29,1176369102,60,0,0,0,0,9831,9831,0,0,0),(914,8,'Rendez-vous HoH mardi 17 octobre en soirée',90,1159913221,736,22,0,0,0,7488,7682,0,1161115200,0),(915,31,'Week-end Double Vert',2,1159956657,269,4,1,0,0,7496,7505,0,1160766000,215999),(916,24,'Valder',194,1159965738,120,1,0,0,0,7498,7501,0,0,0),(917,22,'Petit lien vers build',90,1160089046,30,4,0,0,0,7509,7513,0,0,0),(918,22,'Rodeur Crippling Shot',90,1160147679,15,0,0,0,0,7515,7515,0,0,0),(919,22,'Rangeur PetFury',90,1160147839,22,0,0,0,0,7516,7516,0,0,0),(920,21,'Rodeur Famine pour duo UW avec moine 55',90,1160148633,103,0,0,0,0,7517,7517,0,0,0),(921,31,'Capture de ville -&gt; rush points faction',90,1160150170,168,0,1,0,0,7518,7518,0,1160118000,1209599),(922,19,'sorry pour hier soir',-1,1160157752,199,5,0,0,0,7519,7558,0,0,0),(1312,23,'Mise à jour - 7 avril 2007',29,1176368764,53,0,0,0,0,9830,9830,0,0,0),(924,31,'Sortie Mondiale de Nightfall',84,1160309321,163,0,1,0,0,7532,7532,0,1161932460,0),(925,8,'Vos suggestions',2,1160384597,167,3,0,0,0,7542,7571,0,0,0),(926,8,'Le géant gris',129,1160393981,332,8,0,0,0,7544,7582,0,1162850400,0),(927,1,'ATTENTION !!!!!!!!!!!!!',156,1160424138,159,3,0,0,0,7559,7567,0,0,0),(928,23,'E-mail d\'ArenaNet sur la mise à jour de votre compte',2,1160472281,95,0,0,0,0,7568,7568,0,0,0),(929,16,'ouvrir : une zone de Farming',129,1160517195,450,13,0,1,0,7575,9423,0,0,0),(930,26,'Vos Suggestions',29,1160552534,42,9,0,0,0,7584,7602,0,0,0),(931,26,'Avant-projet de charte',2,1160652219,58,12,0,0,0,7610,7637,0,0,0),(932,8,'RDV pour faire : Donjon du chef tonnerre',129,1160753279,589,18,0,0,0,7631,7684,0,1160920800,14399),(933,24,'presentation',197,1161066567,161,5,0,0,0,7672,7701,0,0,0),(934,8,'SniF Award du mois d\'octobre',2,1161089142,1472,54,0,0,0,7685,8033,0,0,0),(935,23,'Week-end spécial kermesse',2,1161160618,140,0,0,0,0,7699,7699,0,1161374400,215999),(936,8,'Nouvelle charte des membres (Mars 2007)',2,1161170358,1464,37,0,0,2,7705,9797,0,0,0),(937,23,'Nouvelle charte des membres (à lire et signer)',2,1161170577,144,0,0,0,0,7707,7707,0,0,0),(938,33,'Règlement interne (ABANDONNE)',2,1161171987,21,0,1,0,0,7709,7709,0,0,0),(939,26,'Donation ?',90,1161260631,31,7,0,0,0,7733,7769,0,0,0),(940,26,'Equipe PvP',90,1161260879,22,4,0,0,0,7734,7741,0,0,0),(941,3,'j\'en ai marre ...',41,1161380197,107,11,0,0,0,7776,7890,0,0,0),(942,26,'Situation de Nyma',29,1161380511,42,12,0,0,0,7777,7845,0,0,0),(943,14,'nouveau player',198,1161430132,308,10,0,0,0,7793,7879,0,0,0),(1008,26,'Départ de Gaby',101,1165093773,28,5,0,0,0,8391,8412,0,0,0),(1009,8,'Domaine de l\'angoisse',84,1165155726,173,5,0,1,0,8401,8413,0,0,0),(1010,1,'TADAAAAAAAAAAAAAM',84,1165169225,104,0,0,0,0,8408,8408,0,0,0),(1011,26,'Pause GW pour Robin Leaf',59,1165240121,26,6,0,0,0,8417,8427,0,0,0),(1012,3,'coucou les snifs',195,1165251042,63,3,0,0,0,8421,8464,0,0,0),(1013,22,'Pyromancien Flammes Virulentes',2,1165345010,102,4,0,0,0,8431,8466,0,0,0),(1014,32,'les jour des gvg',94,1165345704,194,23,0,0,0,8432,8981,0,0,0),(1015,26,'Projet d\'annonces MP3 pour accompagner l\'annonce de recrut.',2,1165409116,52,9,0,0,0,8441,8731,0,0,0),(1016,8,'Site GW',108,1165409134,138,2,0,0,0,8442,8445,0,0,0),(1311,23,'Mise à jour - 6 avril 2007',29,1176368234,58,0,0,0,0,9828,9828,0,0,0),(1297,23,'Liens utiles',29,1175592359,71,0,0,0,0,9768,9768,0,0,0),(1020,26,'La Snif guilde active PvE?',90,1166028901,48,7,0,0,0,8492,8900,0,0,0),(1021,8,'l’Hivernel 2006',129,1166053621,188,1,0,0,0,8495,8503,0,1166598000,1123199),(1022,8,'Grade Lancier du Soleil et porteur de la lumière',108,1166099601,193,4,0,0,0,8497,8523,0,0,0),(1023,8,'Question sur skill porteur lumière',108,1166099761,162,3,0,0,0,8498,8511,0,0,0),(1024,14,'Une éventuelle future guildiz\' :)',204,1166117807,232,8,0,0,0,8504,8528,0,0,0),(1025,22,'Aéromancien Soutien',2,1166191708,63,1,0,0,0,8515,8527,0,0,0),(1026,14,'Ryuu !',202,1166218051,211,6,0,0,0,8516,8531,0,0,0),(1027,22,'Envoûteur Diversion',2,1166269604,43,0,0,0,0,8524,8524,0,0,0),(1028,22,'Guerrier Décharge Prison',2,1166269873,48,0,0,0,0,8525,8525,0,0,0),(1029,24,'Ryu',202,1166280103,93,0,0,0,0,8530,8530,0,0,0),(1030,14,'Recrutement,',206,1166534311,164,3,0,0,0,8534,8559,0,0,0),(1031,8,'MP3 de recrutement',2,1166549276,312,10,0,0,0,8537,8788,0,0,0),(1032,8,'SniF Award du mois de décembre',2,1166556165,745,23,0,0,0,8541,8806,0,0,0),(1033,3,'Dire un merci',206,1166605672,49,4,0,0,0,8553,8582,0,0,0),(1034,24,'armaged0n',206,1166615656,109,2,0,0,0,8564,8578,0,0,0),(1035,14,'Sombre',201,1166621057,199,6,0,0,0,8567,8576,0,0,0),(1308,23,'Classement des combats de Héros',29,1176366070,60,0,0,0,0,9825,9825,0,0,0),(1037,19,'bonjours a tous',195,1166801320,162,3,0,0,0,8600,8605,0,0,0),(1038,21,'les quêtes d\'hivernel',90,1166882485,180,3,0,0,0,8606,8627,0,0,0),(1252,32,'RDV GVG mardi 27/03/07 à 21h',2,1174399497,83,13,0,0,0,9555,9679,0,1175025600,0),(1040,3,'Aller Hop, un tit coup de coeur',186,1166910484,37,1,0,0,0,8609,8615,0,0,0),(1041,14,'Les Trois Freres ^^',184,1167072415,272,9,0,0,0,8625,8737,0,0,0),(1307,32,'RDV GvG jeudi 12/04/07 à 21h (nouveau hall!)',2,1176133675,66,8,0,0,0,9805,9839,0,1176408000,0),(1043,14,'TEGO',210,1167132822,161,3,0,0,0,8638,8675,0,0,0),(1044,22,'Assassin Prison d\'Ombre',2,1167143043,30,0,0,0,0,8642,8642,0,0,0),(1045,14,'Pu j\'Obtiens un Invitez à l\'association,',211,1167144703,148,3,0,0,0,8643,8698,0,0,0),(1046,24,'Krahn Defaire',184,1167147236,254,9,0,0,0,8646,8748,0,0,0),(1047,14,'jéjé',212,1167150618,185,4,0,0,0,8648,8685,0,0,0),(1048,14,'Elric Taal(est-ce bien lui?vous le saurez dans le proch..~~)',154,1167198467,177,5,0,0,0,8651,8700,0,0,0),(1049,24,'Elric Le Taal',154,1167199091,142,4,0,0,0,8652,8699,0,0,0),(1306,28,'Absence de Pask(plus longue)',225,1176120127,279,12,0,0,0,9802,9903,0,0,0),(1296,39,'BOT : voltarnie (voltarnie@voltaren.org) DEL + BAN',29,1175523605,5,0,0,0,0,9761,9761,0,0,0),(1052,24,'nouveau membre : bruenor',213,1167224180,108,3,0,0,0,8665,8689,0,0,0),(1053,22,'paragon aide aux moines',129,1167322200,21,0,0,0,0,8702,8702,0,0,0),(1069,26,'c\'est moi ou....?',129,1168023787,34,5,0,0,0,8772,8848,0,0,0),(1295,1,'Poisson d\'avril',220,1175499672,133,4,0,0,0,9754,10081,0,0,0),(1348,21,'Info : Manuel en français des différents Guild Wars',29,1177578112,53,0,0,0,0,10002,10002,0,0,0),(1305,39,'BOT : nemoforone (milaforever@web.de) DEL + BAN',29,1175802293,1,0,0,0,0,9799,9799,0,0,0),(1058,22,'Moine Boon Prot',202,1167414105,49,3,0,0,0,8718,8723,0,0,0),(1059,14,'Cherche famille.......',214,1167420305,200,4,0,0,0,8721,8735,0,0,0),(1060,23,'BONNE ANNEE',129,1167616749,176,0,0,0,0,8740,8740,0,1167602400,0),(1304,8,'Sondage pour le nouveau hall',2,1175776963,134,3,0,0,0,9786,9813,0,0,0),(1062,1,'Nouvelle Année 2007',3,1167670378,273,11,0,0,0,8742,8785,0,0,0),(1064,22,'Nécromant MM Tainted',2,1167751271,37,0,0,0,0,8756,8756,0,0,0),(1065,22,'Derviche Grenth',2,1167755561,48,0,0,0,0,8757,8757,0,0,0),(1066,22,'Rôdeur Pet Fury',2,1167757284,65,1,0,0,0,8758,8764,0,0,0),(1067,22,'Pyromancien Flag',2,1167763155,31,0,0,0,0,8759,8759,0,0,0),(1071,31,'On vide l\'Underworld !',2,1168094120,492,11,1,0,0,8783,8829,0,1168124400,0),(1072,8,'Tournoi Hiver Guildwars Mondes Persistants',217,1168167994,129,1,0,0,0,8786,8813,0,0,0),(1073,1,'MMORPG gratuit',87,1168251527,185,5,0,0,0,8794,8821,0,0,0),(1074,33,'Compétitions mondes persistans',59,1168254993,26,2,0,0,0,8795,8800,0,0,0),(1075,14,'Postulation chez les Snif',219,1168268426,116,2,0,0,0,8798,8801,0,0,0),(1076,14,'Razy',220,1168286617,119,3,0,0,0,8802,8820,0,0,0),(1077,8,'Cape du mois de février',2,1168296872,189,5,0,1,0,8808,8896,0,0,0),(1078,14,'Avertissement pour les candidats SniF',2,1168297980,109,0,0,0,1,8812,8812,0,0,0),(1079,24,'IntoX ? bah oui c\'est lui même :D',221,1168359528,118,0,0,0,0,8822,8822,0,0,0),(1080,14,'posse candidature',222,1168365325,113,2,0,0,0,8824,8828,0,0,0),(1303,33,'Changement de hall - le sondage',2,1175765596,208,22,1,1,0,9782,9837,0,0,0),(1087,8,'Snif Award du mois de Janvier',2,1168867783,298,14,0,0,0,8868,9101,0,0,0),(1083,26,'Notre charte est-elle prétentieuse?',2,1168598909,20,2,0,0,0,8838,8850,0,0,0),(1294,24,'celest',254,1175462604,126,4,0,0,0,9752,9762,0,0,0),(1085,22,'Spiritway au hoh',202,1168794667,55,5,0,0,0,8859,8887,0,0,0),(1086,8,'J Ai Poppu Me Cacher',199,1168811822,359,16,0,0,0,8860,8906,0,0,0),(1088,22,'Builds - Sommaire',2,1168871393,22,0,0,0,1,8870,8870,0,0,0),(1089,21,'Titre : Recensement des titres (Listing)',29,1168942474,512,4,0,0,1,8533,10023,0,0,0),(1091,14,'Recrutement',225,1168963680,248,6,0,0,0,8907,8968,0,0,0),(1092,24,'Razy',220,1168968018,147,2,0,0,0,8909,8911,0,0,0),(1093,31,'RDV alliance - HOH',29,1169044866,158,0,1,0,0,8914,8914,0,1169233200,0),(1094,31,'RDV alliance - HOH',29,1169044896,155,0,1,0,0,8915,8915,0,1169838000,0),(1095,31,'RDV alliance - HOH',29,1169044918,175,0,1,0,0,8916,8916,0,1170442800,0),(1096,31,'RDV alliance - Amicaux et Escarmouches',29,1169045013,154,0,1,0,0,8917,8917,0,1169060400,0),(1097,31,'RDV alliance - Amicaux et Escarmouches',29,1169045061,199,0,1,0,0,8918,8918,0,1169665200,0),(1098,31,'RDV alliance - Amicaux et Escarmouches',29,1169045155,165,0,1,0,0,8919,8919,0,1170270000,0),(1099,31,'RDV alliance - Amicaux et Escarmouches',29,1169045219,185,0,1,0,0,8920,8920,0,1170874800,0),(1100,31,'RDV alliance - Amicaux et Escarmouches',29,1169045298,156,0,1,0,0,8921,8921,0,1169301600,0),(1101,31,'RDV alliance - Amicaux et Escarmouches',29,1169045331,149,0,1,0,0,8922,8922,0,1169906400,0),(1102,31,'RDV alliance - Amicaux et Escarmouches',29,1169045379,149,0,1,0,0,8923,8923,0,1170511200,0),(1103,31,'RDV alliance - Drops élites',29,1169045510,170,0,1,0,0,8924,8924,0,1169384400,0),(1104,31,'RDV alliance - Drops élites',29,1169045538,165,0,1,0,0,8925,8925,0,1169989200,0),(1105,31,'RDV alliance - Drops élites',29,1169045566,204,0,1,0,0,8926,8926,0,1170594000,0),(1143,31,'Week end triple chance de drop du vert sur cantha',59,1169709907,178,0,0,0,0,9061,9061,0,1169841600,215939),(1142,17,'A la recherche d\'une Hache',225,1169651723,213,5,0,0,0,9049,9097,0,0,0),(1302,39,'BOT : alexyma (alexyma@voltaren.org) DEL + BAN',29,1175763892,2,0,0,0,0,9780,9780,0,0,0),(1140,21,'Info : Zônes Élites (Nightfall)',29,1169548166,309,6,0,0,0,9007,9019,0,0,0),(1139,21,'Info : Chasse aux trésors (Nightfall)',29,1169541531,392,4,0,0,0,9006,10097,0,0,0),(1138,26,'La course folle!',59,1169477346,33,4,0,0,0,9002,9031,0,0,0),(1137,8,'Vidéos de la guilde',59,1169455790,361,15,0,0,0,8996,9060,0,0,0),(1136,26,'monter une vrai team GvG ?',129,1169335372,20,1,0,0,0,8984,9041,0,0,0),(1135,22,'Team HoH Derviche Grenth  et EL /P',59,1169312384,24,0,0,0,0,8982,8982,0,0,0),(1115,14,'je souhaite entrer dans cette guild',229,1169046504,91,0,0,0,0,8936,8936,0,0,0),(1116,14,'Demande de recrutement',230,1169051031,231,3,0,0,0,8937,8976,0,0,0),(1117,8,'Le loto de Tarma',199,1169052885,747,34,0,0,0,8938,9046,0,0,0),(1134,22,'Team Derviche Assassin HoH',59,1169294665,51,1,0,0,0,8980,8993,0,0,0),(1120,23,'Protection du forum',2,1169064877,162,0,0,0,0,8947,8947,0,0,0),(1130,1,'Vidéo... comment dire... pas mal',230,1169151162,136,2,0,0,0,8963,8974,0,0,0),(1133,26,'Que faire en cas de spam sur le fofo',59,1169206602,40,5,0,0,0,8972,9334,0,0,0),(1132,21,'Titre : Grand maître cartographe (Technique)',29,1169200423,282,1,0,0,0,8971,10004,0,0,0),(1146,21,'Info : Héros (Nightfall)',29,1169800957,605,9,0,0,0,9073,9153,0,0,0),(1301,33,'Changement de Hall',186,1175679534,32,3,1,0,0,9777,9781,0,0,0),(1148,8,'La course Folle!',59,1170000009,149,4,1,0,0,9081,9100,0,0,0),(1346,32,'RDV GVG mardi 1er mai 2007',2,1177517963,83,9,0,0,0,9999,10155,0,1178049600,0),(1150,17,'ACHETE Récompenses de Quêtes &amp; Bières fraiches ;-)',29,1170101725,205,4,0,0,0,9098,9107,0,0,0),(1151,31,'RDV alliance - HOH',29,1171015963,157,0,1,0,0,9109,9109,0,1171047600,0),(1152,31,'RDV alliance - Amicaux et Escarmouches',29,1171016013,158,0,1,0,0,9110,9110,0,1171116000,0),(1153,31,'RDV alliance - Drops élites',29,1171016055,166,0,1,0,0,9111,9111,0,1171198800,0),(1154,31,'RDV alliance - Amicaux et Escarmouches (pour No-Life)',29,1171016103,167,0,1,0,0,9112,9112,0,1171479600,0),(1155,31,'RDV alliance - HOH',29,1171016157,159,0,1,0,0,9113,9113,0,1171652400,0),(1156,31,'RDV alliance - Amicaux et Escarmouches',29,1171016187,153,0,1,0,0,9114,9114,0,1171720800,0),(1157,31,'RDV alliance - Drops élites',29,1171016250,183,0,1,0,0,9115,9115,0,1171803600,0),(1158,31,'RDV alliance - Amicaux et Escarmouches',29,1171016289,159,0,1,0,0,9116,9116,0,1172084400,0),(1159,31,'RDV alliance - HOH',29,1171016333,153,0,1,0,0,9117,9117,0,1172257200,0),(1160,31,'RDV alliance - Amicaux et Escarmouches',29,1171016367,164,0,1,0,0,9118,9118,0,1172325600,0),(1161,31,'RDV alliance - Drops élites',29,1171016402,140,0,1,0,0,9119,9119,0,1172408400,0),(1162,31,'RDV alliance - Amicaux et Escarmouches',29,1171016435,133,0,1,0,0,9120,9120,0,1172689200,0),(1163,31,'RDV alliance - HOH',29,1171018939,163,0,1,0,0,9121,9121,0,1172862000,0),(1164,31,'RDV alliance - Amicaux et Escarmouches',29,1171019002,145,0,1,0,0,9122,9122,0,1172930400,0),(1165,31,'RDV alliance - Drops élites',29,1171019043,151,0,1,0,0,9123,9123,0,1173013200,0),(1166,31,'RDV alliance - Amicaux et Escarmouches',29,1171019081,177,0,1,0,0,9124,9124,0,1173294000,0),(1167,31,'Week-end : 3 fois plus de fun',29,1171025414,215,0,0,0,0,9125,9125,0,1171047600,215999),(1168,31,'Week-end : Nouvel An Canthien',29,1171025885,226,0,0,0,0,9126,9126,0,1171656000,259199),(1169,21,'Événement : Hivernel',29,1171027678,125,2,0,0,0,9127,9130,0,0,0),(1170,21,'Événement : Halloween',29,1171028368,113,0,0,0,0,9129,9129,0,0,0),(1171,21,'Événement : Nouvel An Canthien',29,1171028820,126,0,0,0,0,9131,9131,0,0,0),(1299,39,'BOT : hellenmoranov (hellen@1alcoholrehab.org) DEL + BAN',29,1175670393,1,0,0,0,0,9775,9775,0,0,0),(1173,21,'Générateur d\'image de titres',29,1171031195,257,4,0,0,1,9133,10213,0,0,0),(1174,26,'C\'est quoi cette blague ?',59,1171042913,48,8,0,0,0,9141,9158,0,0,0),(1255,32,'Sortie HOH vendredi 23/03/07 à 21h',2,1174404049,49,6,0,0,0,9579,9637,0,1174680000,0),(1298,39,'BOT : Hgtrfer (soft@dor1.info) DEL + BAN',29,1175670225,1,0,0,0,0,9774,9774,0,0,0),(1177,17,'Recherche de Pask',225,1171275572,300,9,0,0,0,9164,9940,0,0,0),(1178,26,'Changement dans la charte',2,1171288730,53,13,0,0,0,9168,9327,0,0,0),(1179,8,'Loto Tarma Semaine du 12/2',199,1171307231,724,20,1,0,0,9189,9285,0,0,0),(1180,1,'Enigme',3,1171316261,420,14,0,0,0,9201,9279,0,0,0),(1181,21,'Comment lancer plusieurs instances GW sur le même PC !',29,1171379861,154,1,0,0,1,9211,9216,0,0,0),(1182,8,'Futures modifications du jeu',59,1171449310,223,7,0,0,0,9226,9249,0,0,0),(1183,35,'SPAM (please, i\'m not andurstend)',-1,1171451442,71,1,1,0,0,9229,9230,0,0,0),(1184,35,'SPAM (help me please)',-1,1171453475,86,1,1,0,0,9231,9232,0,0,0),(1185,35,'test de SPAM',-1,1171455483,76,1,1,0,0,9233,9234,0,0,0),(1186,1,'Les bienfaits du jeu vidéo',2,1171455811,149,3,0,0,0,9235,9277,0,0,0),(1187,1,'hihi matter moi ça',129,1171464104,180,5,0,0,0,9240,9270,0,0,0),(1188,8,'Nouvel an canthien',59,1171524079,141,5,0,0,0,9250,9255,0,0,0),(1189,1,'Bonne Anniversaire !!!',87,1171533586,201,8,0,0,0,9258,9278,0,0,0),(1190,21,'Event : Ce qu\'il faut dropper !',199,1171556034,109,0,0,0,0,9265,9265,0,0,0),(1191,21,'Titre : Gourmand (Technique)',29,1171737102,214,1,0,0,0,9280,10239,0,0,0),(1192,1,'Pub',84,1171795622,167,5,0,0,0,9282,9320,0,0,0),(1193,8,'Build !!!',225,1171812352,90,2,0,0,0,9283,9300,0,0,0),(1194,1,'College Saga',202,1171813545,132,4,0,0,0,9284,9317,0,0,0),(1195,8,'Loto Tarma - Semaine du 19/2',199,1171872030,342,14,1,0,0,9286,9339,0,0,0),(1196,8,'Nouveau Week end spécial ( nighty va etre content ^^ )',59,1172042823,99,3,0,0,0,9305,9310,0,0,0),(1197,31,'Ce vendredi : Week-end spécial jeux',29,1172044781,143,0,0,0,0,9307,9307,0,1172260800,215999),(1198,21,'Titre : Joueur (Technique)',29,1172051786,106,0,0,0,0,9308,9308,0,0,0),(1199,21,'Événement : Spécial Jeux',29,1172069833,80,0,0,0,0,9311,9311,0,0,0),(1200,21,'Événement : Kermesse de Shing Jea',29,1172070091,76,0,0,0,0,9312,9312,0,0,0),(1201,21,'Événement : Festival du Dragon',29,1172070310,71,0,0,0,0,9313,9313,0,0,0),(1353,21,'Événement : Deuxième anniversaire de Guild Wars',29,1177657477,62,0,0,0,0,10017,10017,0,0,0),(1354,23,'Mise à jour - 27 avril 2007',29,1177666802,52,0,0,0,0,10030,10030,0,0,0),(1204,35,'SPAM (how this works?)',-1,1172293656,42,1,1,0,0,9329,9331,0,0,0),(1205,35,'SPAM (how this works?)',-1,1172299248,47,1,1,0,0,9330,9332,0,0,0),(1206,21,'Titre : Chance (Technique)',29,1172305705,233,1,0,0,0,9335,10021,0,0,0),(1207,21,'Titre : Malchance (Technique)',29,1172306377,144,1,0,0,0,9336,10022,0,0,0),(1315,8,'Vos avis et critiques sur le nouveau Hall',29,1176447574,157,5,0,0,0,9842,9926,0,0,0),(1211,8,'Loto Tarma - Semaine du 26/02',199,1172492868,220,9,1,0,0,9346,9362,0,0,0),(1210,1,'Final Fantasy XII',129,1172436922,343,16,0,0,0,9340,9461,0,0,0),(1212,8,'Nouvel an, la fête du cochon !',221,1172537916,112,2,0,0,0,9357,9366,0,0,0),(1213,21,'Moine Farm 55 Hp UW (accompagné d\'un Necro)',29,1172599627,86,1,0,0,0,9363,9364,0,0,0),(1214,21,'Necro ss/sv pour accompagner un m 55hp',59,1172603704,115,1,0,0,0,9365,9372,0,0,0),(1215,31,'Event : Week-end Bonus GvG en approche!',29,1172649227,143,0,0,0,0,9367,9367,0,1172865600,215999),(1216,35,'SPAM (sorry.. heed help)',-1,1172744622,36,1,1,0,0,9368,9369,0,0,0),(1217,35,'SPAM',-1,1172844176,27,1,1,0,0,9370,9371,0,0,0),(1218,2,'TS',225,1172998129,115,1,1,0,0,9374,9375,0,0,0),(1219,22,'telecharger Teamspeak',129,1142800898,33,2,2,0,0,2988,3083,420,0,0),(1220,21,'Team Speak (liens : DL,Patch fr, FAQ)',129,1173019428,107,1,1,0,1,9376,9377,0,0,0),(1222,8,'Loto Tarma - Semaine du 5/03',199,1173109454,253,10,1,0,0,9379,9414,0,0,0),(1223,31,'Event : Week-end spécial Héros',29,1173252560,147,0,0,0,0,9387,9387,0,1173470400,215999),(1224,36,'Présentation',2,1173280956,120,0,1,0,1,9388,9388,0,0,0),(1225,3,'Marre du capitalisme',2,1173286360,147,18,0,0,0,9389,9411,0,0,0),(1352,28,'Robin Leaf',59,1177652736,159,10,0,0,0,10013,10061,0,0,0),(1227,23,'Mise à jour - 8 mars 2007',29,1173430310,122,0,0,0,0,9403,9403,0,0,0),(1229,26,'Proposition PvP',2,1173700849,25,4,0,0,0,9413,9418,0,0,0),(1230,24,'Il Faraday Il',260,1173812954,712,42,0,0,0,9419,9515,0,0,0),(1231,8,'Proposition pour le loto',2,1173827603,202,12,0,0,0,9428,9483,0,0,0),(1233,8,'Week End spécial Chanceux (non pas de kermesse Nighty)',219,1173835121,77,3,0,0,0,9436,9452,0,0,0),(1234,31,'Event : Week-end pour les chanceux',29,1173852457,126,0,0,0,0,9440,9440,0,1174075200,215999),(1235,26,'Loto Tarma - Semaine du 12/03',199,1173885384,480,31,1,0,0,9462,9546,0,0,0),(1236,39,'BOT : SigMaster (hi@buy-24h.net.ru) DEL + BAN',29,1173944327,22,0,0,0,0,9485,9485,0,0,0),(1237,39,'BOT : KipLahss (kiplahss@runbox.us) DEL + BAN',29,1173962015,15,0,0,0,0,9489,9489,0,0,0),(1238,39,'BOT : TilaBionea (tilabionea@runbox.com) DEL + BAN',29,1173964575,11,0,0,0,0,9490,9490,0,0,0),(1239,39,'BOT : LailaFisherman (lailafisherman@runbox.us) DEL + BAN',29,1174029658,13,0,0,0,0,9501,9501,0,0,0),(1243,39,'BOT : vinorin (gerantex@a.ua) DEL + BAN',29,1174290533,10,0,0,0,0,9517,9517,0,0,0),(1241,39,'Règles d\'identification de certains bots',29,1174035653,82,0,0,0,2,9503,9503,0,0,0),(1242,39,'BOT : limpoporanique (limpoporanique7148@yahoo.com) DEL+BAN',29,1174035893,8,0,0,0,0,9504,9504,0,0,0),(1244,23,'Mise à jour - 16 mars 2007',29,1174293952,109,0,0,0,0,9518,9518,0,0,0),(1246,3,'qu\'est ce qui vous arrive???',129,1174356597,28,2,0,0,0,9537,9543,0,0,0),(1247,1,'je rend mon tablier...',129,1174360088,300,16,0,0,0,9538,9609,0,0,0),(1248,8,'Loto : proposition #1',2,1174394060,207,9,0,0,0,9549,9621,0,0,0),(1249,8,'Loto : proposition #2',2,1174395136,176,5,0,0,0,9550,9602,0,0,0),(1250,8,'Snif Award : proposition',2,1174396080,350,16,0,0,0,9553,9634,0,0,0),(1251,22,'Rôdeur Gank',2,1174398786,16,0,0,0,0,9554,9554,0,0,0),(1253,8,'Cape du mois d\'avril',2,1174400568,322,13,0,1,0,9560,9651,0,0,0),(1254,22,'Build HOH boa',202,1174403732,21,0,0,0,0,9577,9577,0,0,0),(1264,1,'PS3 et le online ;)',3,1174736588,135,6,0,0,0,9648,9755,0,0,0),(1257,39,'BOT : mrwelli (mrwelli@wellbutrinsr.org) DEL + BAN',29,1174462307,11,0,0,0,0,9607,9607,0,0,0),(1258,1,'Bonne Anniversaire !!!',87,1174467090,225,9,0,0,0,9615,9631,0,0,0),(1259,31,'Event : Week-end spécial Fissure du Malheur et Outre-Monde',29,1174474146,108,0,0,0,0,9617,9617,0,1174680000,215999),(1260,39,'BOT : trammii (trammii@buytramadol.net) DEL + BAN',29,1174547634,11,0,0,0,0,9629,9629,0,0,0),(1261,23,'Rangs de posteur',29,1174637335,89,0,0,0,0,9635,9635,0,0,0),(1262,39,'BOT : mslisai (mslisai@onlineusapharmacy.org) DEL + BAN',29,1174640213,7,0,0,0,0,9636,9636,0,0,0),(1314,19,'Le bonjour de Lego',185,1176415625,150,6,0,0,0,9840,9856,0,0,0),(1265,3,'Je suis déçu \'-_-',225,1174847475,43,3,0,0,0,9656,9660,0,0,0),(1266,39,'BOT : GaabiStorm (gaabistorm@inmail24.com) DEL + BAN',29,1174853316,7,0,0,0,0,9657,9657,0,0,0),(1267,39,'BOT : Ipatiplakat (advert2007@tut.by) DEL + BAN',29,1174928754,5,0,0,0,0,9661,9661,0,0,0),(1388,8,'Grande opération d\'entraide.',2,1179478914,239,11,0,0,1,10266,10334,0,0,0),(1269,8,'Au revoir',-1,1174999875,100,4,1,0,0,9668,9677,0,0,0),(1270,21,'Elementaliste: Farm Uw Solo (personnage NF)',260,1175018424,72,0,0,0,0,9678,9678,0,0,0),(1271,22,'Elementaliste: Farm Uw Solo (personnage NF)',260,1175018424,5,0,2,0,0,9678,9678,1270,0,0),(1272,31,'Event : Ascension des Héros : changements et bonus',29,1175027589,129,0,0,0,0,9680,9680,0,1175284800,215999),(1273,26,'En a marre ...',219,1175036638,47,5,0,0,0,9681,9697,0,0,0),(1279,23,'Mise à jour - 30 mars 2007',29,1175063958,68,0,0,0,0,9691,9691,0,0,0),(1275,27,'Intox La flèche',59,1175063090,48,12,0,0,0,9686,10060,0,0,0),(1276,23,'Mise à jour - 20 mars 2007',29,1175063650,46,0,0,0,0,9688,9688,0,0,0),(1277,23,'Mise à jour - 23 mars 2007',29,1175063853,57,0,0,0,0,9689,9689,0,0,0),(1278,26,'Droits du TS',59,1175063857,12,2,0,0,0,9690,9695,0,0,0),(1280,26,'Retour au service de Tarma et Poppu?',2,1175092033,40,7,0,0,0,9696,9725,0,0,0),(1281,22,'Ele Eau Brise-Roc',2,1175093903,24,0,0,0,0,9698,9698,0,0,0),(1282,32,'RDV GVG samedi 31/03/07 à 21h',2,1175095299,81,8,0,0,0,9699,9748,0,1175371200,0),(1283,22,'Guerrier Décharge',2,1175097376,21,0,0,0,0,9701,9701,0,0,0),(1284,22,'Parangon Conditions',2,1175105856,14,0,0,0,0,9704,9704,0,0,0),(1285,22,'Moine SoR',2,1175111020,14,0,0,0,0,9705,9705,0,0,0),(1286,22,'Moine ZB',2,1175172383,13,0,0,0,0,9708,9708,0,0,0),(1287,22,'Moine Délivrance Flag',2,1175180343,9,0,0,0,0,9711,9711,0,0,0),(1288,32,'RDV GVG mardi 03/04/07 à 21h',2,1175181372,84,14,0,0,0,9712,9773,0,1175630400,0),(1289,8,'Bug Du Supréme Dragon D\'Os Miniature ! Mouhouhaha !',221,1175207470,77,0,0,0,0,9718,9718,0,0,0),(1290,39,'BOT : GRIENlord (grin@itua.info) DEL + BAN',29,1175245110,4,0,0,0,0,9722,9722,0,0,0),(1291,23,'Inscription limitée',29,1175265252,68,0,0,0,2,9727,9727,0,0,0),(1292,24,'xseth - Setesh',262,1175271515,197,11,0,0,0,9730,9751,0,0,0),(1347,21,'Info : Influence des Titres dans le Jeu',29,1177577745,341,12,0,0,0,10001,10258,0,0,0),(1355,21,'Titre : Chercheur de Sagesse (Technique)',29,1177667318,70,0,0,0,0,10031,10031,0,0,0),(1356,3,'La suite',221,1177673216,35,1,1,0,0,10037,10038,0,0,0),(1357,19,'Activation de compte',-1,1177758266,79,1,0,0,0,10064,10072,0,0,0),(1358,21,'zone d\'exploration en hard',266,1177766418,206,8,0,0,0,10065,10469,0,0,0),(1359,24,'Audrey',261,1177960838,476,22,0,0,0,10074,10168,0,0,0),(1360,1,'[Photo Exclusivité !]Tarma et sa grosse Bitte',221,1177972130,134,4,0,0,0,10078,10124,0,0,0),(1361,8,'Snif award du mois de mai',2,1178010884,725,35,0,0,0,10084,10395,0,0,0),(1362,8,'Cape du mois de juin',2,1178012498,538,25,0,1,0,10086,10402,0,0,0),(1363,39,'BOT : LordHistory (fryxty@mail333.com) DEL + BAN',29,1178088538,1,0,0,0,0,10119,10119,0,0,0),(1364,39,'BOT : hellenvorovson (hellenvorovson@gorazo.biz) DEL + BAN',29,1178088796,1,0,0,0,0,10120,10120,0,0,0),(1365,23,'Mise à jour - 28 avril 2007',29,1178091181,50,0,0,0,0,10128,10128,0,0,0),(1366,39,'BOT : tomy-londoner (testwpage@medics.nazwa.pl) BAN + DEL',29,1178113062,1,0,0,0,0,10139,10139,0,0,0),(1367,24,'Xam',279,1178119830,148,6,0,0,0,10142,10159,0,0,0),(1368,18,'Championnat de France de GW',282,1178265006,54,0,0,0,0,10163,10163,0,0,0),(1369,31,'Event : Double récompenses lors de Capture d\'élite',29,1178286922,71,0,0,0,0,10170,10170,0,1178308800,215999),(1370,23,'Mise à jour - 3 mai 2007',29,1178288143,86,1,0,0,0,10171,10193,0,0,0),(1371,24,'Demon Toxic',285,1178414909,149,7,0,0,0,10176,10183,0,0,0),(1372,35,'SPAM All our products are covered by an unconditional 60',-1,1178531450,7,0,1,0,0,10184,10184,0,0,0),(1373,39,'BOT : jonhconn (zascon@rambler.ru) DEL + BAN',29,1178532134,1,0,0,0,0,10185,10185,0,0,0),(1374,39,'BOT : alexcann (alexcann@onlinecipro.org) DEL + BAN',29,1178532468,1,0,0,0,0,10186,10186,0,0,0),(1375,39,'BOT : voodoosdv (voodoo66@mail.com) DEL + BAN',29,1178532757,2,0,0,0,0,10187,10187,0,0,0),(1376,39,'BOT : LordSazet (xasert@mail15.com) DEL + BAN',29,1178533213,0,0,0,0,0,10188,10188,0,0,0),(1377,35,'SPAM Abode Acrobat Reader v7.0 Pro: Our Price: $69.95, You S',-1,1178585539,7,0,1,0,0,10190,10190,0,0,0),(1378,28,'Faena',176,1178624514,98,2,0,0,0,10191,10194,0,0,0),(1379,31,'Event : Double Récompense en Ascension des Héros (HoH)',29,1178789507,66,0,0,0,0,10196,10196,0,1178913600,215999),(1380,31,'Sortie : 2 Zones Hard =&gt; Temple des Ages vers Galrath',29,1178801298,93,2,0,0,0,10198,10200,0,1178824500,0),(1381,28,'Absence de Rhylek',2,1178819596,230,12,0,0,0,10202,10238,0,0,0),(1382,23,'Mise à jour - 10 mai 2007',29,1178895073,55,0,0,0,0,10210,10210,0,0,0),(1383,39,'BOT : moorewdxw (1@0amy.info) DEL + BAN',29,1179149263,1,0,0,0,0,10218,10218,0,0,0),(1384,28,'Absence de Didou',94,1179154050,283,15,0,0,0,10219,10263,0,0,0),(1385,27,'Intox ...encore',129,1179179241,34,5,0,0,0,10226,10243,0,0,0),(1386,39,'BOT : annagoood (anna77good@ukr.net) DEL + BAN',29,1179217249,1,0,0,0,0,10240,10240,0,0,0),(1387,31,'Event : Etes-vous en veine ?',29,1179291763,70,0,0,0,0,10244,10244,0,1179518400,215999),(1389,27,'TARMA',29,1179490391,52,5,0,0,0,10272,10282,0,0,0),(1390,26,'Infos diverses',2,1179496502,9,0,0,0,1,10280,10280,0,0,0),(1391,28,'Absences de Aio et xseth.',271,1179612509,219,10,0,0,0,10287,10365,0,0,0),(1392,17,'La boutique de Pask',225,1179765387,30,0,0,0,0,10299,10299,0,0,0),(1393,23,'Guild Wars : le cadre de Eye Of The North',2,1179836830,108,4,0,0,0,10302,10312,0,0,0),(1394,31,'Event : Week-end double récompense en GvG',29,1179895493,44,0,0,0,0,10306,10306,0,1180123200,215999),(1395,39,'BOT : mobusparrcwq (admin@0ann.info) DEL + BAN',29,1179901899,2,0,0,0,0,10307,10307,0,0,0),(1396,31,'Sortie en Urgoz ce dimanche 27/05/2007',59,1179906213,357,18,1,0,0,10309,10355,0,0,0),(1397,8,'Recensement des Add-ons',29,1179993696,223,13,0,0,1,10325,10350,0,0,0),(1398,39,'BOT : oxacule (sendy@toughguy.net) DEL + BAN',29,1179999678,1,0,0,0,0,10329,10329,0,0,0),(1399,21,'Titre : Ami des Kurzicks (Technique)',29,1180091754,57,0,0,0,0,10345,10345,0,0,0),(1400,21,'Titre : Ami des Luxons (Technique)',29,1180092049,46,0,0,0,0,10346,10346,0,0,0),(1401,21,'Info : Allégeance (Guilde/Alliance Kurzick/Luxon)',29,1180096343,51,0,0,0,0,10347,10347,0,0,0),(1402,21,'Info : Points Kurzick/Luxon',29,1180100136,61,0,0,0,0,10348,10348,0,0,0),(1403,23,'Mise à jour - 25 mai 2007',29,1180102457,52,0,0,0,0,10349,10349,0,0,0),(1404,27,'Ko Haykou',59,1180283936,17,3,0,0,0,10357,10364,0,0,0),(1405,1,'Salutations d\'un Arpenteur',84,1180291181,89,4,0,0,0,10358,10366,0,0,0),(1406,31,'Sortie en Urgoz ce Jeudi 31 mai 2007 vers 20h30',59,1180529843,52,1,1,0,0,10371,10372,0,1180636200,0),(1407,23,'Mise à jour - 26 mai 2007',29,1180543462,44,0,0,0,0,10375,10375,0,0,0),(1408,23,'Participez au tirage au sort &quot;Retour en Tyrie&quot; !',29,1180543821,52,0,0,0,0,10376,10376,0,0,0),(1409,31,'Butins et nécessaires de crochetage à foison',29,1180544224,57,0,0,0,0,10377,10377,0,1180728000,215999),(1410,28,'Ayaya',268,1180619975,95,4,0,0,0,10378,10399,0,0,0),(1411,21,'Aide pour les abbréviations utilisées dans le jeu',220,1180683189,137,7,0,0,0,10381,10405,0,0,0),(1412,8,'Snif award du mois de juin',2,1180694433,243,13,0,0,0,10387,10414,0,0,0),(1413,8,'Cape du mois de juillet',2,1180694622,33,0,0,0,0,10389,10389,0,0,0),(1414,31,'sortie FOW mardi 5 juin 20h30',266,1180955494,153,6,1,0,0,10417,10428,0,1181068200,0),(1415,8,'le jour est enfin arrivé!',129,1181065848,378,20,0,0,0,10430,10472,0,0,0),(1416,26,'Grand nettoyage',2,1181072979,72,13,0,0,0,10438,10489,0,0,0),(1417,31,'Event : Récompenses suppl. dans les Batailles d\'Alliances',29,1181106551,133,7,0,0,0,10446,10470,0,1181332800,215999),(1418,23,'Le mot du chef sur les récents évènements.',2,1181209030,45,0,0,0,0,10461,10461,0,0,0),(1419,23,'Mise à jour - 1 juin 2007',29,1181321853,24,0,0,0,0,10474,10474,0,0,0),(1420,23,'Mise à jour - 7 juin 2007',29,1181322095,21,0,0,0,0,10475,10475,0,0,0),(1421,26,'Candidature de Mao Tse Tung',2,1181327577,12,2,0,0,0,10476,10479,0,0,0),(1422,28,'Départ',101,1181336223,125,9,0,0,0,10477,10492,0,0,0),(1423,39,'BOT : ziftman (ziftman@genericclomid.org) DEL + BAN',29,1181545068,1,0,0,0,0,10487,10487,0,0,0),(1424,39,'BOT : ciallman (ciallman@genericclomid.org) DEL + BAN',29,1181545171,2,0,0,0,0,10488,10488,0,0,0);

--
-- Table structure for table `phpbb3_topics_watch`
--

CREATE TABLE `phpbb3_topics_watch` (
  `topic_id` mediumint(8) unsigned NOT NULL default '0',
  `user_id` mediumint(8) NOT NULL default '0',
  `notify_status` tinyint(1) NOT NULL default '0',
  KEY `topic_id` (`topic_id`),
  KEY `user_id` (`user_id`),
  KEY `notify_status` (`notify_status`)
) ENGINE=MyISAM DEFAULT CHARSET=latin1 COLLATE=latin1_general_ci;

--
-- Dumping data for table `phpbb3_topics_watch`
--


INSERT INTO `phpbb3_topics_watch` VALUES (149,65,1),(149,5,0),(936,206,1),(123,3,0),(1030,206,0),(185,56,1),(138,3,1),(138,33,0),(156,3,0),(158,65,0),(159,3,0),(107,70,1),(160,70,0),(23,65,0),(149,24,0),(161,3,0),(161,23,0),(800,122,0),(185,65,1),(189,28,0),(185,64,1),(1344,220,0),(132,64,0),(926,15,1),(190,65,0),(189,65,0),(1029,202,0),(141,64,1),(194,28,0),(185,15,0),(790,122,0),(1320,262,0),(189,68,0),(192,68,1),(132,65,0),(350,26,1),(185,28,0),(132,56,1),(195,56,1),(196,11,0),(196,70,0),(185,68,0),(197,15,0),(197,70,0),(197,65,0),(197,66,0),(197,41,1),(207,65,0),(210,65,0),(208,65,1),(208,68,0),(185,59,1),(1087,225,0),(107,15,1),(190,15,0),(114,15,0),(197,23,0),(216,23,0),(1349,29,0),(898,195,0),(1201,29,0),(1338,271,0),(835,87,0),(216,65,1),(216,70,1),(185,41,0),(936,262,0),(218,11,1),(218,70,1),(221,68,0),(221,70,0),(221,41,0),(221,65,0),(226,41,0),(224,41,0),(224,56,1),(221,11,0),(226,70,1),(225,65,0),(226,65,0),(226,11,0),(228,70,0),(140,20,0),(25,20,1),(226,20,0),(25,59,0),(226,68,0),(230,68,0),(230,65,1),(230,41,0),(507,7,0),(236,41,0),(235,41,0),(1200,29,0),(239,48,1),(216,48,1),(1199,29,0),(241,41,1),(242,11,0),(243,41,0),(244,41,1),(242,41,0),(245,41,0),(244,65,1),(1198,29,0),(850,185,1),(247,41,0),(248,3,0),(247,23,0),(943,198,1),(245,47,0),(1207,29,0),(250,47,1),(251,47,0),(25,225,0),(1063,202,0),(1024,204,0),(1194,219,0),(258,37,0),(1254,202,0),(1345,225,1),(258,8,0),(362,59,0),(258,7,0),(849,122,0),(936,260,1),(261,41,0),(834,122,0),(305,225,0),(261,20,0),(264,47,0),(265,47,0),(265,41,0),(1339,225,0),(1195,202,0),(264,41,0),(268,47,0),(269,7,0),(789,122,0),(269,20,0),(976,200,1),(1400,29,0),(1026,202,0),(1340,266,0),(804,122,0),(284,37,1),(839,122,0),(284,20,0),(156,41,0),(11,47,1),(156,47,1),(1319,262,0),(821,122,0),(820,122,0),(789,180,0),(289,47,0),(1303,254,1),(775,122,0),(291,24,0),(291,7,0),(811,122,1),(812,122,0),(806,122,0),(1218,225,0),(284,8,0),(802,122,1),(284,7,0),(1339,266,0),(825,122,0),(296,20,0),(258,20,0),(314,59,0),(11,20,1),(25,26,1),(250,26,0),(303,26,0),(1320,266,0),(1319,254,1),(375,26,0),(314,26,0),(308,59,0),(456,26,0),(308,26,0),(313,59,0),(308,41,1),(1117,225,0),(1146,29,0),(63,26,0),(315,26,0),(312,41,0),(313,41,0),(156,20,0),(308,20,1),(1288,260,0),(320,8,0),(318,59,0),(1265,225,0),(1231,221,1),(324,59,0),(1210,260,0),(1116,230,0),(662,198,1),(1117,230,1),(1117,220,0),(1144,29,0),(993,199,0),(1117,219,1),(1115,229,0),(320,7,0),(326,20,1),(320,20,0),(330,59,0),(1230,221,1),(320,24,0),(101,125,0),(328,59,0),(1295,260,0),(795,122,0),(1117,202,0),(551,20,0),(334,59,0),(262,59,0),(333,26,1),(107,26,1),(497,62,1),(107,59,0),(332,59,0),(1007,206,1),(1132,29,0),(1137,225,0),(552,16,0),(793,122,0),(1140,29,0),(1137,230,0),(101,230,1),(521,26,1),(968,199,0),(1231,260,0),(101,220,0),(936,198,1),(936,230,1),(435,26,0),(936,225,0),(1139,29,0),(347,59,0),(1145,29,0),(350,59,1),(929,260,0),(1230,202,0),(1116,199,0),(1130,230,0),(354,59,0),(352,59,0),(1142,225,0),(787,122,0),(1091,202,0),(355,59,0),(466,7,0),(472,26,1),(1194,202,0),(1193,225,0),(1092,220,0),(784,122,0),(451,20,0),(363,26,1),(364,59,0),(507,37,0),(456,7,0),(255,59,0),(772,122,1),(1195,220,0),(774,122,0),(357,59,0),(925,15,1),(510,47,0),(368,59,0),(1191,29,0),(371,59,0),(766,122,0),(369,59,0),(370,59,0),(332,26,1),(563,7,0),(1306,225,0),(565,16,0),(1045,202,0),(1047,206,0),(1306,260,0),(1316,225,1),(569,20,0),(350,122,1),(762,202,0),(1033,206,0),(1040,206,0),(348,37,0),(1319,225,0),(584,122,0),(581,20,0),(1032,202,0),(586,122,0),(783,122,0),(785,122,0),(581,8,1),(590,122,0),(592,122,0),(1046,206,1),(1049,206,1),(1320,220,0),(1032,206,1),(1047,212,1),(398,8,1),(1052,206,1),(933,197,1),(986,199,0),(936,202,1),(697,122,0),(1052,213,0),(598,122,0),(350,16,1),(710,122,0),(609,122,0),(614,8,0),(614,37,0),(616,16,1),(617,16,1),(25,37,1),(639,122,0),(604,122,0),(646,122,1),(1045,211,1),(1321,220,0),(1043,210,1),(664,122,0),(1041,202,0),(1048,202,0),(393,24,1),(1035,202,0),(1289,221,0),(676,122,0),(1035,201,0),(764,122,1),(761,87,0),(675,20,0),(692,20,0),(1345,268,1),(741,122,0),(722,122,0),(730,122,0),(1230,260,0),(1034,206,0),(1031,206,1),(1310,225,0),(1340,225,0),(1058,202,0),(1059,214,0),(1046,201,0),(1046,202,0),(1059,202,0),(1062,202,0),(1014,202,0),(1091,225,0),(1195,221,0),(1195,219,0),(1187,219,0),(1179,202,0),(1189,225,1),(1187,225,1),(1179,239,1),(1182,219,0),(1180,219,0),(845,225,0),(1344,225,0),(1181,29,0),(1179,221,1),(1179,225,1),(1179,219,0),(1186,219,0),(1314,225,0),(1294,225,0),(1295,220,0),(1282,220,0),(1177,219,0),(1177,225,0),(1294,254,0),(1292,260,1),(1288,262,0),(1146,219,0),(1146,225,0),(1206,29,0),(1189,219,0),(462,225,1),(462,29,0),(1171,29,0),(1170,29,0),(1169,29,0),(1399,29,0),(1343,266,0),(1087,202,0),(1086,202,0),(1089,29,0),(1303,225,1),(1062,206,0),(1072,217,1),(1075,219,0),(1076,220,0),(1076,219,0),(936,219,0),(936,220,1),(1073,202,0),(1079,221,0),(936,221,1),(1080,222,1),(1080,202,0),(1303,263,1),(1307,263,1),(1292,225,0),(1085,202,0),(1086,220,0),(1087,220,0),(1087,219,0),(1173,29,0),(1214,225,0),(1320,221,1),(1319,221,1),(1348,29,0),(1211,202,0),(1210,202,0),(1210,220,0),(1247,202,0),(1211,219,0),(1211,221,1),(1212,221,0),(1090,29,0),(1222,202,0),(1225,225,0),(1258,225,1),(25,260,0),(1225,220,0),(1315,220,1),(1258,220,1),(1222,221,1),(1225,221,0),(25,199,0),(1253,260,0),(1231,225,0),(1230,225,0),(1231,202,0),(1235,260,0),(25,262,0),(1235,202,1),(1235,221,1),(25,221,1),(1235,225,0),(1258,202,0),(1288,220,0),(1255,221,0),(1253,225,0),(1247,225,0),(1248,225,0),(1264,225,1),(1303,262,0),(1252,220,0),(1318,260,0),(1347,29,0),(1270,260,0),(1292,262,0),(1307,220,0),(1320,254,1),(1315,225,0),(1320,260,0),(1320,225,1),(1384,225,1),(1338,225,0),(1351,221,0),(1355,29,0),(1362,268,0),(1353,29,0),(1356,221,1),(1173,266,0),(1352,225,0),(1139,262,0),(1139,266,0),(1358,266,0),(1358,271,0),(1381,270,0),(1396,271,0),(1359,261,0),(1359,225,0),(1321,221,1),(1360,221,0),(1360,266,0),(1295,221,0),(1362,270,1),(1362,225,1),(1361,225,1),(1360,225,0),(1139,225,0),(1361,220,0),(1359,266,1),(1361,266,0),(1361,262,0),(1361,268,0),(1321,225,1),(1361,260,1),(1367,279,0),(1367,225,0),(1381,225,1),(1359,279,0),(772,270,0),(1368,282,0),(1362,220,1),(772,225,0),(936,29,0),(1371,285,1),(1378,279,0),(1371,225,1),(1362,260,1),(1414,270,0),(1362,262,0),(1362,254,1),(1361,263,1),(1388,220,0),(1362,271,0),(1362,279,0),(1391,271,0),(1410,268,0),(1391,225,1),(1391,262,0),(1392,225,0),(1406,199,0),(1361,279,1),(1396,270,0),(1396,263,0),(1361,261,0),(1401,29,0),(1402,29,0),(420,29,0),(1410,271,0),(1411,220,0),(1412,220,0),(1412,271,0),(462,271,0),(462,261,0),(1414,271,0),(1412,261,0),(1412,262,0),(1412,225,0),(462,262,0),(1415,262,0),(1416,29,0),(1415,29,0),(1417,29,0),(1415,225,1),(1415,268,1),(1358,29,0),(1422,29,1),(1416,261,0);

--
-- Table structure for table `phpbb3_user_group`
--

CREATE TABLE `phpbb3_user_group` (
  `group_id` mediumint(8) NOT NULL default '0',
  `user_id` mediumint(8) NOT NULL default '0',
  `user_pending` tinyint(1) default NULL,
  KEY `group_id` (`group_id`),
  KEY `user_id` (`user_id`)
) ENGINE=MyISAM DEFAULT CHARSET=latin1 COLLATE=latin1_general_ci;

--
-- Dumping data for table `phpbb3_user_group`
--


INSERT INTO `phpbb3_user_group` VALUES (1,-1,0),(2,2,0),(256,271,0),(206,254,0),(6,290,0),(68,129,0),(185,236,0),(239,267,0),(238,266,0),(47,108,0),(6,241,0),(6,107,0),(246,268,0),(144,197,0),(178,230,0),(112,165,0),(177,229,0),(6,287,0),(190,239,0),(189,238,0),(6,204,0),(277,286,0),(46,107,0),(26,87,0),(267,279,0),(146,198,0),(6,177,0),(6,176,0),(255,270,0),(124,177,0),(123,176,0),(6,3,0),(174,226,0),(40,101,0),(173,225,0),(6,156,0),(172,224,0),(6,94,0),(162,214,0),(225,261,0),(232,262,0),(171,223,0),(233,263,0),(8,29,0),(7,2,0),(151,203,0),(8,94,0),(37,98,0),(133,186,0),(6,270,0),(6,275,0),(208,256,0),(263,275,0),(211,257,0),(33,94,0),(23,84,0),(132,185,0),(6,222,0),(6,2,0),(6,84,0),(209,2,0),(42,103,0),(6,108,0),(6,254,0),(6,87,0),(29,90,0),(168,220,0),(6,219,0),(6,101,0),(167,219,0),(163,215,0),(51,112,0),(165,217,0),(54,115,0),(6,174,0),(6,40,0),(70,131,0),(6,98,0),(236,265,0),(61,122,0),(6,236,0),(164,216,0),(139,192,0),(138,191,0),(161,213,0),(160,212,0),(6,198,0),(64,125,0),(170,222,0),(131,184,0),(6,252,0),(159,211,0),(6,145,0),(6,163,0),(158,210,0),(157,209,0),(6,161,0),(265,277,0),(90,140,0),(150,202,0),(6,29,0),(149,201,0),(169,221,0),(6,190,0),(121,174,0),(155,207,0),(6,263,0),(6,203,0),(79,140,0),(204,252,0),(279,288,0),(84,145,0),(87,148,0),(152,204,0),(292,290,0),(90,2,0),(6,206,0),(90,256,0),(154,206,0),(153,205,0),(6,200,0),(6,209,0),(148,200,0),(192,241,0),(147,199,0),(90,264,0),(6,282,0),(235,264,0),(6,165,0),(278,287,0),(98,154,0),(8,261,0),(100,156,0),(101,157,0),(102,158,0),(271,282,0),(6,157,0),(274,285,0),(104,160,0),(6,261,0),(270,281,0),(108,161,0),(110,163,0),(291,289,0),(90,257,0),(216,260,0),(115,168,0),(127,180,0),(128,181,0),(8,186,0),(6,125,0),(261,273,0),(135,188,0),(136,189,0),(257,272,0),(6,186,0),(137,190,0),(141,194,0),(142,195,0),(143,196,0),(263,275,0),(211,257,0),(33,94,0),(23,84,0),(132,185,0),(6,222,0),(6,2,0),(6,84,0),(209,2,0),(42,103,0),(6,108,0),(6,254,0),(6,87,0),(29,90,0),(168,220,0),(6,219,0),(6,101,0),(167,219,0),(163,215,0),(51,112,0),(165,217,0),(54,115,0),(6,174,0),(6,40,0),(70,131,0),(6,98,0),(236,265,0),(61,122,0),(6,236,0),(164,216,0),(139,192,0),(138,191,0),(161,213,0),(160,212,0),(6,198,0),(64,125,0),(170,222,0),(131,184,0),(6,252,0),(159,211,0),(6,145,0),(6,163,0),(158,210,0),(157,209,0),(6,161,0),(265,277,0),(90,140,0),(150,202,0),(6,29,0),(149,201,0),(169,221,0),(6,190,0),(121,174,0),(155,207,0),(6,263,0),(6,203,0),(79,140,0),(204,252,0),(279,288,0),(84,145,0),(87,148,0),(152,204,0),(292,290,0),(90,2,0),(6,206,0),(90,256,0),(154,206,0),(153,205,0),(6,200,0),(6,209,0),(148,200,0),(192,241,0),(147,199,0),(90,264,0),(6,282,0),(235,264,0),(6,165,0),(278,287,0),(98,154,0),(8,261,0),(100,156,0),(101,157,0),(102,158,0),(271,282,0),(6,157,0),(274,285,0),(104,160,0),(6,261,0),(270,281,0),(108,161,0),(110,163,0),(291,289,0),(90,257,0),(216,260,0),(115,168,0),(127,180,0),(128,181,0),(8,186,0),(6,125,0),(261,273,0),(135,188,0),(136,189,0),(257,272,0),(6,186,0),(137,190,0),(141,194,0),(142,195,0),(143,196,0);

--
-- Table structure for table `phpbb3_users`
--

CREATE TABLE `phpbb3_users` (
  `user_id` mediumint(8) NOT NULL default '0',
  `user_active` tinyint(1) default '1',
  `username` varchar(25) collate latin1_general_ci NOT NULL default '',
  `user_password` varchar(32) collate latin1_general_ci NOT NULL default '',
  `user_session_time` int(11) NOT NULL default '0',
  `user_session_page` smallint(5) NOT NULL default '0',
  `user_lastvisit` int(11) NOT NULL default '0',
  `user_regdate` int(11) NOT NULL default '0',
  `user_level` tinyint(4) default '0',
  `user_posts` mediumint(8) unsigned NOT NULL default '0',
  `user_timezone` decimal(5,2) NOT NULL default '0.00',
  `user_style` tinyint(4) default NULL,
  `user_lang` varchar(255) collate latin1_general_ci default NULL,
  `user_dateformat` varchar(14) collate latin1_general_ci NOT NULL default 'd M Y H:i',
  `user_new_privmsg` smallint(5) unsigned NOT NULL default '0',
  `user_unread_privmsg` smallint(5) unsigned NOT NULL default '0',
  `user_last_privmsg` int(11) NOT NULL default '0',
  `user_emailtime` int(11) default NULL,
  `user_viewemail` tinyint(1) default NULL,
  `user_attachsig` tinyint(1) default NULL,
  `user_allowhtml` tinyint(1) default '1',
  `user_allowbbcode` tinyint(1) default '1',
  `user_allowsmile` tinyint(1) default '1',
  `user_allowavatar` tinyint(1) NOT NULL default '1',
  `user_allow_pm` tinyint(1) NOT NULL default '1',
  `user_allow_viewonline` tinyint(1) NOT NULL default '1',
  `user_notify` tinyint(1) NOT NULL default '1',
  `user_notify_pm` tinyint(1) NOT NULL default '0',
  `user_popup_pm` tinyint(1) NOT NULL default '0',
  `user_rank` int(11) default '0',
  `user_avatar` varchar(100) collate latin1_general_ci default NULL,
  `user_avatar_type` tinyint(4) NOT NULL default '0',
  `user_email` varchar(255) collate latin1_general_ci default NULL,
  `user_icq` varchar(15) collate latin1_general_ci default NULL,
  `user_website` varchar(100) collate latin1_general_ci default NULL,
  `user_from` varchar(100) collate latin1_general_ci default NULL,
  `user_sig` text collate latin1_general_ci,
  `user_sig_bbcode_uid` varchar(10) collate latin1_general_ci default NULL,
  `user_aim` varchar(255) collate latin1_general_ci default NULL,
  `user_yim` varchar(255) collate latin1_general_ci default NULL,
  `user_msnm` varchar(255) collate latin1_general_ci default NULL,
  `user_occ` varchar(100) collate latin1_general_ci default NULL,
  `user_interests` varchar(255) collate latin1_general_ci default NULL,
  `user_actkey` varchar(32) collate latin1_general_ci default NULL,
  `user_newpasswd` varchar(32) collate latin1_general_ci default NULL,
  `user_from_flag` varchar(25) collate latin1_general_ci default NULL,
  `user_realname` varchar(25) collate latin1_general_ci NOT NULL default '',
  `user_gender` tinyint(1) unsigned NOT NULL default '0',
  `user_birthday` varchar(8) collate latin1_general_ci NOT NULL default '0',
  `user_last_birthday` int(11) unsigned NOT NULL default '0',
  `user_home_phone` varchar(20) collate latin1_general_ci default NULL,
  `user_home_fax` varchar(20) collate latin1_general_ci default NULL,
  `user_work_phone` varchar(20) collate latin1_general_ci default NULL,
  `user_work_fax` varchar(20) collate latin1_general_ci default NULL,
  `user_cellular` varchar(20) collate latin1_general_ci default NULL,
  `user_pager` varchar(20) collate latin1_general_ci default NULL,
  `user_summer_time` tinyint(1) unsigned NOT NULL default '0',
  `user_list_option` varchar(255) collate latin1_general_ci default NULL,
  `user_allow_email` tinyint(1) NOT NULL default '1',
  `user_allow_website` tinyint(1) NOT NULL default '1',
  `user_allow_messanger` tinyint(1) NOT NULL default '1',
  `user_allow_real` tinyint(1) NOT NULL default '1',
  `user_allow_sig` tinyint(1) NOT NULL default '1',
  `user_viewpm` tinyint(1) NOT NULL default '1',
  `user_viewwebsite` tinyint(1) NOT NULL default '1',
  `user_viewmessanger` tinyint(1) NOT NULL default '1',
  `user_viewreal` tinyint(1) NOT NULL default '1',
  `user_viewavatar` tinyint(1) NOT NULL default '1',
  `user_viewsig` tinyint(1) NOT NULL default '1',
  `user_viewimg` tinyint(1) NOT NULL default '1',
  `user_buddy_friend_display` tinyint(1) default '1',
  `user_buddy_ignore_display` tinyint(1) default '1',
  `user_buddy_friend_of_display` tinyint(1) default '1',
  `user_buddy_ignored_by_display` tinyint(1) default '1',
  `user_watched_topics_per_page` smallint(3) default '15',
  `user_privmsgs_per_page` smallint(3) default '5',
  `user_calendar_javascript` tinyint(1) NOT NULL default '0',
  `user_calendar_overview` tinyint(1) NOT NULL default '0',
  `user_calendar_display_open` tinyint(1) NOT NULL default '0',
  `user_calendar_week_start` tinyint(1) NOT NULL default '0',
  `user_calendar_title_length` smallint(5) NOT NULL default '0',
  `user_calendar_text_length` smallint(5) NOT NULL default '0',
  `user_calendar_header_cells` tinyint(2) NOT NULL default '0',
  `user_calendar_nb_row` smallint(5) NOT NULL default '0',
  PRIMARY KEY  (`user_id`),
  KEY `user_session_time` (`user_session_time`)
) ENGINE=MyISAM DEFAULT CHARSET=latin1 COLLATE=latin1_general_ci;

--
-- Dumping data for table `phpbb3_users`
--


INSERT INTO `phpbb3_users` VALUES (-1,0,'Anonymous','',0,0,0,1127235068,0,36,'0.00',2,'','',0,0,0,NULL,0,0,1,1,1,1,0,1,0,1,0,NULL,'',0,'','','','','',NULL,'','','','','','','',NULL,'',0,'0',0,NULL,NULL,NULL,NULL,NULL,NULL,0,NULL,1,1,1,1,1,1,1,1,1,1,1,1,1,1,1,1,15,5,0,0,0,0,0,0,0,0),(2,1,'rhylek','6ec00dc4a6ea0b523a3129a8a60d123e',1185828354,-9,1181643635,1114434791,1,1300,'1.00',7,'french','d M Y h:i a',0,2,1181378803,NULL,1,1,0,1,1,1,1,1,0,1,1,1,'110458083743329bfd175ab.gif',1,'gregory_lecutier@yahoo.fr','','http://rhylek.be.tf','Tournai','[img:a4acda2bbe]http://users.skynet.be/rhylek/divers/rhylek-ALT3.gif[/img:a4acda2bbe]\r\n[img:a4acda2bbe]http://users.skynet.be/rhylek/GW/pantheon.GIF[/img:a4acda2bbe]\r\n-----------------\r\nC\'est parce que la vitesse de la lumière est supérieure à celle du son que tant de gens paraissent brillants avant d\'avoir l\'air con.','a4acda2bbe','','','voir salon VIP','Informaticien','','','','be.gif','',1,'19780728',1185828186,NULL,NULL,NULL,NULL,NULL,NULL,1,'0110000001110000000000000001',1,1,1,1,1,1,1,1,1,1,1,1,1,1,1,1,15,5,0,0,0,0,0,0,0,0),(3,1,'Skyeye','28f20a02bf8a021fab4fcec48afb584e',1181615612,-12,1181575950,1114448508,0,250,'2.00',4,'french','d M Y H:i',0,0,1139486872,NULL,0,1,1,1,1,1,1,1,0,1,1,0,NULL,0,'skyeye@t2u.com','','http://www.skyeye.t2u.com','Lyon (pas loin presque ;) )','[url=www.skyeye.t2u.com][img:e4b70f5024]http://membres.lycos.fr/rhylek2/tag/tag_skyeye.jpg[/img:e4b70f5024][/url]\r\n[BGT] Skyeye de la [url=www.bgteam.stdin.be] Bad Gone\'s Te@m...!!! [/url]','e4b70f5024','','','Skyeye@t2u.com','','Videos games and cinema','',NULL,NULL,'',0,'0',0,NULL,NULL,NULL,NULL,NULL,NULL,0,NULL,1,1,1,1,1,1,1,1,1,1,1,1,1,1,1,1,15,5,0,0,0,0,0,0,0,0),(6,1,'kEvaR','2356fe6dbb17766776396697ef835053',1159292612,0,1148312095,1115048508,0,197,'0.00',1,'french','d M Y H:i',0,0,1131386617,NULL,1,1,1,1,1,1,1,1,0,1,0,0,NULL,0,'kevar2711@hotmail.com','','http://bgtonline.free.fr','Lyon (FRANCE)','[i:6211405080]Quelques gouttes de kEvaR, et ça repart...!!![/i:6211405080] ;-)\r\n[url=http://bgteam.stdin.be/portal.php][img:6211405080]http://membres.lycos.fr/rhylek2/tag/tag_kevar.jpg[/img:6211405080][/url]\r\n[BGT] kEvaR de la [b:6211405080]Bad Gone\'s Te@m...!!![/b:6211405080]  8-)','6211405080','','','kevar2711@hotmail.com','Administrateur réseau, maintenance informatique','Je n\'aime que jouer et me divertir je suis comme ça !!!','',NULL,NULL,'',0,'0',0,NULL,NULL,NULL,NULL,NULL,NULL,0,NULL,1,1,1,1,1,1,1,1,1,1,1,1,1,1,1,1,15,5,0,0,0,0,0,0,0,0),(4,1,'cervelas','23206deb7eba65b3fbc80a2ffbc53c28',1169124695,0,1164315971,1114682712,0,1,'0.00',4,'french','d M Y H:i',0,0,0,NULL,0,1,1,1,1,1,1,1,1,0,0,0,'382755754350a0170bbe8.jpg',1,'nicolas_lecutier@yahoo.fr','','','','[img:ce93866f5e]http://bgtonline.free.fr/pics/tags/tag_cervelas.jpg[/img:ce93866f5e]','ce93866f5e','','','','','','',NULL,NULL,'',0,'0',0,NULL,NULL,NULL,NULL,NULL,NULL,0,NULL,1,1,1,1,1,1,1,1,1,1,1,1,1,1,1,1,15,5,0,0,0,0,0,0,0,0),(7,1,'crokmor','abd14146ce4349b32145d0d96656d06f',1173993972,-12,1171817525,1115055144,0,57,'0.00',1,'french','d M Y H:i',0,0,1140521389,NULL,0,0,1,1,1,1,1,1,1,0,0,0,NULL,0,'SEKMET56@MSN.COM','','','lorient','[img:e77bf765bd]http://membres.lycos.fr/rhylek2/tag/tag_crokmor.jpg[/img:e77bf765bd]','e77bf765bd','','','','croque-mort','TOUT!!!!','',NULL,NULL,'',0,'0',0,NULL,NULL,NULL,NULL,NULL,NULL,0,NULL,1,1,1,1,1,1,1,1,1,1,1,1,1,1,1,1,15,5,0,0,0,0,0,0,0,0),(8,1,'manchaboul','396839049798068eb2ed6ed7112a4059',1171890543,0,1168111512,1115186369,0,63,'1.00',1,'french','d M Y H:i',0,0,1148477573,NULL,1,1,1,1,1,1,1,1,1,0,0,0,NULL,0,'albator58@free.fr','','','','[img:70196e7c2c]http://lastella.free.fr/images/manchaboul012.jpg[/img:70196e7c2c]','70196e7c2c','','','','','','',NULL,NULL,'',0,'0',0,NULL,NULL,NULL,NULL,NULL,NULL,0,NULL,1,1,1,1,1,1,1,1,1,1,1,1,1,1,1,1,15,5,0,0,0,0,0,0,0,0),(98,1,'terralord','0b4e7a0e5fe84ad35fb5f95b9ceeac79',1163673959,0,1155238433,1138990720,0,0,'2.00',1,'french','D M d, Y g:i a',0,0,0,NULL,0,1,0,1,1,1,1,1,0,1,1,0,'',0,'dca_terralord@yahoo.fr','','','','','','','','','','','',NULL,NULL,'',0,'0',0,NULL,NULL,NULL,NULL,NULL,NULL,0,NULL,1,1,1,1,1,1,1,1,1,1,1,1,1,1,1,1,15,5,0,0,0,0,0,0,0,0),(94,1,'didou','6ec82dd403ee2e44a3e29eb48d5e4d13',1181559230,-12,1181547050,1134832713,2,141,'2.00',4,'french','D M d, Y g:i a',1,0,1181230590,NULL,0,1,0,1,1,1,1,1,0,1,1,0,'',0,'perezx@wanadoo.fr','','','Toulouse','[img:7b141b2818]http://bgteam.stdin.be/pics/didou.gif[/img:7b141b2818]\r\n[img:7b141b2818]http://users.skynet.be/rhylek/GW/pantheon.GIF[/img:7b141b2818]','7b141b2818','','','','','Faire chier mon monde','',NULL,'','',2,'19810830',0,NULL,NULL,NULL,NULL,NULL,NULL,0,'0110000001110000000000000001',1,1,1,1,1,1,1,1,1,1,1,1,1,1,1,1,15,5,0,0,0,0,0,0,0,0),(290,1,'outlander','c26fd4afd83ccff0092de89b1f7c7332',0,0,0,1181319283,0,0,'2.00',7,'french','D M d, Y g:i a',0,0,0,NULL,NULL,NULL,1,1,1,1,1,1,1,0,0,0,NULL,0,'pito-wow@hotmail.com',NULL,NULL,NULL,NULL,NULL,NULL,NULL,NULL,NULL,NULL,'42d54c31b8d90e49fedb82',NULL,NULL,'',0,'0',0,NULL,NULL,NULL,NULL,NULL,NULL,0,NULL,1,1,1,1,1,1,1,1,1,1,1,1,1,1,1,1,15,5,0,0,0,0,0,0,0,0),(15,1,'Nyma','bd84ead259483bc8c86cc94190af861c',1169407107,8,1162635512,1115367819,0,17,'0.00',2,'french','d M Y H:i',0,0,1135251935,NULL,0,0,1,1,1,1,1,1,1,0,0,0,'17506118164337975d5f820.jpg',1,'blagarde@voila.fr','','','Château-Gontier (Mayenne)','','','','','','Prof. Arts Plastiques','euh... Les jeux vidéos ?','fa6c9f','87db08034687d67285dcb0c01470855e',NULL,'',0,'0',0,NULL,NULL,NULL,NULL,NULL,NULL,0,NULL,1,1,1,1,1,1,1,1,1,1,1,1,1,1,1,1,15,5,0,0,0,0,0,0,0,0),(103,1,'PetiteAgace','8c4b1157cb6f8884aa183ac0f1447e6c',1179855428,-12,1179791522,1139153267,0,368,'-4.00',2,'french','D M d, Y g:i a',1,0,1170172971,NULL,1,1,0,1,1,1,1,1,0,1,1,0,'1596114672447e52cecf5c4.jpg',1,'sabio@eastlink.ca','','','Nouvelle-Ecosse  originaire du Quebec','Exceptionel Moine Moignale sachant moignalement Moignaler (^_^)','f27bcdcdb4','','','','','','',NULL,NULL,'',0,'0',0,NULL,NULL,NULL,NULL,NULL,NULL,0,'0110000001110000000000000001',1,1,1,1,1,1,1,1,1,1,1,1,1,1,1,1,15,5,0,0,0,0,0,0,0,0),(20,1,'godfa69','47b741e31973c2d2b0604eecdbd6f241',1169250709,8,1152984979,1115658830,0,78,'0.00',2,'french','d M Y H:i',0,0,0,NULL,0,0,1,1,1,1,1,1,1,0,0,0,NULL,0,'nicolasg69@free.fr','','','','','','','','','','','',NULL,NULL,'',0,'0',0,NULL,NULL,NULL,NULL,NULL,NULL,0,NULL,1,1,1,1,1,1,1,1,1,1,1,1,1,1,1,1,15,5,0,0,0,0,0,0,0,0),(29,1,'Nighty','9672c27166e1ac93c5d2bf0ae6a17c44',1181568006,-9,1181562242,1116230620,1,1357,'1.00',1,'french','D M d, Y G:i',0,0,1178118750,NULL,1,1,1,1,1,1,1,1,1,1,1,20,'212757632845cf5e7f8a48a.jpg',1,'david.lecocq@skynet.be','51739092','http://users.skynet.be/sky60642/david/','Hoves, Hainaut, Belgique','[img:2ac365fd58]http://snif.stdin.be/pics/moine-nighty.gif[/img:2ac365fd58]\r\n[img:2ac365fd58]http://users.skynet.be/rhylek/GW/pantheon.GIF[/img:2ac365fd58]\r\nOfficier de la SniF &amp; [url=http://guildwars.arnapou.net/titres/titre_moinenighty.gif][color=red:2ac365fd58][u:2ac365fd58]Collectionneur de Titres[/u:2ac365fd58][/color:2ac365fd58][/url] (13/37 titres PvE, 6200 minutes d\'\'ivresse)','2ac365fd58','','','hcsnight@hotmail.com','Informaticien (Analyste-Programmeur)','Jeux PC (Stratégie et GW), Cinéma, Séries TV, Sport','','','be.gif','David',1,'19790919',0,NULL,NULL,NULL,NULL,NULL,NULL,1,'0110000001110000000000000001',1,1,1,1,1,1,1,1,1,1,1,1,1,1,1,1,50,50,0,0,0,0,0,0,0,0),(108,1,'SauronTNT','3a36ca93bedd61903989ed01ffd361fa',1173192268,21,1171886425,1139485596,0,53,'2.00',1,'french','D M d, Y g:i a',0,0,1142000779,NULL,0,1,0,1,1,1,1,1,0,1,1,0,'164840204445546ab5bbc5e.png',1,'SauronTNT@skynet.be','','','Liège','','','','','','Analyste-Programmeur','Online Game','',NULL,NULL,'Christophe',1,'19780219',1171886358,NULL,NULL,NULL,NULL,NULL,NULL,0,NULL,1,1,1,1,1,1,1,1,1,1,1,1,1,1,1,1,15,5,0,0,0,0,0,0,0,0),(40,1,'Agam','fefd29a502ef7bc98d2290875cc00480',1177534317,0,1164295946,1118043817,0,2,'0.00',NULL,NULL,'d M Y H:i',0,0,1164294188,NULL,NULL,NULL,1,1,1,1,1,1,1,0,0,0,NULL,0,'xavier_delor@hotmail.com',NULL,'','Belgique','',NULL,NULL,NULL,'','Informaticien','',NULL,NULL,NULL,'',0,'0',0,NULL,NULL,NULL,NULL,NULL,NULL,0,NULL,1,1,1,1,1,1,1,1,1,1,1,1,1,1,1,1,15,5,0,0,0,0,0,0,0,0),(41,1,'Khaldryck','098f6bcd4621d373cade4e832627b4f6',1181635660,-1035,1181342953,1118310644,0,500,'1.00',7,'french','d M Y H:i',0,0,1164625247,NULL,0,1,1,1,1,1,1,1,0,0,0,0,'1376912020447593a29b257.jpg',1,'khaldryck@gmail.com','','','Mons, Belgique','[img:f432ae4912]http://khaldryck.free.fr/Khaldryck.gif[/img:f432ae4912]\r\nG/El/M/R 20  (vizuna)\r\nEn 20 (kaineng)\r\nM/N 20 (précipice/kaineng)\r\nRt/M 20 (district/desert)\r\nA/En 18 (centre kaineng)\r\nEl 7 (eden)\r\nN 13 (eden)\r\nR 7 (eden)\r\nD 20 (fini)\r\nP 5 (kamadan) \r\nEl 3 (mule)','f432ae4912','','','khaldryck@hotmail.com','','','',NULL,NULL,'',1,'19770215',0,NULL,NULL,NULL,NULL,NULL,NULL,1,'0110000001110000000000000001',1,1,1,1,1,1,1,1,1,1,1,1,0,0,0,0,15,5,0,0,0,0,0,0,0,0),(252,1,'talim','7e04fd5198362716832d3cad3ee3ef39',0,0,0,1172712276,0,0,'2.00',7,'french','D M d, Y g:i a',0,0,0,NULL,1,0,1,1,1,1,1,1,1,0,0,0,NULL,0,'malikoum28@hotmail.fr','','','','','','','','','','','01fa9c279d1496be7af0',NULL,NULL,'',0,'0',0,NULL,NULL,NULL,NULL,NULL,NULL,0,NULL,1,1,1,1,1,1,1,1,1,1,1,1,1,1,1,1,15,5,0,0,0,0,0,0,0,0),(59,1,'alkagord','b1faf760646408f5d0151344baa8f84d',1181643230,-12,1181568947,1124870644,1,777,'3.00',7,'french','d M Y H:i',0,0,1177526167,NULL,0,1,1,1,1,1,1,1,0,1,0,19,'1269263225450bd898d6e53.gif',1,'alkagord@stdin.be','','','Somewhere','Robin Leaf R/x L20 - PVE\r\nIrina Demona N/x L20 - PVE\r\nPadre Dodu M/x - L20 - PVE\r\nSakura Bachan G/x - L20 - PVE\r\nSalsmirra Terra P/R L19 - PVE\r\nAvatar de Boulette D/? L3 - PVE','7a442a074e','','','alkag0rd@hotmail.com','Assisant Informatique','info, gw et les guindailles :p','',NULL,'be.gif','',1,'0',0,NULL,NULL,NULL,NULL,NULL,NULL,0,'0110000001110000000000000001',1,1,1,1,1,1,1,1,1,1,1,1,1,1,1,1,15,5,0,0,0,0,0,0,0,0),(62,1,'Melaus','6579e96f76baa00787a28653876c6127',1160489233,28,1158951969,1125509250,0,1,'2.00',2,'french','d M Y H:i',0,0,0,NULL,0,0,1,1,1,1,1,1,1,0,0,0,NULL,0,'melaus@hotmail.com','','','','','','','','','','','','ea2b4a163b6a2694012047781445ff78',NULL,'',0,'0',0,NULL,NULL,NULL,NULL,NULL,NULL,0,NULL,1,1,1,1,1,1,1,1,1,1,1,1,1,1,1,1,15,5,0,0,0,0,0,0,0,0),(107,1,'Dragoon','6ec82dd403ee2e44a3e29eb48d5e4d13',1169579752,31,1168978938,1139339552,0,38,'2.00',1,'french','D M d, Y g:i a',0,0,1141207743,NULL,0,1,0,1,1,1,1,1,0,1,1,0,'',0,'xavierperez2302@wanadoo.fr','','','Toulouse','[img:55442cf6cd]http://bgteam.stdin.be/pics/dragoon-kid.gif[/img:55442cf6cd]\r\nSir kogonuts: G/M LVL 20\r\nThe Dragoon Kid: R/N LVL 20\r\nKogonuts PVP LVL 20\r\ncousin dodu lvl 15','55442cf6cd','','','','Electricien','','',NULL,NULL,'',1,'19750223',0,NULL,NULL,NULL,NULL,NULL,NULL,0,'0110000001110000000000000001',1,1,1,1,1,1,1,1,1,1,1,1,1,1,1,1,15,5,0,0,0,0,0,0,0,0),(272,1,'speedus','24d1477c25927e29f1536cf7da921076',0,0,0,1176908312,0,0,'2.00',7,'french','D M d, Y g:i a',0,0,0,NULL,NULL,NULL,1,1,1,1,1,1,1,0,0,0,NULL,0,'hmach@netcourrier.com',NULL,NULL,NULL,NULL,NULL,NULL,NULL,NULL,NULL,NULL,'49b72c9ebcee0ed24c80a7',NULL,NULL,'',0,'0',0,NULL,NULL,NULL,NULL,NULL,NULL,0,NULL,1,1,1,1,1,1,1,1,1,1,1,1,1,1,1,1,15,5,0,0,0,0,0,0,0,0),(275,1,'NightyTest','9672c27166e1ac93c5d2bf0ae6a17c44',1177486915,-9,1177485669,1177485227,0,0,'2.00',7,'french','D M d, Y g:i a',0,0,0,NULL,0,0,1,1,1,1,1,0,1,0,0,0,NULL,0,'hcsnight@hotmail.com','','','','','','','','','','','917e8b5c6bd06545e62fb5',NULL,NULL,'',0,'0',0,NULL,NULL,NULL,NULL,NULL,NULL,0,NULL,1,1,1,1,1,1,1,1,1,1,1,1,1,1,1,1,15,5,0,0,0,0,0,0,0,0),(257,1,'darki','a06b3673303c2e8fc72a03369dd8a799',0,0,0,1173473158,0,0,'2.00',7,'french','D M d, Y g:i a',0,0,0,NULL,NULL,NULL,1,1,1,1,1,1,1,0,0,0,NULL,0,'mimaud.jeanmarc@neuf.fr',NULL,NULL,NULL,NULL,NULL,NULL,NULL,NULL,NULL,NULL,'8b22d61387461f688f9f',NULL,NULL,'',0,'0',0,NULL,NULL,NULL,NULL,NULL,NULL,0,NULL,1,1,1,1,1,1,1,1,1,1,1,1,1,1,1,1,15,5,0,0,0,0,0,0,0,0),(287,1,'Deyna','af785ea0da30f022a1e7b4b5732a261b',1179050808,-1035,1179050498,1178992925,0,0,'2.00',7,'french','D M d, Y g:i a',0,0,0,NULL,NULL,NULL,1,1,1,1,1,1,1,0,0,0,NULL,0,'last-exil@hotmail.fr',NULL,NULL,NULL,NULL,NULL,NULL,NULL,NULL,NULL,NULL,'1c31612334e205dc091d05',NULL,NULL,'',0,'0',0,NULL,NULL,NULL,NULL,NULL,NULL,0,'0110000001110000000000000001',1,1,1,1,1,1,1,1,1,1,1,1,1,1,1,1,15,5,0,0,0,0,0,0,0,0),(282,1,'morticia','8d307a7598b6b60633f05f81ce4a90cc',1178264946,-9,1178264882,1178194514,0,1,'2.00',7,'french','D M d, Y g:i a',0,0,0,NULL,NULL,NULL,1,1,1,1,1,1,1,0,0,0,NULL,0,'audreylazy@hotmail.com',NULL,NULL,NULL,NULL,NULL,NULL,NULL,NULL,NULL,NULL,'087db000de5a44c3c3d1ef',NULL,NULL,'',0,'0',0,NULL,NULL,NULL,NULL,NULL,NULL,0,NULL,1,1,1,1,1,1,1,1,1,1,1,1,1,1,1,1,15,5,0,0,0,0,0,0,0,0),(285,1,'Demon Toxic','9991983cdf0621cf8ca79e8e78cbda98',1178415049,-4,1178414602,1178414177,0,1,'2.00',7,'french','D M d, Y g:i a',0,0,1178414620,NULL,0,0,1,1,1,1,1,1,1,0,0,0,'825785494463d2dc6de681.jpg',1,'crypto-love@hotmail.com','','','Bruxelles','-Demon Toxic-','181f87f4c0','','','','A la recherche','Guildwars ! La musique... les nanas... L\'argent parce qu\'on en a besoin.. Puis pleins de trucs comme tout le monde quoi!? lol Bref Kiss a tous! :) ;)','1a41de3fe8bbe0c275e32f',NULL,NULL,'Max',1,'19871103',0,NULL,NULL,NULL,NULL,NULL,NULL,0,'0110000001110000000000000001',1,1,1,1,1,1,1,1,1,1,1,1,0,0,1,0,15,5,0,0,0,0,0,0,0,0),(288,1,'devil','aa52785496655a4cc5b7a032fa822860',0,0,0,1179039927,0,0,'2.00',7,'french','D M d, Y g:i a',0,0,0,NULL,NULL,NULL,1,1,1,1,1,1,1,0,0,0,NULL,0,'antibue@voila.fr',NULL,NULL,NULL,NULL,NULL,NULL,NULL,NULL,NULL,NULL,'92881a8b49bd0071741e35',NULL,NULL,'',0,'0',0,NULL,NULL,NULL,NULL,NULL,NULL,0,NULL,1,1,1,1,1,1,1,1,1,1,1,1,1,1,1,1,15,5,0,0,0,0,0,0,0,0),(289,1,'bushellberry','365a0b3ba521beed0b9cd78cf11c65b5',0,0,0,1181118690,0,0,'2.00',7,'french','D M d, Y g:i a',0,0,0,NULL,NULL,NULL,1,1,1,1,1,1,1,0,0,0,NULL,0,'clucrus@gmail.com',NULL,NULL,NULL,NULL,NULL,NULL,NULL,NULL,NULL,NULL,'1a5b7d4b30804a7619e069',NULL,NULL,'',0,'0',0,NULL,NULL,NULL,NULL,NULL,NULL,0,NULL,1,1,1,1,1,1,1,1,1,1,1,1,1,1,1,1,15,5,0,0,0,0,0,0,0,0),(101,1,'Gaby','fdcd186674fdd74c75024a5301ba77e0',1181498191,21,1181404897,1139072894,0,251,'2.00',1,'french','D M d, Y g:i a',0,0,1156464808,NULL,0,1,0,1,1,1,1,1,0,0,0,0,'1000192862453d8ff6ab387.gif',1,'krisdelpsg@hotmail.com','','','Guadeloupe ^^','Guild Wars is just a game.\r\n\r\nLe prochain qui pirate mon compte, je le bouffe !!!','dfd19e4963','','','krisdelpsg@hotmail.com','Casse-couilles','','',NULL,NULL,'',1,'0',0,NULL,NULL,NULL,NULL,NULL,NULL,0,NULL,1,1,1,1,1,1,1,1,1,1,1,1,1,1,1,1,15,5,0,0,0,0,0,0,0,0),(84,1,'Teneniel','980ac217c6b51e7dc41040bec1edfec8',1181311315,0,1181299034,1129315159,0,226,'2.00',7,'french','D M d, Y g:i a',0,0,1164908533,NULL,0,1,0,1,1,1,1,1,0,1,1,0,'88903587344b90f8795f81.jpg',1,'dam.douteaux@laposte.net','','','Château-Gontier, Ménil','[img:e52fdb3b55]http://i11.servimg.com/u/11/05/64/75/iwayxe10.gif[/img:e52fdb3b55]\r\n\r\n[b:e52fdb3b55][u:e52fdb3b55]Persos principaux :[/u:e52fdb3b55][/b:e52fdb3b55]\r\n \r\n[b:e52fdb3b55]Propheties :[/b:e52fdb3b55] Teneniel Hylawe, R/El Niveau 20\r\n[b:e52fdb3b55]Factions :[/b:e52fdb3b55] Liana Hylawe, A/R Niveau 20\r\n[b:e52fdb3b55]Nightfall :[/b:e52fdb3b55] Allya Hylawe, D/P Niveau 20[/img]','e52fdb3b55','','','chaosan@hotmail.fr','Lycéen, Joueur geek de Guild Wras :)','Guild Wars pour toujours !\r\nOblivion, un peu.\r\n\r\nLes bouquins, les jeu de rôles bien gérés, les fraises tagada ;)','',NULL,NULL,'Damien',1,'19911221',1166868943,NULL,NULL,NULL,NULL,NULL,NULL,0,'0110000001110000000000000001',1,1,1,1,1,1,1,1,1,1,1,1,1,1,1,1,15,5,0,0,0,0,0,0,0,0),(87,1,'Malkom','9b86a202c40a0e6bb4baaf2a8fb33175',1181550203,-1035,1181288992,1130361193,0,147,'1.00',7,'french','D d M Y, G:i',0,0,1173863338,NULL,0,1,1,1,1,1,1,1,0,1,1,0,'167380394544787ecd3f518.gif',1,'jeromebonnier@free.fr','','http://foudesocom.free.fr','LONGJUMEAU - 91','[url=http://fr.profile.xfire.com/malkom72][img:4c717422fb]http://fr.miniprofile.xfire.com/bg/sf/type/0/malkom72.png[/img:4c717422fb][/url]\r\n\r\n\r\nBetatesteur PS2','4c717422fb','','','jeromebonnier@free.fr','Gérant','Marchés Financiers - Jeux Vidéos','',NULL,'fr.gif','Jérôme Bonnier',1,'19720628',0,NULL,NULL,NULL,NULL,NULL,NULL,1,'0110000001110000000000000001',1,1,1,1,1,1,1,1,1,1,1,1,1,1,1,1,15,5,0,0,0,0,0,0,0,0),(90,1,'Jin Wan','85d7e765222041d495485cbcca9dbe8d',1181571043,-1035,1181551417,1131582386,0,572,'0.00',1,'french','D M d, Y g:i a',0,0,1166714020,NULL,0,1,0,1,1,1,1,1,0,1,1,0,'1110677754447db1f8dd0ce.jpg',1,'dasund@wanadoo.fr','','','Kryte','Source Dico:\r\nIntelligence:Faculté de connaître, de comprendre.L\'intelligence distingue L\'homme de l\'animal.\r\n\r\nSi seulement c\'était vrai.','7e12688c5d','','','Sund2@wanadoo.fr','Trappeur, Farmer, Healer, Runner...','Je pense que vous avez deviné.','',NULL,NULL,'',1,'19810523',1179880841,NULL,NULL,NULL,NULL,NULL,NULL,1,'0110000001110000000000000001',1,1,1,1,1,1,1,1,1,1,1,1,1,1,1,1,15,5,0,0,0,0,0,0,0,0),(260,1,'Faraday','f25a2fc72690b780b2a14e140ef6a9e0',1181320721,0,1181064826,1173811844,0,23,'2.00',7,'french','D M d, Y g:i a',0,0,1178541634,NULL,NULL,NULL,1,1,1,1,1,1,1,0,0,0,'184785366445f72a46aae14.jpg',1,'faraday78@hotmail.fr',NULL,NULL,'Region parisienne','Il Faraday Il  --&gt; El lvl 20\r\nFara La Moniale --&gt; M lvl 20\r\nLe Tranchant Dacier --&gt; G\r\nLa Batard Assassin --&gt; A','0be44b0a37',NULL,NULL,NULL,'Lycéenne','Gw bien sur!\r\nLire des livres d\'heroic fantasy.\r\n...','5148a92f3162015e2a88',NULL,NULL,'',2,'19890922',0,NULL,NULL,NULL,NULL,NULL,NULL,0,'0110000001110000000000000001',1,1,1,1,1,1,1,1,1,1,1,1,1,1,1,1,15,5,0,0,0,0,0,0,0,0),(264,1,'papi marco','766eb3471e623ac8956e6b2a7962dd94',0,0,0,1175293149,0,0,'2.00',7,'french','D M d, Y g:i a',0,0,0,NULL,0,0,1,1,1,1,1,1,1,0,0,0,NULL,0,'crocodilesdesiles@hotmail.com','','','','','','','','','','','f73e19b7eb29c519480adc',NULL,NULL,'',0,'0',0,NULL,NULL,NULL,NULL,NULL,NULL,0,NULL,1,1,1,1,1,1,1,1,1,1,1,1,1,1,1,1,15,5,0,0,0,0,0,0,0,0),(265,1,'goku','00bfc8c729f5d4d529a412b12c58ddd2',0,0,0,1175469683,0,0,'2.00',7,'french','D M d, Y g:i a',0,0,0,NULL,NULL,NULL,1,1,1,1,1,1,1,0,0,0,NULL,0,'sangokuof69@hotmail.fr',NULL,NULL,NULL,NULL,NULL,NULL,NULL,NULL,NULL,NULL,'64a4265a945eec574cf733',NULL,NULL,'',0,'0',0,NULL,NULL,NULL,NULL,NULL,NULL,0,NULL,1,1,1,1,1,1,1,1,1,1,1,1,1,1,1,1,15,5,0,0,0,0,0,0,0,0),(112,1,'Shadowbane','47639d5eb82fbd37e2f0a2332ddd025a',1160152711,-12,1160052698,1140282800,0,109,'-5.00',2,'french','D M d, Y g:i a',0,0,1145392318,NULL,0,1,0,1,1,1,1,1,0,1,1,0,'6254878943f9ca3b22b57.jpg',1,'s_martin3000@hotmail.com','','','Québec','Azurie Stormblade G/M 20\r\nMalaki Dunom M/En 20\r\nSharana Kyno N/Rt 17\r\nEldon Fauconsombre R/M 12\r\nAkira Katsuo A/En 11\r\nMalicia Darksun ( ma mule ^^ )','e6f5bc051a','','','','Tech. architecture','','',NULL,NULL,'',0,'0',0,NULL,NULL,NULL,NULL,NULL,NULL,0,NULL,1,1,1,1,1,1,1,1,1,1,1,1,1,1,1,1,15,5,0,0,0,0,0,0,0,0),(115,1,'Rasmael Gailor','c41fb6d7e3d118bdbae11a6096444010',1160514000,0,1160415355,1140283511,0,34,'-5.00',1,'french','D M d, Y g:i a',0,0,1160514000,NULL,0,1,0,1,1,1,1,1,0,1,1,0,'179233735443441a949fb5.gif',1,'pompier40@hotmail.com','','','Gatineau, Québec, Canada','','','','','','','','',NULL,NULL,'',0,'0',0,NULL,NULL,NULL,NULL,NULL,NULL,0,'0110000001110000000000000001',1,1,1,1,1,1,1,1,1,1,1,1,1,1,1,1,15,5,0,0,0,0,0,0,0,0),(161,1,'Julien Fennemen','a4bb7df333e91fde3f1833804506f58e',1181106931,1,1175105459,1148652631,0,28,'2.00',1,'french','D M d, Y g:i a',0,0,0,NULL,0,1,0,1,1,1,1,1,0,1,1,0,'797784245448a9e72b3cd4.jpg',1,'ftheworld@hotmail.fr','','','','Julien Fennemen assassin.\nJulien Fennemen Fr envouteur: grande maîtrise de la course a pied.\nMillia des Ravens moniale.\n\"Non m\'sieur l\'agent c\'est pas moi qui ait brulé l\'église.....La preuve j\'ai plus d\'allumettes...\"','d53e4cbfd6','','','','','','',NULL,NULL,'',0,'0',0,NULL,NULL,NULL,NULL,NULL,NULL,0,NULL,1,1,1,1,1,1,1,1,1,1,1,1,1,1,1,1,15,5,0,0,0,0,0,0,0,0),(154,1,'Elric Taal','aefd5360d0e202133c5ff37c0c4f91a0',1176245945,0,1171816877,1147969926,0,2,'2.00',1,'french','D M d, Y g:i a',0,0,0,NULL,0,1,0,1,1,1,1,1,0,1,1,0,'',0,'jbsselim@hotmail.com','','','','','','','','jbsselim@hotmail.com','','','',NULL,NULL,'',0,'0',0,NULL,NULL,NULL,NULL,NULL,NULL,0,NULL,1,1,1,1,1,1,1,1,1,1,1,1,1,1,1,1,15,5,0,0,0,0,0,0,0,0),(122,1,'moeleke stuuut','86135d37d7c2ac0cc140db0abbec52a7',1166560954,24,1165072460,1140724507,0,54,'1.00',2,'french','D M d, Y g:i a',0,0,1164991710,NULL,0,1,0,1,1,1,1,1,1,1,1,0,'',0,'gillou69@gmail.com','','','Attre [B]','[img:3e4b583120]http://img274.imageshack.us/img274/3255/gillou6zz.gif[/img:3e4b583120]\r\nMoeleke Stuuut En/Ro level 20 - Petite Farceuse G/N level 20 - Winfor Live M/N level 20\r\nMio Zette A/RT [en evollution]','3e4b583120','','','gilles_verbiest@msn.com','Technicien en informatique [à la recherche]','l\'informatique, l\'education canine, le VTT, le cine','',NULL,NULL,'',0,'0',0,NULL,NULL,NULL,NULL,NULL,NULL,0,'0110000001110000000000000001',1,1,1,1,1,1,1,1,1,1,1,1,1,1,1,1,15,5,0,0,0,0,0,0,0,0),(125,1,'ashram archeon','b6322fbbf2f2028ae8e539fff2c9b90a',1176223546,8,1175704452,1140985891,0,8,'2.00',1,'french','D M d, Y g:i a',0,0,0,NULL,1,1,0,1,1,1,1,1,0,1,1,0,'11166862544431606f93013.gif',1,'ashram1988@hotmail.com','','','Houyet /Belgique','voici mes persos ;\r\nAshram Archeon N/env lvl 20 ,\r\nAstaroth Dhyrule G/M lvl 20 ,\r\nMunky Archeon R/... lvl 20 , \r\nAmon archeon M/G lvl 20,\r\nAmarth archeon env/M lvl 17,\r\nOccultus blasphemer A/... lvl 20,\r\nLycia archeon el/... lvl 20 ,\r\nSaria archeon rt/m lvl 4 .','9e6091d9b9','','','ashram1988@hotmail.com','étudiant','les jeux vidéos et la musique','',NULL,NULL,'',1,'19880607',0,NULL,NULL,NULL,NULL,NULL,NULL,0,'0110000001110000000000000001',1,1,1,1,1,1,1,1,1,1,1,1,1,1,1,1,15,5,0,0,0,0,0,0,0,0),(281,1,'Sun pei','a886f2ee22888badbce90eac740c49be',1181573973,2,1180428216,1178110253,0,0,'2.00',7,'french','D M d, Y g:i a',0,0,0,NULL,NULL,NULL,1,1,1,1,1,1,1,0,0,0,NULL,0,'vinceweeze@hotmail.com',NULL,NULL,NULL,NULL,NULL,NULL,NULL,NULL,NULL,NULL,'2733d374138404e7ac756e',NULL,NULL,'',0,'0',0,NULL,NULL,NULL,NULL,NULL,NULL,0,'0110000001110000000000000001',1,1,1,1,1,1,1,1,1,1,1,1,1,1,1,1,15,5,0,0,0,0,0,0,0,0),(129,1,'poppu','b556e6245f0ad4c82bec04a9c5044d88',1181629495,-12,1181597322,1142096783,0,671,'2.00',2,'french','D M d, Y g:i a',0,0,1177016544,NULL,0,1,0,1,1,1,1,1,0,1,1,0,'166338201745a3deeb87317.jpg',1,'ced94450@hotmail.fr','','pas encore mais bientot un site^^','en region parisienne','[URL=http://imageshack.us][img:c73b7f55d6]http://img300.imageshack.us/img300/4143/popputb1.jpg[/img:c73b7f55d6][/URL]\r\n«Je suis capable du meilleur et du pire. Mais, dans le pire, c’est moi le meilleur»\r\n\r\n[URL=http://imageshack.us][img:c73b7f55d6]http://img267.imageshack.us/img267/6826/pantheonye2.gif[/img:c73b7f55d6][/URL]','c73b7f55d6','','','ced94450@hotmail.fr','cuisinier','','',NULL,'sp.gif','cédric',1,'19840807',0,NULL,NULL,NULL,NULL,NULL,NULL,0,'0110000001110000000000000001',1,1,1,1,1,1,1,1,1,1,1,1,1,1,1,1,15,5,0,0,0,0,0,0,0,0),(131,1,'Azkaban de Nazgul','10e8fe38569be6fa985d3b866a469e1d',1171318093,-4,1167221927,1142866399,0,7,'1.00',7,'french','D M d, Y g:i a',0,0,0,NULL,0,1,0,1,1,1,1,1,0,1,1,0,'',0,'sebysar@free.fr','','','Haute normandie / France','Une vie ne vaut rien, mais rien ne vaut une vie... :roll: \r\n\r\nAzkaban de Nazgul =&gt; G\r\nSaint Hol =&gt; M\r\nSpirit of Light =&gt; Rt\r\nFruits des Bois =&gt; R\r\nll Abra Cadavra ll =&gt; N\r\nBibop Eu Loula =&gt; D','79062bc4c0','','','sebysar@hotmail.com','Conseiller commercial','Moto, informatique, sport...','',NULL,NULL,'Sébastien',1,'19300101',0,NULL,NULL,NULL,NULL,NULL,NULL,0,'0110000001110000000000000001',1,1,1,1,1,1,1,1,1,1,1,1,1,1,1,1,15,5,0,0,0,0,0,0,0,0),(157,1,'Eien','cc850858fd68d48d19edb5f3a818437b',1178121147,-12,1178030954,1148312253,0,18,'2.00',1,'french','D M d, Y g:i a',0,0,0,NULL,0,1,0,1,1,1,1,1,0,1,1,0,'',0,'eien@yatta.be','','','','Eien Of Highrock R/M 20\r\nEien Of Lillandril M/En 20\r\nEien Of Lillandrill En/El 8\r\nEien Of Alinor El/N 11 (mule)','aabe9d3dac','','','','','','',NULL,NULL,'',0,'0',0,NULL,NULL,NULL,NULL,NULL,NULL,0,'0110000001110000000000000001',1,1,1,1,1,1,1,1,1,1,1,1,1,1,1,1,15,5,0,0,0,0,0,0,0,0),(268,1,'Ayaya','2872aae7c9f430e801e692e057d6561a',1181176981,0,1181170322,1176190830,0,6,'2.00',7,'french','D M d, Y g:i a',0,0,0,NULL,NULL,NULL,1,1,1,1,1,1,1,0,0,0,NULL,0,'lafayus@gmail.com',NULL,NULL,'clermont ferrand',NULL,NULL,NULL,NULL,NULL,'','','1e4847a6cde18c3b09c76e',NULL,NULL,'',1,'0',0,NULL,NULL,NULL,NULL,NULL,NULL,0,'0110000001110000000000000001',1,1,1,1,1,1,1,1,1,1,1,1,1,1,1,1,15,5,0,0,0,0,0,0,0,0),(271,1,'Aio San','30a811dbff7acf1361efc875959f954b',1181476795,-12,1181464141,1176904717,0,13,'2.00',7,'french','D M d, Y g:i a',0,0,1178312729,NULL,NULL,1,1,1,1,1,1,1,1,0,0,0,'21257471764664957d29960.jpg',1,'dupinou1@hotmail.fr',NULL,NULL,'Creuse (23)','-------------------------------\r\nEl/x Niv 20 - G/x Niv 20 - N/x Niv 20 - M/x Niv 20 - D/x Niv 20 - R/x Niv 20\r\nPerso PvP remodelable\r\n                                --------------------------------\r\n[img:ac1925834e]http://dup23.free.fr/GuildWars/Aioandxsethecto.JPG[/img:ac1925834e]','ac1925834e',NULL,NULL,NULL,'Etudiants (la vie est belle ^^)','','b0ddd8a44b5e8ddaa139c4',NULL,NULL,'Sylvain',1,'19860731',0,NULL,NULL,NULL,NULL,NULL,NULL,0,'0110000001110000000000000001',1,1,1,1,1,1,1,1,1,1,1,1,1,1,1,1,15,5,0,0,0,0,0,0,0,0),(270,1,'lilith','311bf8a435be70f5e4317fd95649fe3a',1181625885,-12,1181595035,1176882628,0,6,'2.00',7,'french','D M d, Y g:i a',0,0,0,NULL,NULL,1,1,1,1,1,1,1,1,0,0,0,NULL,0,'arnaud.giron@gmail.com',NULL,NULL,'Suresnes','[url=http://guildwars.arnapou.net/titres/][img:8e4e79c019]http://guildwars.arnapou.net/titres/titre_lilithdemorgul.gif[/img:8e4e79c019][/url]','8e4e79c019',NULL,NULL,NULL,'Ingenieur informatique','dessin, guitare, et faire la fete avec des bonnes tetes','0040752a67b7368b0262da',NULL,NULL,'Arnaud',1,'19831029',0,NULL,NULL,NULL,NULL,NULL,NULL,0,'0110000001110000000000000001',1,1,1,1,1,1,1,1,1,1,1,1,1,1,1,1,15,5,0,0,0,0,0,0,0,0),(140,1,'skelling','74a30796f2fb4825eb24318095751bb1',1159713958,8,1157883127,1145713204,0,13,'2.00',7,'french','D M d, Y g:i a',0,0,1154285572,NULL,0,1,0,1,1,1,1,1,0,1,1,0,'1229361445444f5f924b71a.jpg',1,'skelling@hotmail.fr','','','petit village d\'irreductible gaulois','Le bourreau tue toujours 2 fois , la seconde par l\'oubli !','1a9432e703','','','oui','','','',NULL,NULL,'',0,'0',0,NULL,NULL,NULL,NULL,NULL,NULL,0,NULL,1,1,1,1,1,1,1,1,1,1,1,1,1,1,1,1,15,5,0,0,0,0,0,0,0,0),(145,1,'foulmen','1c27680133b781cadd037e8a6dcc001b',1181340455,8,1181287605,1146304482,0,147,'2.00',1,'french','D M d, Y g:i a',0,0,1168623948,NULL,0,1,0,1,1,1,1,1,0,1,1,0,'186884716745216244ec383.gif',1,'quentin.botella@wanadoo.fr','','','sur GW','R Foulmen Le Rodeur\r\nA Ninja Foulmen\r\nM Explotrice Agricole\r\nN La Tite Foulmen\r\n__________________________________________\r\n[img:2bac5a60ee]http://img.photobucket.com/albums/v738/TurtleMilk/Iway.jpg[/img:2bac5a60ee]','2bac5a60ee','','','','','GW','',NULL,NULL,'',1,'0',0,NULL,NULL,NULL,NULL,NULL,NULL,0,'0110000001110000000000000001',1,1,1,1,1,1,1,1,1,1,1,1,1,1,1,1,15,5,0,0,0,0,0,0,0,0),(261,1,'millenia','222b3ef822a7bfebaa5306ba87235037',1181645028,16,1181601703,1174462577,2,8,'2.00',7,'french','D M d, Y g:i a',0,0,1179686138,NULL,0,0,1,1,1,1,1,1,1,0,0,0,NULL,0,'belle_elem@hotmail.fr','','','','','','','','','','','54f3f69d371d1dc8af6c',NULL,NULL,'',2,'0',0,NULL,NULL,NULL,NULL,NULL,NULL,0,'0110000001110000000000000001',1,1,1,1,1,1,1,1,1,1,1,1,1,1,1,1,15,5,0,0,0,0,0,0,0,0),(273,1,'Skwy','bee80e42f529bfcc4205a752e926cf83',0,0,0,1177342052,0,0,'2.00',7,'french','D M d, Y g:i a',0,0,0,NULL,NULL,NULL,1,1,1,1,1,1,1,0,0,0,NULL,0,'krokgarr@hotmail.fr',NULL,NULL,NULL,NULL,NULL,NULL,NULL,NULL,NULL,NULL,'ad376a37d36ad65b2500e3',NULL,NULL,'',0,'0',0,NULL,NULL,NULL,NULL,NULL,NULL,0,NULL,1,1,1,1,1,1,1,1,1,1,1,1,1,1,1,1,15,5,0,0,0,0,0,0,0,0),(148,1,'Gigottine','3d13279339599bde9178fae0340cf3e4',1178912836,17,1176159215,1146906172,0,0,'2.00',1,'french','D M d, Y g:i a',0,0,0,NULL,0,1,0,1,1,1,1,1,0,1,1,0,'',0,'gigottine@gmail.com','','','','','','','','','','','',NULL,NULL,'',0,'0',0,NULL,NULL,NULL,NULL,NULL,NULL,0,NULL,1,1,1,1,1,1,1,1,1,1,1,1,1,1,1,1,15,5,0,0,0,0,0,0,0,0),(156,1,'Tyler','bcbcdaf235cf6f6abeeff99b4ab8ce89',1174477637,0,1173543258,1148150691,0,54,'2.00',7,'french','D M d, Y g:i a',0,0,1168894829,NULL,0,1,0,1,1,1,1,1,0,1,1,0,'',0,'steph.kermen@wanadoo.fr','','','Lens-France','[img:5b2ebd4c48]http://signfinal.mondespersistants.com/16532.jpg[/img:5b2ebd4c48]\r\nIl existe un adage qui dit: \" On fait toujours du mal à ceux que l\'\'on aime\\\" mais il oublie de dire qu\'\'on ceux qui nous font du mal\r\n====&gt; Sydrom Stokholm','5b2ebd4c48','','','steph_look@hotmail.com','Lycéen','Nager; jouer à GW ; m\'amuser','',NULL,'','Stéphane',1,'19900809',0,NULL,NULL,NULL,NULL,NULL,NULL,0,NULL,1,1,1,1,1,1,1,1,1,1,1,1,1,1,1,1,15,5,0,0,0,0,0,0,0,0),(158,1,'Jin\'ei - Cerisier','4f596a43975b7b4b82f0fd627e507a05',1157218994,-9,1154463774,1148312425,0,7,'2.00',1,'french','D M d, Y g:i a',0,0,0,NULL,0,1,1,1,1,1,1,1,0,1,1,0,'9902818134476fc1eaf571.png',1,'jinei@yatta.be','','http://www.yatta.be','','[img:2c803ddc87]http://membres.lycos.fr/cz0/images/snif.gif[/img:2c803ddc87]','2c803ddc87','','','','','','',NULL,NULL,'',0,'0',0,NULL,NULL,NULL,NULL,NULL,NULL,0,NULL,1,1,1,1,1,1,1,1,1,1,1,1,1,1,1,1,15,5,0,0,0,0,0,0,0,0),(160,1,'Juanito','87e8454e25a9a774fe78bca2b9426aa9',1181478608,21,1181342448,1148398478,0,2,'2.00',2,'french','D M d, Y g:i a',0,0,0,NULL,0,1,0,1,1,1,1,1,0,1,1,0,'',0,'juanito_locco@hotmail.com','','','','Attendez-vous toujours au pire vous ne serrez jamais deçu','f2d71fc74b','','','','','','',NULL,NULL,'',0,'0',0,NULL,NULL,NULL,NULL,NULL,NULL,0,NULL,1,1,1,1,1,1,1,1,1,1,1,1,1,1,1,1,15,5,0,0,0,0,0,0,0,0),(177,1,'kaz','5badcaf789d3d1d09794d8f021f40f0e',1170072473,21,1170072207,1151575000,0,13,'2.00',1,'french','D M d, Y g:i a',0,0,0,NULL,0,1,0,1,1,1,1,1,0,1,1,0,'',0,'lefullmetal666@hotmail.fr','','','70','--Wolf fury G lvl 20 \r\n--Vengeful dream G lvl 20 \r\n--angel s wake M lvl 13 \r\n--A L T H E A   Rt lvl 3','2b8227e0e7','','','','étudiant iut','','',NULL,NULL,'',0,'0',0,NULL,NULL,NULL,NULL,NULL,NULL,0,NULL,1,1,1,1,1,1,1,1,1,1,1,1,1,1,1,1,15,5,0,0,0,0,0,0,0,0),(163,1,'Eliandror','7faef4a84d67aba43864b37316b838a7',1175448414,0,1167135523,1148926159,0,15,'2.00',1,'french','D M d, Y g:i a',0,0,0,NULL,0,1,0,1,1,1,1,1,0,1,1,0,'',0,'erlin@tiscali.be','','','','','','','','','','','',NULL,NULL,'',0,'0',0,NULL,NULL,NULL,NULL,NULL,NULL,0,NULL,1,1,1,1,1,1,1,1,1,1,1,1,1,1,1,1,15,5,0,0,0,0,0,0,0,0),(165,1,'murmolk','b6315e624b1175b858b16d6014fed7c5',1167838208,-1,1167676575,1149078436,0,0,'2.00',1,'french','D M d, Y g:i a',0,0,0,NULL,0,1,0,1,1,1,1,1,0,1,1,0,'',0,'kevdu78@hotmail.fr','','','','','','','','','','','',NULL,NULL,'',0,'0',0,NULL,NULL,NULL,NULL,NULL,NULL,0,NULL,1,1,1,1,1,1,1,1,1,1,1,1,1,1,1,1,15,5,0,0,0,0,0,0,0,0),(168,1,'Clad Kyll','a77d40612a71cfe1274598d1329ed0bd',1170079062,-19,1158428553,1149626175,0,3,'2.00',1,'french','D M d, Y g:i a',0,0,0,NULL,0,1,0,1,1,1,1,1,0,1,1,0,'',0,'hyffut@hotmail.com','','','','Officier des LJP\r\nhttp://ljpgw.online.fr/forum/index.php','daab06ee18','','','','','','',NULL,NULL,'',0,'0',0,NULL,NULL,NULL,NULL,NULL,NULL,0,NULL,1,1,1,1,1,1,1,1,1,1,1,1,1,1,1,1,15,5,0,0,0,0,0,0,0,0),(176,1,'Faena','fe08a8b08eb26d1313b3e3c523542ed2',1181502106,0,1181423341,1151574370,0,20,'2.00',1,'french','D M d, Y g:i a',0,0,1179595518,NULL,0,1,0,1,1,1,1,1,0,1,1,0,'200271690344a3f3e6017fb.jpg',1,'yplenet@gmail.com','','','','[size=9:6370ad31c0]Avatar : image ©[url=http://www.melissauran.com/]Melissa Uran[/url][/size:6370ad31c0]','6370ad31c0','','','','','','',NULL,NULL,'',0,'0',0,NULL,NULL,NULL,NULL,NULL,NULL,0,'0110000001110000000000000001',1,1,1,1,1,1,1,1,1,1,1,1,1,1,1,1,15,5,0,0,0,0,0,0,0,0),(185,1,'Legolas','a4cb4e45ef694156634a34cc49ac1685',1176415778,0,1167510242,1155331515,0,8,'2.00',1,'french','D M d, Y g:i a',0,0,0,NULL,0,1,0,1,1,1,1,1,0,1,1,0,'',0,'snif-revan@hotmail.fr','','','Lyon ( Miribel )','Legolas, Le rouilleur de service 24/24\r\n\r\nPersonnages principaux:\r\nLegolas Artik: R/El\r\nLegolas P V P: R/el Perso Pvp\r\nZamal Erkatos: Rt/N','04581d8fcb','','','','','','',NULL,NULL,'',0,'0',0,NULL,NULL,NULL,NULL,NULL,NULL,0,NULL,1,1,1,1,1,1,1,1,1,1,1,1,1,1,1,1,15,5,0,0,0,0,0,0,0,0),(174,1,'Lala','bba577297405bbaac68523fd668cedca',1181379800,-1035,1168875714,1151418169,0,2,'2.00',2,'french','D M d, Y g:i a',0,0,0,NULL,0,1,0,1,1,1,1,1,0,1,1,0,'',0,'la-creuvette@hotmail.fr','','','pariiiiiis','','','','','la-creuvette@hotmail.fr','étudiante ^^','','75bd70','ec9b17c3af684120383abe3345907c8d',NULL,'Sarah',2,'19910621',0,NULL,NULL,NULL,NULL,NULL,NULL,0,NULL,1,1,1,1,1,1,1,1,1,1,1,1,1,1,1,1,15,5,0,0,0,0,0,0,0,0),(181,1,'Rico','114d9e46d97258c6062dfa19ea0dbc9b',1173202864,0,1167677929,1152539988,0,16,'2.00',1,'french','D M d, Y g:i a',0,0,0,NULL,0,1,0,1,1,1,1,1,0,0,1,0,'32936139244bbeb7958090.gif',1,'belgianmedic@yahoo.fr','','http://www.urb.be','','[img:80b6074fc3]http://www.clanmako.free.fr/Rico/ScreenShot/GUILDWARSBAN.jpg[/img:80b6074fc3]\r\n[img:80b6074fc3]http://www.clanmako.free.fr/Rico/TAG/RCSCBANRICO.jpg[/img:80b6074fc3]','80b6074fc3','','','Cerebralkiller@hotmail.com','Ambulancier Militaire &amp; Pompier','Sporting Charleroi','',NULL,NULL,'',0,'0',0,NULL,NULL,NULL,NULL,NULL,NULL,0,NULL,1,1,1,1,1,1,1,1,1,1,1,1,1,1,1,1,15,5,0,0,0,0,0,0,0,0),(180,1,'Theo','fc84be963d1fa9dd49d5467b523e2ea1',1172259973,-4,1171124613,1152219057,0,1,'1.00',1,'french','D M d, Y g:i a',0,0,0,NULL,1,1,0,1,1,1,1,1,1,1,1,0,'',0,'tomaspeltier@hotmail.fr','','','mayenne paris','','','','','tomaspeltier@hotmail.fr','collégien','pc pc pc badminton bouquiner','',NULL,NULL,'',0,'0',0,NULL,NULL,NULL,NULL,NULL,NULL,0,'0110000001110000000000000001',1,1,1,1,1,1,1,1,1,1,1,1,1,1,1,1,15,5,0,0,0,0,0,0,0,0),(184,1,'Krahn Defaire','893b1c7b712e24a7ff44ece581427730',1168694375,0,1168620056,1154211099,0,8,'2.00',7,'french','D M d, Y g:i a',0,0,1167146527,NULL,0,1,0,1,1,1,1,1,0,1,1,0,'74356351445928dd8de765.jpg',1,'totobicyclo@hotmail.com','','http://lesseigneurseternels.winnerbb.com','La Rochelle',':wink: Krahn  :wink: \r\n[img:1e2cae68ca]http://img105.imageshack.us/img105/4427/krahnanimya7.gif[/img:1e2cae68ca]\r\n[i:1e2cae68ca]les murs ça fait mal sauf si l\'\'on a un Krahn Defaire[/i:1e2cae68ca]','1e2cae68ca','','','totobicyclo@hotmail.com','Etudiant','Voile Rugby infographie la copine','',NULL,NULL,'Antoine',1,'19860101',1167686766,NULL,NULL,NULL,NULL,NULL,NULL,1,'0110000001110000000000000001',1,1,1,1,1,1,1,1,1,1,1,1,1,1,1,1,15,5,0,0,0,0,0,0,0,0),(186,1,'circa','ba020371730439ba9abafad7f2d66c76',1181588720,-12,1181569847,1156360640,2,200,'0.00',1,'french','D M d, Y g:i a',0,0,1178050232,NULL,0,1,1,1,1,1,1,1,0,1,1,0,'160994782144eee6dbb8061.gif',1,'rolerx48@hotmail.com','','','Baulne -91- France','Perso : \r\nCirca Spirit : El/Env LvL  20\r\nCirca No Jutsu : R/M  LvL 20  \r\n\r\n + Slots PvP                \r\n                  [img:121555eeaa]http://img91.imageshack.us/img91/3876/conjudufroiddg9.jpg[/img:121555eeaa]\r\nCirca, c\'\'est plus fort que toi\r\n       !! Officier de la [SniF] !!','121555eeaa','','','rolerx48@hotmail.com','Etudiant - College','','',NULL,'','Ca commence par un A',1,'19920629',0,NULL,NULL,NULL,NULL,NULL,NULL,1,'0110000001110000000000000001',1,1,1,1,1,1,1,1,1,1,1,1,1,1,1,1,15,5,0,0,0,0,0,0,0,0),(189,1,'nosgiliath','098f6bcd4621d373cade4e832627b4f6',1157366530,-1,1157363494,1157312826,0,4,'2.00',1,'french','D M d, Y g:i a',0,0,0,NULL,0,1,0,1,1,1,1,1,0,1,1,0,'',0,'trucmuch@hotmail.com','','','','','','','','','','','',NULL,NULL,'',0,'0',0,NULL,NULL,NULL,NULL,NULL,NULL,0,NULL,1,1,1,1,1,1,1,1,1,1,1,1,1,1,1,1,15,5,0,0,0,0,0,0,0,0),(188,1,'Redek Martal','741e4278e33a4b3a75f5e04c402f9213',1157123365,-1035,1157118750,1157118726,0,2,'1.00',2,'french','D M d, Y g:i a',0,0,0,NULL,0,1,0,1,1,1,1,1,0,1,1,0,'',0,'edward_bunzl@hotmail.fr','','','','','','','','','','','',NULL,NULL,'',0,'0',0,NULL,NULL,NULL,NULL,NULL,NULL,0,NULL,1,1,1,1,1,1,1,1,1,1,1,1,1,1,1,1,15,5,0,0,0,0,0,0,0,0),(191,1,'VERSTAPPEN','6d3ff39c60dad83dadbe22b42d009cfa',1158672852,-11,1158672765,1158672382,0,0,'2.00',2,'french','D M d, Y g:i a',0,0,0,NULL,0,1,0,1,1,1,1,1,0,1,1,0,'',0,'papaboulette@hotmail.com','','','marche-en-famenne','','','','','papaboulette@hotmail.com','sans','jeux','',NULL,'be.gif','',0,'0',0,NULL,NULL,NULL,NULL,NULL,NULL,0,NULL,1,1,1,1,1,1,1,1,1,1,1,1,1,1,1,1,15,5,0,0,0,0,0,0,0,0),(190,1,'kogonuts','351d4432a6df518346143e77b71525e2',1166740053,0,1164316416,1158506168,0,0,'2.00',1,'french','D M d, Y g:i a',0,0,0,NULL,0,1,0,1,1,1,1,1,0,1,1,0,'',0,'denillelionel@wanadoo.fr','','','','','','','','','vendeur','paintball','',NULL,'fr.gif','',0,'0',0,NULL,NULL,NULL,NULL,NULL,NULL,0,NULL,1,1,1,1,1,1,1,1,1,1,1,1,1,1,1,1,15,5,0,0,0,0,0,0,0,0),(192,1,'Eliaen','9015e536b1458c33bd7f595a7c832b5e',1158776446,-1035,1158775074,1158775017,0,0,'2.00',1,'french','D M d, Y g:i a',0,0,1158775074,NULL,0,1,0,1,1,1,1,1,0,1,1,0,'',0,'milou_soad@hotmail.com','','','','','','','','','','','',NULL,'be.gif','',0,'0',0,NULL,NULL,NULL,NULL,NULL,NULL,0,NULL,1,1,1,1,1,1,1,1,1,1,1,1,1,1,1,1,15,5,0,0,0,0,0,0,0,0),(194,1,'Valder','bbdd9272df3f367dcb9b294d1a968d98',1161976829,-4,1160573440,1159357014,0,1,'2.00',1,'french','D M d, Y g:i a',0,0,0,NULL,0,1,0,1,1,1,1,1,0,1,1,0,'',0,'Cbio-cl1@hotmail.fr','','','Dans un bled pommé pas loin de la rochelle (devant son PC)','!!!Sa va tataner!!!','463a378e49','','','','Lycéen a mes heures perdu','PC, atlhetisme','',NULL,'fr.gif','',0,'0',0,NULL,NULL,NULL,NULL,NULL,NULL,0,NULL,1,1,1,1,1,1,1,1,1,1,1,1,1,1,1,1,15,5,0,0,0,0,0,0,0,0),(195,1,'blackstone31','d819196282b450d7f8215d481c11dfd3',1172794954,-19,1172770984,1159361525,0,34,'2.00',1,'french','D M d, Y g:i a',0,0,1167298665,NULL,0,1,0,1,1,1,1,1,0,1,1,0,'213354455451aabda9bfde.jpg',1,'armored31@aol.com','','','la ville rose  cassoulet soleil','thermo ripolin g/n lev20  thermony love: lev  18 g/r\r\nthermonax le vif  lev 9 r/m determina la pieuse d/illu 15\r\n therma dent de lion p/der 20   permina vie perfide  d/ pvp\r\npernod elf ele/pvp therrmony crusader g/ pvp build sur forum lse et  guild ward mmrpj','2f7b0be43e','','','','technicien du soleil','jeu strategie natation lecture  cine','',NULL,'fr.gif','',1,'0',0,NULL,NULL,NULL,NULL,NULL,NULL,0,'0110000001110000000000000001',1,1,1,1,1,1,1,1,1,1,1,1,1,1,1,1,15,5,0,0,0,0,0,0,0,0),(215,1,'lunix546','41b25270b8d0ce806cb9672dc4fa4923',1167664953,-4,1167664891,1167664864,0,0,'2.00',7,'french','D M d, Y g:i a',0,0,0,NULL,NULL,NULL,1,1,1,1,1,1,1,0,0,0,NULL,0,'lunix546@hotmail.com',NULL,NULL,NULL,NULL,NULL,NULL,NULL,NULL,NULL,NULL,NULL,NULL,NULL,'',0,'0',0,NULL,NULL,NULL,NULL,NULL,NULL,0,'0110000001110000000000000001',1,1,1,1,1,1,1,1,1,1,1,1,1,1,1,1,15,5,0,0,0,0,0,0,0,0),(286,1,'l invoqueur','6aad7dc00ea18ed4473d8e40c8752802',0,0,0,1178658291,0,0,'2.00',7,'french','D M d, Y g:i a',0,0,0,NULL,NULL,NULL,1,1,1,1,1,1,1,0,0,0,NULL,0,'anne_et_david@hotmail.com',NULL,NULL,NULL,NULL,NULL,NULL,NULL,NULL,NULL,NULL,'499070bd045c3cb8c7580d',NULL,NULL,'',0,'0',0,NULL,NULL,NULL,NULL,NULL,NULL,0,NULL,1,1,1,1,1,1,1,1,1,1,1,1,1,1,1,1,15,5,0,0,0,0,0,0,0,0),(196,1,'tartopium','4a94b2099855a240d4a39d87b750832b',1161900091,8,1160995085,1160267049,0,0,'2.00',4,'french','D M d, Y g:i a',0,0,0,NULL,NULL,NULL,1,1,1,1,1,1,1,0,0,0,NULL,0,'yannnfrancart@yahoo.fr',NULL,NULL,NULL,'[url=http://www.fodey.com/generators/animated/ninjatext.asp][img:b853b2963d]http://r1.fodey.com/136ba2eaaf1404d2c8cf69a0a85c3304d.1.gif[/img:b853b2963d][/url]\r\n[img:b853b2963d]http://naiko91.free.fr/Autres/Forum/signatures/mini02.png[/img:b853b2963d]','b853b2963d',NULL,NULL,NULL,NULL,NULL,NULL,NULL,NULL,'',0,'0',0,NULL,NULL,NULL,NULL,NULL,NULL,0,'0110000001110000000000000001',1,1,1,1,1,1,1,1,1,1,1,1,1,1,1,1,15,5,0,0,0,0,0,0,0,0),(197,1,'jean','6d3ff39c60dad83dadbe22b42d009cfa',1167121822,-4,1167121704,1161066045,0,2,'10.00',7,'french','D M d, Y g:i a',0,1,1161936158,NULL,2,0,1,1,1,1,1,1,1,1,0,0,NULL,0,'ypoussy@scarlet.be','','','MARCHE-EN-FAMENNE',NULL,NULL,'','','papaboulette@hotmail.com','PENSIONNNER','CUISINNE INFORMATIQUE ET JEUX',NULL,NULL,NULL,'VERSTAPPEN',1,'19500228',0,'003284730045','','','','','',1,'0110000001110000000000000001',1,1,1,1,1,1,1,1,1,1,1,1,1,1,1,1,15,5,0,0,0,0,0,0,0,0),(198,1,'Cata','de06c8e47cf70e158b408fe8ab69c9b4',1175341892,8,1169670531,1161367725,0,6,'2.00',7,'french','D M d, Y g:i a',0,0,1165610123,NULL,NULL,NULL,1,1,1,1,1,1,1,0,0,0,NULL,0,'cataristik@hotmail.fr',NULL,NULL,NULL,NULL,NULL,NULL,NULL,NULL,NULL,NULL,NULL,NULL,NULL,'',0,'0',0,NULL,NULL,NULL,NULL,NULL,NULL,0,NULL,1,1,1,1,1,1,1,1,1,1,1,1,1,1,1,1,15,5,0,0,0,0,0,0,0,0),(199,1,'Tarma','4eb35ca6f8a815f98f43a0590f572076',1181639553,-12,1181638236,1162937778,0,138,'2.00',7,'french','D M d, Y g:i a',0,0,1179497309,NULL,NULL,NULL,1,1,1,1,1,1,1,0,0,0,'1353579078460aee4196c7e.jpg',1,'seriouspain@hotmail.fr',NULL,NULL,'K-Laid','[img:0d8d80bc2f]http://img255.imageshack.us/img255/7311/frog1wd1.png[/img:0d8d80bc2f]\r\n[img:0d8d80bc2f]http://img164.imageshack.us/img164/5867/georgesto8.gif[/img:0d8d80bc2f]\r\nTarma La Necroloque : Le Necro le plus classe du monde !','0d8d80bc2f',NULL,NULL,NULL,'Licence Pro Branleur IN','Comme tous les geeks...',NULL,NULL,NULL,'Ju',1,'19860416',1176676408,NULL,NULL,NULL,NULL,NULL,NULL,0,'0110000001110000000000000001',1,1,1,1,1,1,1,1,1,1,1,1,1,1,1,1,15,5,0,0,0,0,0,0,0,0),(200,1,'MisterNo','4076d8c2df8f699e541fda114a706433',1163576846,0,1163416036,1163158326,0,1,'2.00',7,'french','D M d, Y g:i a',0,0,1163159590,NULL,NULL,NULL,1,1,1,1,1,1,1,0,0,0,'202598894845546aa65cc05.jpg',1,'Arnauld.Echevin@free.fr',NULL,NULL,'Lille',NULL,NULL,NULL,NULL,NULL,'Ingénieur Cadre','Volley Ball, Guildwars, Ciné, Zik, Mix',NULL,NULL,NULL,'Arno',1,'19780215',0,NULL,NULL,NULL,NULL,NULL,NULL,0,'0110000001110000000000000001',1,1,1,1,1,1,1,1,1,1,1,1,1,1,1,1,15,5,0,0,0,0,0,0,0,0),(201,1,'Sombre','4ea01926ae06fdfa41a01df8ff1002cc',1176197430,0,1175842745,1164396759,0,4,'2.00',7,'french','D M d, Y g:i a',0,0,0,NULL,NULL,NULL,1,1,1,1,1,1,1,0,0,0,'586818484458aa55f16d4c.gif',1,'gdra@hotmail.fr',NULL,NULL,NULL,'[URL=http://imageshack.us][img:06446e1b1d]http://img214.imageshack.us/img214/5043/simplegs9.png[/img:06446e1b1d][/URL]','06446e1b1d',NULL,NULL,NULL,NULL,NULL,NULL,NULL,NULL,'',0,'0',0,NULL,NULL,NULL,NULL,NULL,NULL,0,NULL,1,1,1,1,1,1,1,1,1,1,1,1,1,1,1,1,15,5,0,0,0,0,0,0,0,0),(202,1,'Ryu','e0307208a50c4268983f43c4eb0337b0',1181585138,0,1181507875,1164649956,0,39,'2.00',7,'french','D M d, Y g:i a',0,0,0,NULL,NULL,NULL,1,1,1,1,1,1,1,0,0,0,'18253945344583e1d881522.jpg',1,'ed_leconte@hotmail.com',NULL,NULL,'Rouen','[url=http://imageshack.us][img:a49ff2a446]http://img175.imageshack.us/img175/1522/bannierefma1zb.jpg[/img:a49ff2a446][/url]\r\n[URL=http://imageshack.us][img:a49ff2a446]http://img243.imageshack.us/img243/9728/pantheon1py3.jpg[/img:a49ff2a446][/URL]\r\n[URL=http://imageshack.us][img:a49ff2a446]http://img96.imageshack.us/img96/464/gw0109xr.jpg[/img:a49ff2a446][/URL]','a49ff2a446',NULL,NULL,NULL,'Collegien : /','Final Fantasy! *-*\r\nMangaas!',NULL,NULL,NULL,'Ed',1,'19920306',1173181915,NULL,NULL,NULL,NULL,NULL,NULL,0,'0110000001110000000000000001',1,1,1,1,1,1,1,1,1,1,1,1,0,0,0,0,15,5,0,0,0,0,0,0,0,0),(203,1,'scalp0073','40ae9d01199f308a06ff4b374e5b3e45',1168626817,0,1165584057,1165583626,0,0,'2.00',7,'french','D M d, Y g:i a',0,0,0,NULL,NULL,NULL,1,1,1,1,1,1,1,0,0,0,NULL,0,'scalp0073@hotmail.com',NULL,NULL,'menton (a cote de monaco dit tuneland)',NULL,NULL,NULL,NULL,NULL,'peintre','famille et pc',NULL,NULL,NULL,'pascal',1,'19730804',0,NULL,NULL,NULL,NULL,NULL,NULL,0,'0110000001110000000000000001',1,1,1,1,1,1,1,1,1,1,1,1,1,1,1,1,15,5,0,0,0,0,0,0,0,0),(204,1,'Agathe','5d41402abc4b2a76b9719d911017c592',1166519473,0,1166445081,1166116462,0,2,'2.00',7,'french','D M d, Y g:i a',0,0,0,NULL,NULL,NULL,1,1,1,1,1,1,1,0,0,0,NULL,0,'fifine65@hotmail.com',NULL,NULL,NULL,NULL,NULL,NULL,NULL,NULL,NULL,NULL,NULL,NULL,NULL,'',0,'0',0,NULL,NULL,NULL,NULL,NULL,NULL,0,NULL,1,1,1,1,1,1,1,1,1,1,1,1,1,1,1,1,15,5,0,0,0,0,0,0,0,0),(217,1,'Hathor','1680b14730ffc154346229bfc1060444',1168167983,0,1168167983,1168167936,0,1,'2.00',7,'french','D M d, Y g:i a',0,0,0,NULL,NULL,NULL,1,1,1,1,1,1,1,0,0,0,NULL,0,'maxime.he@hotmail.fr',NULL,NULL,NULL,NULL,NULL,NULL,NULL,NULL,NULL,NULL,NULL,NULL,NULL,'',0,'0',0,NULL,NULL,NULL,NULL,NULL,NULL,0,NULL,1,1,1,1,1,1,1,1,1,1,1,1,1,1,1,1,15,5,0,0,0,0,0,0,0,0),(205,1,'Ray','5ad6a93f63e100a40cb381074f4c3aad',1168103100,-12,1167515276,1166475853,0,0,'2.00',2,'french','D M d, Y g:i a',0,0,0,NULL,NULL,NULL,1,1,1,1,1,1,1,0,0,0,NULL,0,'angus3200@gmail.com',NULL,NULL,NULL,NULL,NULL,NULL,NULL,NULL,NULL,NULL,NULL,NULL,NULL,'',0,'0',0,NULL,NULL,NULL,NULL,NULL,NULL,0,NULL,1,1,1,1,1,1,1,1,1,1,1,1,1,1,1,1,15,5,0,0,0,0,0,0,0,0),(206,1,'armaged0n','8648922abc724e0c5bf6ae734b5f4f88',1169384807,22,1168860514,1166530384,0,14,'2.00',7,'french','D M d, Y g:i a',0,0,0,NULL,NULL,NULL,1,1,1,1,1,1,1,0,0,0,'28301689845890051bb614.jpg',1,'armaged0n@msn.com',NULL,NULL,'Paris','[i:e121fd56ab][color=red:e121fd56ab]Perso Principal [/color:e121fd56ab]:[/i:e121fd56ab] [b:e121fd56ab]Armagedon Fr[/b:e121fd56ab]   :twisted: \r\n\r\n[img:e121fd56ab]http://clemox2.free.fr/mai_otome/multimedia/signatures/romangel/04.jpg[/img:e121fd56ab]','e121fd56ab',NULL,NULL,NULL,'','',NULL,NULL,NULL,'',1,'0',0,NULL,NULL,NULL,NULL,NULL,NULL,0,NULL,1,1,1,1,1,1,1,1,1,1,1,1,1,1,1,1,15,5,0,0,0,0,0,0,0,0),(256,1,'jeanne_la_tarzane','83f8b70f4d75954f0343ac5082f802f7',1181579442,0,1181428295,1173205363,0,0,'2.00',2,'french','D M d, Y g:i a',0,0,0,NULL,0,0,1,1,1,1,1,1,1,0,0,0,NULL,0,'bobditlane@hotmail.com','','','','','','','','','','','64f1fd4d07848ee60fa3',NULL,NULL,'',0,'0',0,NULL,NULL,NULL,NULL,NULL,NULL,0,'0110000001110000000000000001',1,1,1,1,1,1,1,1,1,1,1,1,1,1,1,1,15,5,0,0,0,0,0,0,0,0),(207,1,'VoXoR','93397c01b8f99d469819b6f42d7e11f2',1177120648,-1,1173580317,1166639354,0,0,'2.00',7,'french','D M d, Y g:i a',0,0,0,NULL,NULL,NULL,1,1,1,1,1,1,1,0,0,0,NULL,0,'kevin0071@wanadoo.fr',NULL,NULL,NULL,NULL,NULL,NULL,NULL,NULL,NULL,NULL,NULL,NULL,NULL,'',0,'0',0,NULL,NULL,NULL,NULL,NULL,NULL,0,'0110000001110000000000000001',1,1,1,1,1,1,1,1,1,1,1,1,1,1,1,1,15,5,0,0,0,0,0,0,0,0),(262,1,'xseth','59e94b0489ed07202090be7da8ac56a7',1181338692,24,1181305918,1174930000,0,16,'2.00',7,'french','D M d, Y g:i a',0,0,0,NULL,0,0,1,1,1,1,1,1,1,0,0,0,'899330050466138db75363.jpg',1,'xseth@free.fr','','','Toulouse','D 20 # El 20 # G 20 # M 20 # A 14 # R 9 # N 4 # Slot pvp','9aa02edb6f','','','','Etudiant','Sport, informatique, cinéma, soirée entre potes','097ab90a4b38369dad4e78',NULL,NULL,'',1,'19860614',0,NULL,NULL,NULL,NULL,NULL,NULL,0,'0110000001110000000000000001',1,1,1,1,1,1,1,1,1,1,1,1,1,1,1,1,15,5,0,0,0,0,0,0,0,0),(279,1,'Xam','d2c5a9cb6b5ee777b181748a202bea40',1181579972,0,1181561968,1178004918,0,8,'2.00',7,'french','D M d, Y g:i a',0,0,0,NULL,NULL,NULL,1,1,1,1,1,1,1,0,0,0,NULL,0,'maxime@aero.fr',NULL,NULL,NULL,NULL,NULL,NULL,NULL,NULL,NULL,NULL,'b2bf388b9f50085a00e1ba',NULL,NULL,'',0,'0',0,NULL,NULL,NULL,NULL,NULL,NULL,0,NULL,1,1,1,1,1,1,1,1,1,1,1,1,1,1,1,1,15,5,0,0,0,0,0,0,0,0),(210,1,'tego','0be4501ab7a212c608088408a7f278e0',1167479159,-9,1167478887,1167132620,0,1,'2.00',7,'french','D M d, Y g:i a',0,0,0,NULL,NULL,NULL,1,1,1,1,1,1,1,0,0,0,NULL,0,'LSE_29@hotmail.fr',NULL,NULL,NULL,NULL,NULL,NULL,NULL,NULL,NULL,NULL,NULL,NULL,NULL,'',0,'0',0,NULL,NULL,NULL,NULL,NULL,NULL,0,NULL,1,1,1,1,1,1,1,1,1,1,1,1,1,1,1,1,15,5,0,0,0,0,0,0,0,0),(209,1,'Alan Darkblade','b39ecd658b2b74a2712303acf766b4a7',1166999424,-4,1166999359,1166999288,0,0,'2.00',7,'french','D M d, Y g:i a',0,0,0,NULL,NULL,NULL,1,1,1,1,1,1,1,0,0,0,NULL,0,'skwy@hotmail.fr',NULL,NULL,'',NULL,NULL,NULL,NULL,NULL,'','',NULL,NULL,NULL,'Alan',1,'19890701',0,NULL,NULL,NULL,NULL,NULL,NULL,0,'0110000001110000000000000001',1,1,1,1,1,1,1,1,1,1,1,1,1,1,1,1,15,5,0,0,0,0,0,0,0,0),(211,1,'Van Quicksilver0924','24600a3579445ec933f6cd2511058f33',1167144694,-9,1167144564,1167144344,0,1,'2.00',7,'french','D M d, Y g:i a',0,0,0,NULL,NULL,NULL,1,1,1,1,1,1,1,0,0,0,NULL,0,'Pantherz1Antonio@aim.com',NULL,NULL,NULL,NULL,NULL,NULL,NULL,NULL,NULL,NULL,NULL,NULL,NULL,'',0,'0',0,NULL,NULL,NULL,NULL,NULL,NULL,0,NULL,1,1,1,1,1,1,1,1,1,1,1,1,1,1,1,1,15,5,0,0,0,0,0,0,0,0),(212,1,'jéjé','0c388f2597dd81a7955507c1ddd0b6ee',1167227230,0,1167213932,1167150417,0,1,'2.00',7,'french','D M d, Y g:i a',0,0,0,NULL,NULL,NULL,1,1,1,1,1,1,1,0,0,0,NULL,0,'chantal.quelven@wanadoo.fr',NULL,NULL,NULL,NULL,NULL,NULL,NULL,NULL,NULL,NULL,NULL,NULL,NULL,'',0,'0',0,NULL,NULL,NULL,NULL,NULL,NULL,0,NULL,1,1,1,1,1,1,1,1,1,1,1,1,1,1,1,1,15,5,0,0,0,0,0,0,0,0),(213,1,'bruenor','dd808bac8cdb7d46c8989d8a427f0e94',1167403203,22,1167224422,1167223782,0,1,'2.00',7,'french','D M d, Y g:i a',0,0,0,NULL,NULL,NULL,1,1,1,1,1,1,1,0,0,0,NULL,0,'benji_d_ici@hotmail.fr',NULL,NULL,NULL,NULL,NULL,NULL,NULL,NULL,NULL,NULL,NULL,NULL,NULL,'',0,'0',0,NULL,NULL,NULL,NULL,NULL,NULL,0,NULL,1,1,1,1,1,1,1,1,1,1,1,1,1,1,1,1,15,5,0,0,0,0,0,0,0,0),(214,1,'Metal milicien','f2b306e3d96501390040beb414b8622a',1167676362,14,1167640818,1167419551,0,2,'2.00',7,'french','D M d, Y g:i a',0,0,0,NULL,NULL,NULL,1,1,1,1,1,1,1,0,0,0,NULL,0,'olivrom1@aol.com',NULL,NULL,NULL,NULL,NULL,NULL,NULL,NULL,NULL,NULL,NULL,NULL,NULL,'',0,'0',0,NULL,NULL,NULL,NULL,NULL,NULL,0,'0110000001110000000000000001',1,1,1,1,1,1,1,1,1,1,1,1,1,1,1,1,15,5,0,0,0,0,0,0,0,0),(241,1,'elfe','91ab7b369d48cd0eba34a1b6f417e31d',1171410067,-1035,1171401610,1171312042,0,0,'2.00',7,'french','D M d, Y g:i a',0,0,0,NULL,NULL,NULL,1,1,1,1,1,1,1,0,0,0,NULL,0,'sebastien.alborghetti@numericable.fr',NULL,NULL,NULL,NULL,NULL,NULL,NULL,NULL,NULL,NULL,'5713b2da102fd436bd6f',NULL,NULL,'',0,'0',0,NULL,NULL,NULL,NULL,NULL,NULL,0,NULL,1,1,1,1,1,1,1,1,1,1,1,1,1,1,1,1,15,5,0,0,0,0,0,0,0,0),(216,1,'yoshi','801c14f07f9724229175b8ef8b4585a8',1168113300,-19,1167681354,1167681266,0,0,'2.00',7,'french','D M d, Y g:i a',0,0,0,NULL,NULL,NULL,1,1,1,1,1,1,1,0,0,0,NULL,0,'romanox@hotmail.com',NULL,NULL,NULL,NULL,NULL,NULL,NULL,NULL,NULL,NULL,NULL,NULL,NULL,'',0,'0',0,NULL,NULL,NULL,NULL,NULL,NULL,0,NULL,1,1,1,1,1,1,1,1,1,1,1,1,1,1,1,1,15,5,0,0,0,0,0,0,0,0),(221,1,'IntoX','70de35fee873efb2887e3f2b6f368a22',1181437635,-12,1180290318,1168359155,0,24,'2.00',7,'french','D M d, Y g:i a',0,0,0,NULL,NULL,NULL,1,1,1,1,1,1,1,0,0,0,'30333128445a3c27f25f48.png',1,'nykhola62@hotmail.fr','','http://dreamintox.over-blog.com','Calais','[center]Lenoxine Helles N/M lvl20 en mm exclusivement(Campagne Faction)\r\nChocapix Helles P/M lvl20 en Motivation/Javelot(Campagne NF)\r\nLarroud Eskour M/G lvl20 en Heal, cherche a passer Protec (Campagne NF)\r\nIntoX La Fleche R/M faible lvl, build indéfini \'^^(Campagne Prophecie)[/center]','4773e23cf5','','','nykhola62@hotmail.fr','A l\'iut, on est bien :D','Pas grands loisirs, un ptit GW de temps en temps, beaucoup de msn, voilà tout !',NULL,NULL,NULL,'Nicolas',1,'19881201',0,NULL,NULL,NULL,NULL,NULL,NULL,0,NULL,1,1,1,1,1,1,1,1,1,1,1,1,1,1,1,1,15,5,0,0,0,0,0,0,0,0),(219,1,'xlant','fcb1cac7838a1b31ad3eacabca00da8c',1181591265,-12,1181562301,1168267827,0,123,'0.00',7,'french','d M Y, G:i',0,0,1175113245,NULL,NULL,1,1,1,1,1,1,1,0,0,0,0,NULL,0,'nemo_webmaster@hotmail.com','','','Dunkerque','[list:ae37c3382f][*:ae37c3382f][b:ae37c3382f]Xlant Oo[/b:ae37c3382f] : R20 - PVE\r\n[*:ae37c3382f][b:ae37c3382f]Moine Xlant[/b:ae37c3382f] : M15 - PVE\r\n[*:ae37c3382f][b:ae37c3382f]Xlant La Necroloque[/b:ae37c3382f] : N20 - PVE\r\n[*:ae37c3382f][i:ae37c3382f]Privat Joke Lolilol (El) / Des Chips T Entends (A) - PVP[/i:ae37c3382f][/list:u:ae37c3382f]','ae37c3382f','','','nemo_webmaster@hotmail.com','Etudiant','',NULL,NULL,NULL,'Manu',1,'19860321',1174475726,NULL,NULL,NULL,NULL,NULL,NULL,1,'0110000001110000000000000001',1,1,1,1,1,1,1,1,1,1,1,1,1,1,1,1,15,5,0,0,0,0,0,0,0,0),(220,1,'Razy','17d9bb1f93fb8698f4e2d13599d5ddbe',1181633447,-1035,1181587098,1168286254,0,42,'0.00',7,'french','D M d, Y G:i',0,0,0,NULL,NULL,1,1,1,1,1,1,1,1,0,0,0,'87933265345a2a4e11c3c4.jpg',1,'julienserpe@hotmail.com','','raziel.skyblog.com','Arras','[URL=http://imageshack.us][img:c2d5c6737e]http://img169.imageshack.us/img169/8485/signaturety5.jpg[/img:c2d5c6737e][/URL]\r\n[url=http://guildwars.arnapou.net/titres/][img:c2d5c6737e]http://guildwars.arnapou.net/titres/titre_lordrazy.gif[/img:c2d5c6737e][/url]','c2d5c6737e','','','','Feignasse','Jeux vidéos, manga',NULL,NULL,NULL,'Julien',1,'19851029',0,NULL,NULL,NULL,NULL,NULL,NULL,1,'0110000001110000000000000001',1,1,1,1,1,1,1,1,1,1,1,1,1,1,1,1,15,5,0,0,0,0,0,0,0,0),(263,1,'Grimm','3ce946b7ea128e2d0bdbe19115794557',1181543766,-12,1181331190,1175024834,0,4,'2.00',7,'french','D M d, Y g:i a',0,0,1177155237,NULL,NULL,NULL,1,1,1,1,1,1,1,0,0,0,NULL,0,'garlandthesoldier@hotmail.fr',NULL,NULL,'',NULL,NULL,NULL,NULL,NULL,'','','e42d7c9355af0acdef8452',NULL,NULL,'',1,'0',0,NULL,NULL,NULL,NULL,NULL,NULL,0,NULL,1,1,1,1,1,1,1,1,1,1,1,1,1,1,1,1,15,5,0,0,0,0,0,0,0,0),(222,1,'shiro thagashi','1308901858301a74360ca46058ca694f',1168365288,-9,1168364712,1168364539,0,1,'2.00',7,'french','D M d, Y g:i a',0,0,0,NULL,NULL,NULL,1,1,1,1,1,1,1,0,0,0,NULL,0,'the-offspring-45@hotmail.fr',NULL,NULL,NULL,NULL,NULL,NULL,NULL,NULL,NULL,NULL,NULL,NULL,NULL,'',0,'0',0,NULL,NULL,NULL,NULL,NULL,NULL,0,NULL,1,1,1,1,1,1,1,1,1,1,1,1,1,1,1,1,15,5,0,0,0,0,0,0,0,0),(239,1,'Mao','397abf68ec424db0af7f74e80d4cdbf6',1181557503,-12,1181495703,1170949583,0,1,'2.00',7,'french','D M d, Y g:i a',0,0,1181495703,NULL,NULL,NULL,1,1,1,1,1,1,1,0,0,0,NULL,0,'basnguyen@gmail.com',NULL,NULL,'Suisse','Mao Tsee Tung lvl 20 M/en\r\nGokakyu no Justu lvl 20 El/en\r\nRevan Tung lvl 20 G/M\r\nAngrod Anwamane lvl 20 R/en','8617f1d21f',NULL,NULL,NULL,'Etudiant','Ordi','431fcd4fe6af9784d42f',NULL,NULL,'Basile Jung',1,'19900105',0,NULL,NULL,NULL,NULL,NULL,NULL,0,'0110000001110000000000000001',1,1,1,1,1,1,1,1,1,1,1,1,1,1,1,1,15,5,0,0,0,0,0,0,0,0),(223,1,'legolas thyren','e3d1f5e646420c326aa13b8df578d352',1168550382,-4,1168550015,1168549938,0,0,'2.00',7,'french','D M d, Y g:i a',0,0,1168550015,NULL,NULL,NULL,1,1,1,1,1,1,1,0,0,0,NULL,0,'guiminou@hotmail.fr',NULL,NULL,NULL,NULL,NULL,NULL,NULL,NULL,NULL,NULL,NULL,NULL,NULL,'',0,'0',0,NULL,NULL,NULL,NULL,NULL,NULL,0,NULL,1,1,1,1,1,1,1,1,1,1,1,1,1,1,1,1,15,5,0,0,0,0,0,0,0,0),(224,1,'ganatak','cd3bc35850eaea9f2734d71f82350b70',1168890791,0,1168890791,1168890692,0,0,'2.00',7,'french','D M d, Y g:i a',0,0,0,NULL,NULL,NULL,1,1,1,1,1,1,1,0,0,0,NULL,0,'le_roux63@hotmail.com',NULL,NULL,NULL,NULL,NULL,NULL,NULL,NULL,NULL,NULL,NULL,NULL,NULL,'',0,'0',0,NULL,NULL,NULL,NULL,NULL,NULL,0,NULL,1,1,1,1,1,1,1,1,1,1,1,1,1,1,1,1,15,5,0,0,0,0,0,0,0,0),(225,1,'Pask','7431ed26e961ff55b4bc77c82e461dfb',1181586150,-12,1181557709,1168963335,0,84,'2.00',7,'french','D M d, Y g:i a',0,0,1176282390,NULL,NULL,NULL,1,1,1,1,1,1,1,0,0,0,'58403424845f7e868f30c9.jpg',1,'caius_julius@hotmail.com',NULL,'www.pask04.skyblog.com','Suisse','...In the beer you can find the truth... [img:39e9576e65]http://www.tante-emma-laden.fr/images/GalerieDesProduits/Familles/BieresAllemandes.jpg[/img:39e9576e65]\r\n\r\n\r\n\r\n\r\n\r\n\r\nPerso:\r\nMordred le vif : R (pve)\r\nX Ombre Tueuse X : A (pve)\r\nLa Guerriere Rousse : G (pve)\r\nObscura la Demente : N (pve)','39e9576e65',NULL,NULL,NULL,'étudiant','jeux video,curling,badminton,lire,boire de la bière(de temps en temps),cinéma.',NULL,NULL,NULL,'Pascal',1,'19900602',1180771954,NULL,NULL,NULL,NULL,NULL,NULL,0,'0110000001110000000000000001',1,1,1,1,1,1,1,1,1,1,1,1,1,1,1,1,15,5,0,0,0,0,0,0,0,0),(226,1,'lord','48f24301f5969e200dfd05523d7a8f1b',1168964804,14,1168964559,1168964215,0,0,'2.00',7,'french','D M d, Y g:i a',0,0,0,NULL,NULL,NULL,1,1,1,1,1,1,1,0,0,0,NULL,0,'apocalipsenow4@hotmail.com',NULL,NULL,NULL,NULL,NULL,NULL,NULL,NULL,NULL,NULL,NULL,NULL,NULL,'',0,'0',0,NULL,NULL,NULL,NULL,NULL,NULL,0,NULL,1,1,1,1,1,1,1,1,1,1,1,1,1,1,1,1,15,5,0,0,0,0,0,0,0,0),(254,1,'momo','73026649222a2ffb0484ce921ea126c4',1181591078,-2,1181467389,1173042346,0,5,'2.00',7,'french','D M d, Y g:i a',0,0,0,NULL,NULL,NULL,1,1,1,1,1,1,1,0,0,0,NULL,0,'ledoudouvi@hotmail.fr',NULL,NULL,'périgueux',NULL,NULL,NULL,NULL,NULL,'','','e1ed67d524c1faecc4c1',NULL,NULL,'morgan',2,'19881027',0,NULL,NULL,NULL,NULL,NULL,NULL,0,NULL,1,1,1,1,1,1,1,1,1,1,1,1,1,1,1,1,15,5,0,0,0,0,0,0,0,0),(238,1,'Islabeth Zerkin','308711e86d1ff48b1475fe8528545bb7',1173811363,21,1173811302,1170055845,0,0,'2.00',7,'french','D M d, Y g:i a',0,0,0,NULL,NULL,NULL,1,1,1,1,1,1,1,0,0,0,NULL,0,'2tteam.tyrian@gmail.com',NULL,NULL,NULL,NULL,NULL,NULL,NULL,NULL,NULL,NULL,'bc9a6604ede0b5c5d397',NULL,NULL,'',0,'0',0,NULL,NULL,NULL,NULL,NULL,NULL,0,NULL,1,1,1,1,1,1,1,1,1,1,1,1,1,1,1,1,15,5,0,0,0,0,0,0,0,0),(229,1,'serial-chomeur','09d2783fcb1c7ea66460f0c98ce332d6',1181582927,-12,1180713141,1169046091,0,1,'2.00',7,'french','D M d, Y g:i a',0,0,0,NULL,NULL,NULL,1,1,1,1,1,1,1,0,0,0,NULL,0,'cleenewerckguillaume@hotmail.fr',NULL,NULL,NULL,NULL,NULL,NULL,NULL,NULL,NULL,NULL,NULL,NULL,NULL,'',0,'0',0,NULL,NULL,NULL,NULL,NULL,NULL,0,'0110000001110000000000000001',1,1,1,1,1,1,1,1,1,1,1,1,1,1,1,1,15,5,0,0,0,0,0,0,0,0),(230,1,'Danjuan','1bac52f5ca66327a4e060c26cf9c75f6',1170088427,0,1170013264,1169050438,0,12,'2.00',7,'french','D M d, Y g:i a',0,0,1169362894,NULL,NULL,NULL,1,1,1,1,1,1,1,0,0,0,'113891327345ae4e3559b22.jpg',1,'n_cortex@hotmail.fr',NULL,NULL,'Rennes, France.','Captain Danjuan ([G/M] lvl 20)\r\nBrother Danjuan ([M/se change un peu tout le temps] lvl 20)\r\nRanger Danjuan ([R/M] lvl 6)\r\n\r\n[img:14794833fe]http://img155.imageshack.us/img155/9504/vousjouezdepuisunjourxj4.png[/img:14794833fe]  :D','14794833fe',NULL,NULL,NULL,'','',NULL,NULL,NULL,'Olivier',1,'19920216',0,NULL,NULL,NULL,NULL,NULL,NULL,0,'0110000001110000000000000001',1,1,1,1,1,1,1,1,1,1,1,1,1,1,1,1,15,5,0,0,0,0,0,0,0,0),(267,1,'Sauron','8e2dda8bcf1f48ae8a5ebe0dd0464fc0',0,0,0,1175598819,0,0,'2.00',7,'french','D M d, Y g:i a',0,0,0,NULL,NULL,NULL,1,1,1,1,1,1,1,0,0,0,NULL,0,'sauron09@laposte.net',NULL,NULL,NULL,NULL,NULL,NULL,NULL,NULL,NULL,NULL,'328e9ba0fffcba4fbf62a6',NULL,NULL,'',0,'0',0,NULL,NULL,NULL,NULL,NULL,NULL,0,NULL,1,1,1,1,1,1,1,1,1,1,1,1,1,1,1,1,15,5,0,0,0,0,0,0,0,0),(266,1,'amakusa','ce165ea5e8fc93d993aeaf5e3aa82cc2',1181623594,0,1181590689,1175598808,0,22,'2.00',7,'french','D M d, Y g:i a',0,0,0,NULL,NULL,1,1,1,1,1,1,1,0,0,0,0,'1822230136462287ebda219.gif',1,'dregs1@hotmail.fr',NULL,NULL,'','[url=http://guildwars.arnapou.net/titres/][img:54bd70bd3e]http://guildwars.arnapou.net/titres/titre_tsubatsasan.gif[/img:54bd70bd3e][/url]','54bd70bd3e',NULL,NULL,NULL,'','','63a4cc2e137abfb42a1b73',NULL,NULL,'',1,'19860404',0,NULL,NULL,NULL,NULL,NULL,NULL,0,'0110000001110000000000000001',1,1,1,1,1,1,1,1,1,1,1,1,1,1,1,1,15,5,0,0,0,0,0,0,0,0),(236,1,'alukar','1c020611e3b753925ffc8af8745c0556',1176841770,-9,1175775446,1169658706,0,0,'2.00',2,'french','D M d, Y g:i a',0,0,0,NULL,NULL,NULL,1,1,1,1,1,1,1,0,0,0,NULL,0,'leclercq_alexandre2@hotmail.com',NULL,NULL,NULL,NULL,NULL,NULL,NULL,NULL,NULL,NULL,'45042614caeaa2dc5716',NULL,NULL,'',0,'0',0,NULL,NULL,NULL,NULL,NULL,NULL,0,NULL,1,1,1,1,1,1,1,1,1,1,1,1,1,1,1,1,15,5,0,0,0,0,0,0,0,0),(277,1,'Pily','d7b5e9dc397617c6cd6e4f154608cd33',0,0,0,1177758078,0,0,'2.00',7,'french','D M d, Y g:i a',0,0,0,NULL,NULL,NULL,1,1,1,1,1,1,1,0,0,0,NULL,0,'clairette971@hotmail.fr',NULL,NULL,NULL,NULL,NULL,NULL,NULL,NULL,NULL,NULL,'b04dfc73d4ec5ab181b808',NULL,NULL,'',0,'0',0,NULL,NULL,NULL,NULL,NULL,NULL,0,NULL,1,1,1,1,1,1,1,1,1,1,1,1,1,1,1,1,15,5,0,0,0,0,0,0,0,0);

--
-- Table structure for table `phpbb3_vote_desc`
--

CREATE TABLE `phpbb3_vote_desc` (
  `vote_id` mediumint(8) unsigned NOT NULL auto_increment,
  `topic_id` mediumint(8) unsigned NOT NULL default '0',
  `vote_text` text collate latin1_general_ci NOT NULL,
  `vote_start` int(11) NOT NULL default '0',
  `vote_length` int(11) NOT NULL default '0',
  PRIMARY KEY  (`vote_id`),
  KEY `topic_id` (`topic_id`)
) ENGINE=MyISAM DEFAULT CHARSET=latin1 COLLATE=latin1_general_ci;

--
-- Dumping data for table `phpbb3_vote_desc`
--


INSERT INTO `phpbb3_vote_desc` VALUES (1,254,'Quand venez-vous ?',1130161127,0),(2,253,'Comment vous trouvez ?',1130171173,0),(3,261,'Voulez-vous garder la cape actuelle (neige et or)?',1131039896,604800),(4,314,'Souhaitez vous Changer de Hall de Guilde ?',1139252828,1296000),(5,316,'Le Jury des SNIF Awards sera:',1139303237,0),(6,366,'Quelles sont vos préférence à propos des GvG et PvE en Guilde',1141130814,0),(7,372,'Je dis les Vendredis, mais si la journee ne vous convient pas faudera en voter un autre (^_^)',1141345874,1296000),(8,383,'Que faites-vous sur le forum ?',1141982588,0),(9,459,'Que voulez-vous faire ce vendredi 31/03/2006.',1143457867,432000),(10,460,'Allez-vous acheter GuildWars Faction?',1143545102,864000),(11,468,'Kurzicks ou Luxons?',1143799893,604800),(12,485,'A quand la date à laquelle Robin va dropper son premier VERT ?',1144133692,0),(13,590,'Quelle cape? (provisoire)',1146157771,259200),(14,604,'Cape du Mois de Juin',1147687577,1468800),(15,685,'Dois je rester officier?',1148915984,604800),(16,722,'Quelle cape pour le mois de Juillet?',1150456878,1296000),(23,929,'vous pensez que ca pourrait servir?',1160517195,0),(18,866,'Lequel de ces trois membres jugés vous le plus boulet :',1157096312,2592000),(19,878,'Alors ? c\'est comment ?',1157559382,0),(20,879,'pensez vous que cela peut aboutir quelque part...',1157637691,0),(21,889,'Quel cape pour octobre?',1158426037,0),(22,898,'allez vous l\'acheté?',1158956649,0),(24,959,'Que pensez-vous de la MaJ ?',1161893199,0),(25,962,'premières impressions',1162130964,0),(26,993,'Votre cape préférée',1164199640,0),(27,1009,'Alors, c\'est comment ?',1165155726,0),(28,1007,'Votre cape préférée? (Janvier)',1166555837,86400),(29,1077,'La cape de février',1168868487,1900800),(31,1253,'Votre cape préférée? (04/07)',1174400568,950400),(32,1303,'Quel hall de guilde?',1175765596,691200),(33,1319,'Cape du mois de mai',1176631083,0),(34,1362,'Cape du mois de Juin',1179234735,1382400);

--
-- Table structure for table `phpbb3_vote_results`
--

CREATE TABLE `phpbb3_vote_results` (
  `vote_id` mediumint(8) unsigned NOT NULL default '0',
  `vote_option_id` tinyint(4) unsigned NOT NULL default '0',
  `vote_option_text` varchar(255) collate latin1_general_ci NOT NULL default '',
  `vote_result` int(11) NOT NULL default '0',
  KEY `vote_option_id` (`vote_option_id`),
  KEY `vote_id` (`vote_id`)
) ENGINE=MyISAM DEFAULT CHARSET=latin1 COLLATE=latin1_general_ci;

--
-- Dumping data for table `phpbb3_vote_results`
--


INSERT INTO `phpbb3_vote_results` VALUES (1,1,'La matinée (7-11H)',0),(1,2,'Le midi (11-14H)',0),(1,3,'L\'après-midi (14-19H)',1),(1,4,'La soirée (19-0H)',6),(1,5,'La nuit (0-7H)',0),(1,6,'N\'importe quand',17),(2,1,'C\'est vraiment de la daube...',2),(2,2,'C\'est nul...',0),(2,3,'Bof...',0),(2,4,'C\'est pas mal !',3),(2,5,'C\'est vraiment trop bien !',0),(3,1,'Oui',3),(3,2,'Non',1),(3,3,'Sans opinion',0),(4,1,'Oui , il était tant !',1),(4,2,'Oui , sa serai bien',4),(4,3,'Non , ce hall me parait pas mal',7),(4,4,'Non , pour rien au monde !',2),(5,1,'Les Officiers',2),(5,2,'Toute la guilde',6),(6,1,'Je ne suis pas intéressé',0),(6,2,'Guilde contre Guilde (GvG) seulement',0),(6,3,'Fissure (FS) seulement (avoir fait l\'Ascension - Départ Temple des Ages)',1),(6,4,'Outre-Monde (UW1) seulement (avoir fait l\'Ascension - Départ Temple des Ages)',0),(6,5,'Outre-Monde 2 (UW2) seulement (avoir fait l\'Ascension - Départ Tombeau des Rois Primtifs))',0),(6,6,'GvG / FS',1),(6,7,'GvG / UW1 / UW2',1),(6,8,'GvG / FS / UW1 / UW2',13),(7,1,'Lundi',1),(7,2,'Mardi',1),(7,3,'Mercredi',1),(7,4,'Jeudi',0),(7,5,'Vendredis',1),(8,1,'Je ne viens pratiquement jamais sur le forum',0),(8,2,'Je lis les posts uniquement.',0),(8,3,'Je lis les posts et réponds aux sondages',0),(8,4,'Je lis/réponds aux posts.',0),(8,5,'Je lis/réponds aux posts et réponds aux sondages.',2),(8,6,'Je lis/réponds/écris des posts',0),(8,7,'Je lis/réponds/écris des posts et réponds aux sondages',9),(9,1,'Outre-monde',0),(9,2,'Outre-monde 2 ( tombeaux des rois primitifs )',2),(9,3,'Fissure',2),(9,4,'Fournaise',2),(9,5,'PvP ( ascension des héros, arènes d\'équipes, gvg, ...)',0),(9,6,'N\'importe quoi dans les choix PVE ci-dessus.',1),(9,7,'N\'importe quoi dans tous les choix ci-dessus.',3),(9,8,'Boire de la bière de nain au  hall de guilde',0),(9,9,'Rien je ne suis pas devant mon pc vendredi soir.',1),(10,1,'Oui, à sa sortie',11),(10,2,'Oui, mais plus tard',3),(10,3,'Non, j\'aime pas',0),(10,4,'J\'hésite encore',2),(11,1,'Kurzicks',7),(11,2,'Luxons',8),(12,1,'dans la semaine ?',1),(12,2,'dans le mois ?',0),(12,3,'dans la décénie ?',2),(12,4,'avant sa mort ?',2),(12,5,'jamais ?',3),(13,1,'la n°1 (lion)',2),(13,2,'la n°2 (chopine)',9),(13,3,'la n°3 (rose)',4),(13,4,'la n°4 (vague)',0),(13,5,'la n°5 (crépuscule)',2),(14,1,'la n°1 (chopine)',4),(14,2,'la n°2 (serpent)',4),(14,3,'la n°3 (hydre)',12),(14,4,'la n°4 (libellule)',1),(14,5,'la n°5 (bouc)',7),(15,1,'Oui, bien sur !!!',5),(15,2,'Bein c\'est vrai que la question va se poser...',0),(15,3,'Non, un officier de la Snif se doit d\'être un minimum disponible',0),(15,4,'Déjà tu n\'aurais jamais du l\'être !!!',0),(16,1,'La #1 (Hydre)',2),(16,2,'La #2 (Epée)',12),(16,3,'La #3 (Araignée)',7),(16,4,'La #4 (Loup)',1),(16,5,'La #5 (Griffon bicéphale)',2),(24,4,'VIVE LE FARM, A MORT LA MAJ !',1),(24,3,'C\'est a chier (comme dirait foulmen ^^)',1),(24,2,'Bof',4),(23,2,'non',1),(23,3,'poppu....tu sors!',6),(24,1,'Elle est bien',4),(23,1,'oui',8),(18,1,'Tenneniel',7),(18,2,'Foulmen',2),(18,3,'Legolas',6),(19,1,'Ahahahaha !! Mais qu\'est que c\'est fendard !!',0),(19,2,'Ouais ! Mais c\'est pas mal !',1),(19,3,'Euh.. bof...',1),(19,4,'Mouais. C\'est un peu nul, hein',0),(19,5,'Mais qu\'est que c\'est que ce truc de merde ?',6),(20,1,'à essayer',3),(20,2,'hmm...pas chaud',0),(20,3,'idée bonne sur papier mais...',2),(20,4,'pourquoi ta posté une merde pareil???',5),(21,1,'#1 : l\'épée',4),(21,2,'#2 : le bonnet',2),(21,3,'#3 : les têtes de mort',5),(21,4,'#4 : le dragon',1),(21,5,'#5 : le logo &quot;wolfenstein&quot;',10),(22,1,'oui,j\'ai deja precommandé',4),(22,2,'oui,mais pas tout de suite',4),(22,3,'je sais pas encore on verra les evolutions et ce qu\'il propose en +',3),(22,4,'non pas la peine je m\'amuse deja assez',1),(25,1,'The Jeu que j\'attendais',5),(25,2,'j\'aime bien',3),(25,3,'bof',0),(25,4,'c\'est de la mer....',0),(25,5,'sans avis',0),(26,1,'#1 : la hache',9),(26,2,'#2 : les fleurs',3),(26,3,'#3 : la caligraphie',2),(26,4,'#4 : le sigle gothique',3),(26,5,'#5 : le hibou',0),(27,1,'Tu vois Urgoz et l\'abîme ? C\'est des didactitiels.',0),(27,2,'C\'est suuuuuuper dur, mais on va réussir.',1),(27,3,'Bof, ça va.',0),(27,4,'C\'est facile.',0),(27,5,'Jle fait a poil avec un cure-dent.',0),(28,1,'#1 - La hache',1),(28,2,'#2 - Le cochon',0),(28,3,'#3 - La main',0),(28,4,'#4 - Le phénix',14),(28,5,'#5 - Le blason',1),(29,1,'#1 - le phoenix enflammé',8),(29,2,'#2 - les dragons',2),(29,3,'#3 - le phoenix fleuri',3),(29,4,'#4 - le dragon marin',3),(29,5,'#5 - les cimeterres',0),(32,1,'L\'île des morts',7),(31,3,'#3 = la grenouille',3),(31,4,'#4 = le phoenix',3),(31,5,'#5 = le logo japonais',3),(31,1,'#1 = le logo gothique',7),(31,2,'#2 = le cochon volant',0),(32,2,'L\'île de la pierre pleureuse',1),(32,3,'L\'île de jade',1),(32,4,'L\'île inexplorée',3),(32,5,'L\'île corrompue',3),(33,1,'#1 - le phénix',5),(33,2,'#2 - le griffon',13),(33,3,'#3 - le marteau',2),(33,4,'#4 - le cercle',1),(33,5,'#5 - la méduse',1),(34,1,'#1 - le logo japonais',3),(34,2,'#2 - le griffon',1),(34,3,'#3 - le samourai',8),(34,4,'#4 - l\'araignée',6),(34,5,'#5 - le dragon',4);

--
-- Table structure for table `phpbb3_vote_voters`
--

CREATE TABLE `phpbb3_vote_voters` (
  `vote_id` mediumint(8) unsigned NOT NULL default '0',
  `vote_user_id` mediumint(8) NOT NULL default '0',
  `vote_user_ip` char(8) collate latin1_general_ci NOT NULL default '',
  KEY `vote_id` (`vote_id`),
  KEY `vote_user_id` (`vote_user_id`),
  KEY `vote_user_ip` (`vote_user_ip`)
) ENGINE=MyISAM DEFAULT CHARSET=latin1 COLLATE=latin1_general_ci;

--
-- Dumping data for table `phpbb3_vote_voters`
--


INSERT INTO `phpbb3_vote_voters` VALUES (1,84,'53c309f5'),(1,41,'50c8a895'),(1,3,'52fac9e5'),(1,2,'d988d26d'),(1,8,'52fdaeae'),(1,-1,'52e2b19d'),(1,59,'d444d0a2'),(2,84,'53c309f5'),(2,-1,'5243867d'),(1,-1,'5243867d'),(1,-1,'53c3c5f9'),(1,-1,'51f1c88b'),(1,-1,'5399296b'),(3,2,'51f2c65d'),(3,3,'52facfd8'),(3,41,'d988c856'),(1,-1,'53cba1a3'),(3,29,'d988d788'),(2,-1,'52418a0a'),(1,-1,'5406696a'),(2,90,'53c04e06'),(2,-1,'52eed035'),(4,-1,'52eed035'),(4,90,'53c62ac2'),(4,-1,'51f0f330'),(4,59,'d444f216'),(4,2,'51f15006'),(4,29,'50c9590f'),(4,103,'44693924'),(4,41,'54e9af0a'),(5,90,'53c62ac2'),(5,2,'51f2c7de'),(4,-1,'56cd2ccc'),(4,101,'56c793b7'),(4,94,'51fa219d'),(5,94,'51fa219d'),(4,107,'56cff551'),(4,84,'51faffc7'),(4,108,'c30d0be2'),(5,29,'c1bfd9be'),(1,107,'51fa651b'),(1,62,'50c8a52d'),(1,101,'56d07bbc'),(1,-1,'52ff27ac'),(1,29,'c1bfd9be'),(1,103,'44693924'),(1,112,'43449f53'),(1,90,'53c6a53a'),(1,-1,'53cd4e16'),(1,115,'18ca9b96'),(6,59,'c1bec446'),(6,29,'c1bfd9be'),(6,2,'51f2c979'),(6,103,'44693924'),(6,112,'43449f53'),(6,94,'51fa59ca'),(6,115,'4650fa86'),(6,90,'53c04c9d'),(6,101,'56c309fd'),(6,107,'51fa59ca'),(6,41,'54e9af0a'),(6,-1,'50c812a5'),(7,103,'44693924'),(7,29,'c1bfd9be'),(7,59,'c1bec446'),(6,-1,'52eed035'),(7,-1,'c30d0be2'),(1,-1,'c30d0be2'),(6,-1,'52f5b523'),(8,29,'c1bfd9be'),(6,-1,'52fde897'),(8,41,'54e9af0a'),(8,59,'c1bec446'),(8,103,'44693924'),(8,112,'43449f6f'),(8,3,'d5e4000c'),(8,101,'56c30979'),(8,94,'51fa1e0f'),(8,2,'50c8aa80'),(8,-1,'d9882eb3'),(8,107,'51fa1e0f'),(5,103,'44693924'),(6,129,'53c844de'),(9,129,'56c62dd5'),(9,90,'d4eadac1'),(9,59,'c1bec446'),(9,29,'d988113f'),(9,-1,'52fdad07'),(9,94,'51314ce4'),(9,103,'44693924'),(9,112,'463305ef'),(9,115,'cea77afe'),(9,2,'51f3caf5'),(10,2,'51f551fc'),(10,59,'c1bec446'),(10,112,'463305ef'),(10,29,'c1bfd9be'),(10,90,'d4eadac1'),(10,129,'56d4d967'),(10,94,'56c9f5d2'),(10,103,'44693924'),(10,41,'d988cfea'),(10,-1,'52eed035'),(10,101,'56d77da8'),(9,101,'56d77da8'),(10,-1,'56d93f7f'),(10,107,'51fa6799'),(11,59,'c1bec446'),(11,29,'c1bfd9be'),(11,2,'51f3ca87'),(11,103,'44693924'),(11,129,'5370d06b'),(11,112,'46377617'),(11,107,'5131612d'),(11,94,'5131612d'),(10,-1,'50aa23e8'),(10,-1,'56c6eb6f'),(11,-1,'56c6eb6f'),(12,29,'c1bfd9be'),(12,59,'c1bec446'),(12,90,'56cf57c2'),(12,-1,'53cc2261'),(12,101,'56c30f9c'),(11,115,'18c95f10'),(12,115,'18c95f10'),(10,115,'18c95f10'),(12,2,'51f15e78'),(12,129,'53c84562'),(11,41,'54e9af0a'),(11,-1,'52f5b523'),(11,-1,'52eed035'),(5,59,'c1bec446'),(5,41,'54e9af0a'),(11,140,'5462b886'),(11,-1,'d52c29f4'),(13,129,'56c606d9'),(13,103,'44693924'),(13,59,'d444f41a'),(13,41,'54e9af0a'),(13,-1,'56d0a87b'),(13,90,'d4eadac1'),(13,101,'56c7d060'),(13,112,'463770fa'),(13,-1,'51f5535e'),(13,122,'51f3ccab'),(13,-1,'53cc62ea'),(13,-1,'56d97f8c'),(13,145,'56c9c0fa'),(13,2,'50c8a6a6'),(13,29,'50c8c8a1'),(13,-1,'52f5b523'),(13,115,'18c95f30'),(5,101,'56d03ac4'),(14,59,'d444f41a'),(14,122,'50c8a966'),(14,41,'d42377fe'),(14,-1,'52412441'),(14,129,'5370d6e4'),(14,112,'463778eb'),(14,145,'53c8d945'),(14,140,'54610871'),(14,101,'5135c514'),(14,103,'44693924'),(14,62,'51f2cb61'),(14,87,'52e52dd6'),(14,-1,'53cc272c'),(14,90,'d4eadac1'),(14,-1,'527cc275'),(14,115,'4650fca7'),(14,29,'d98815ed'),(14,84,'c1fb5adf'),(14,94,'51312178'),(14,156,'53cc6ce1'),(14,15,'52fc950f'),(14,158,'53b60004'),(14,157,'57401c17'),(14,107,'56c9770d'),(14,160,'55c93136'),(14,161,'52f23140'),(15,59,'d444f41a'),(15,94,'56c97cf0'),(15,41,'d42377fe'),(15,29,'c1bfd9be'),(15,101,'56c34ec0'),(14,148,'51f39130'),(14,2,'51f1582f'),(16,112,'463307d7'),(16,90,'d4eadac1'),(16,148,'51f3917e'),(16,129,'56cbba87'),(16,145,'527db7bf'),(16,161,'52f23140'),(16,140,'5462b376'),(16,94,'51fa185c'),(16,107,'51fa185c'),(16,160,'55c9345c'),(16,103,'44693924'),(16,122,'50c8a2b6'),(16,156,'527f0598'),(16,157,'57418ae0'),(16,87,'52e52dd6'),(16,29,'d9880907');

--
-- Table structure for table `phpbb3_words`
--

CREATE TABLE `phpbb3_words` (
  `word_id` mediumint(8) unsigned NOT NULL auto_increment,
  `word` char(100) collate latin1_general_ci NOT NULL default '',
  `replacement` char(100) collate latin1_general_ci NOT NULL default '',
  PRIMARY KEY  (`word_id`)
) ENGINE=MyISAM DEFAULT CHARSET=latin1 COLLATE=latin1_general_ci;

--
-- Dumping data for table `phpbb3_words`
--



--
-- Current Database: `contacts`
--

CREATE DATABASE /*!32312 IF NOT EXISTS*/ `contacts` /*!40100 DEFAULT CHARACTER SET latin1 */;

USE `contacts`;

--
-- Table structure for table `repertoire`
--

CREATE TABLE `repertoire` (
  `idx` tinyint(4) NOT NULL auto_increment,
  `nom` varchar(50) NOT NULL default '',
  `prenom` varchar(50) NOT NULL default '',
  `surnom` varchar(50) NOT NULL default '',
  `adresse` varchar(150) NOT NULL default '',
  `fixe` varchar(11) NOT NULL default '',
  `gsm` varchar(12) NOT NULL default '',
  `msn` varchar(30) NOT NULL default '',
  `email` varchar(50) NOT NULL default '',
  `groupe` varchar(50) NOT NULL default '',
  PRIMARY KEY  (`idx`),
  KEY `idx` (`idx`)
) ENGINE=MyISAM DEFAULT CHARSET=latin1;

--
-- Dumping data for table `repertoire`
--


INSERT INTO `repertoire` VALUES (1,'Leclercq','Alexandre','','Taintignies,Belgique','','0486/940902','','','famille,potes'),(2,'Gilissen','Anne-Laure','','','','0486/306075','','','potes'),(3,'Gosselin','Blaise','','','','0478/804481','','','potes,umh'),(4,'Poiret','Chantal','','','','0475/935934','','','umh'),(5,'Etienne','Emile','','','','0476/993296','','',''),(6,'Dauwe','Etienne','Titi','','','0477/856242','','','potes,umh'),(7,'Petit','Frank','','','069/213559','0477/640152','','','potes'),(8,'Beugnies','Frédéric','','','','0497/373380','','','potes,umh'),(9,'Desmette','David','Gringo','','067/553368','0479/802403','','','potes,umh'),(10,'Kielbowicz','Hélène','','','','0472/229337','','','potes,umh'),(11,'Desobry','Johan','','','069/770106','','','','urgence,tj'),(12,'Detrain','Katy','','','','0472/273649','','','potes,umh'),(13,'La Dorcas','','','','069/225111','','','','urgence'),(14,'Depaepe','Lionel','','','','0497/458421','','','potes,umh'),(15,'Lecutier','Alain','Papa','rue Albert 1er,31,7504,Froidmont,Belgique','069/647292','0497/467213','','','famille,tj'),(16,'Lecutier','Louis','Papy','Taintignies,Belgique','069/649674','','','','famille,tj'),(17,'Cambier','Emmanuel','','','','0496/108165','','','potes,umh'),(18,'Loré','Maxence','','','067/332931','0479/589362','','','potes,umh'),(19,'Applaincourt','Michel','','','','0497/237535','','','umh'),(20,'Lair','Nicolas','','','','0475/215076','','','potes,umh'),(21,'Lecocq','David','Night','','023/954575','0496/104854','','','potes,umh'),(22,'Bassée','Renaud','','','','0495/880989','','','potes,umh'),(23,'Pellicchero','Vincent','','','','0497/716436','','','potes,umh'),(24,'Hellin','Vincent','','','','0468/724028','','','potes,umh'),(25,'Delor','Xavier','Agam','','068/284243','0486/540570','','','potes,umh'),(26,'Ravier','Kevin','kEvaR','Lyon,France','','','kevar2711@hotmail.com','','potes,bgt'),(27,'','Jérôme','skyeye','Lyon,France','','','skyeye@t2u.com','skyeyey@t2u.com','potes,bgt'),(28,'','Mohamed','KOF','Mantes-la-ville,France','','','moh_snk@hotmail.com','','potes,bgt'),(29,'','Anthony','Mayou','Paris,France','','','mayou007@free.fr','mayou007@free.fr','potes,bgt'),(30,'Boucard','Hugues','nil','Fuveau,France','','','albator2003@hotmail.com','bgtnil@wanadoo.fr','potes,bgt'),(31,'Donnez','Cédric','Caporal Cédric','St-Amand-les-Eaux,France','','','cedric2108@msn.com','c.donnez59@caramail.com','potes,bgt'),(32,'','Louis','manchaboul','Nevers,France','','','albator58@msn.com','lastella@free.fr','potes,bgt'),(33,'Lecutier','Nicolas','cervelas','rue Albert 1er,31,7504,Froidmont,Belgique','069/647292','','','nicolas_lecutier@yahoo.fr','famille,potes'),(34,'','Gauthier','Shady Soldier (scratch)','','','','c_pas_mon_adresse@hotmail.com','c_pas_mon_adresse@hotmail.com','potes,bgt'),(35,'Jottrand','Oscar','osky','Lyon,France','','','oscar_jottrand@hotmail.com','oscar_jottrand@hotmail.com','potes,bgt'),(36,'','Thierry','nours','France','','','nours_79@hotmail.com','nours_79@hotmail.com','potes,bgt'),(37,'','Nicolas','godfa','Lyon,France','','','godfather69bg@hotmail.com','godfather69bg@hotmail.com','potes,bgt'),(38,'','Frédéric','crokmor','Lorient,France','','','sekmet56@msn.com','sekmet56@msn.com','potes,bgt'),(39,'','Baron Montassar','baron69','','','','','barondu69@aol.com','bgt'),(40,'','Josselin','Joss (Attila Kanai)','','','','','josselinrabut@hotmail.com','bgt'),(41,'','','Kamui (Leo)','','','','zeus1207@hotmail.com','zeus1207@hotmail.com','bgt'),(42,'','','Mad (Cyrrus)','','','','screamguy@hotmail.com','screamguy@hotmail.com','bgt'),(43,'Benoit','Romain','Mandras','France','','','romain.benoit99@voila.fr','romain.benoit99@voila.fr','bgt'),(44,'R.','Maxime','maxkenobi','','','','maxkenobi_82@hotmail.com','maxkenobi_82@hotmail.com','bgt'),(45,'','','Nyma','','','','','blagarde@voila.fr','bgt'),(46,'','','Oephre','','','','','patkar@wanadoo.fr','bgt'),(47,'','','Okar','','','','','LJfinal@hotmail.fr','bgt'),(48,'','','Pouet','','','','','doc-51@wanadoo.fr','potes'),(49,'','Raph','raph','','','','raph010@hotmail.com','raph010@hotmail.com','bgt'),(50,'','Valéry','Vigoth','Lyon, France','','','xxVigothxx@hotmail.com','xxVigothxx@hotmail.com','bgt'),(51,'','','Xartagnus','','','','xartagnus@msn.com','xartagnus@msn.com','bgt'),(52,'Lecocq','Heidi','L\'andouille','','','0496/396586','heidi.moi@hotmail.com','','');

--
-- Current Database: `courses`
--

CREATE DATABASE /*!32312 IF NOT EXISTS*/ `courses` /*!40100 DEFAULT CHARACTER SET latin1 */;

USE `courses`;

--
-- Table structure for table `catégorie`
--

CREATE TABLE `catégorie` (
  `id_categorie` int(11) NOT NULL auto_increment,
  `id_rayon` int(11) NOT NULL default '0',
  `nom_catégorie` varchar(50) NOT NULL default '',
  PRIMARY KEY  (`id_categorie`)
) ENGINE=MyISAM DEFAULT CHARSET=latin1;

--
-- Dumping data for table `catégorie`
--


INSERT INTO `catégorie` VALUES (1,1,'Boissons non-alcoolisées'),(2,2,'Papiers'),(3,2,'Déodorants'),(4,1,'Produits laitiers'),(5,2,'Savons'),(6,1,'Goûter'),(7,1,'Petit déjeuner'),(8,2,'Rasage'),(9,1,'Huiles et vinaigres'),(10,3,'Electricité'),(11,1,'Pates, riz, semoules'),(12,2,'Parfums'),(13,2,'Dentaire'),(14,1,'Bio'),(15,2,'Gels douche'),(16,1,'Apéritif'),(17,1,'Fruits'),(18,1,'Plats cuisinés'),(19,1,'Poissons');

--
-- Table structure for table `catégorie2`
--

CREATE TABLE `catégorie2` (
  `id_categorie2` int(11) NOT NULL auto_increment,
  `id_categorie` int(11) NOT NULL default '0',
  `nom_catégorie2` varchar(50) NOT NULL default '',
  `stock_minimum` int(11) NOT NULL default '1',
  PRIMARY KEY  (`id_categorie2`)
) ENGINE=MyISAM DEFAULT CHARSET=latin1;

--
-- Dumping data for table `catégorie2`
--


INSERT INTO `catégorie2` VALUES (1,1,'Cola',2),(2,1,'Eau minérale',2),(3,2,'Papiers Toilette',1),(4,3,'Déodorant homme',1),(5,4,'Crème Dessert',1),(6,5,'Savons liquides',1),(7,6,'Gaufres',1),(8,4,'Fromages',2),(9,6,'Biscuits',2),(10,7,'Confitures',1),(11,8,'Mousses à raser',1),(12,9,'Vinaigres',1),(13,7,'Céréales',2),(14,7,'Pâtes à tartiner',1),(15,10,'Ampoules',2),(16,11,'Semoules',2),(17,12,'Parfums homme',1),(18,13,'Brosses à dents',1),(19,7,'Biscuits',1),(20,14,'Yahourts Soja',1),(21,15,'Gels douche',1),(22,13,'Dentifrices',1),(23,8,'Rasoirs jetables',1),(24,6,'Barres chocolatées',1),(25,16,'Chips',1),(26,11,'Riz',2),(27,17,'Fruits secs',1),(28,18,'Cassoulet',1),(29,18,'Cannelloni',1),(30,19,'Thon préparé (conserve)',4),(31,19,'Thon au naturel (conserve)',1),(32,18,'Ravioli',1),(33,7,'Filtres à café',1),(34,6,'Chocolat',1);

--
-- Table structure for table `produit`
--

CREATE TABLE `produit` (
  `id_produit` int(11) NOT NULL auto_increment,
  `id_categorie2` int(11) NOT NULL default '0',
  `nom_produit` varchar(75) NOT NULL default '',
  `note` varchar(10) NOT NULL default '',
  `total_achats` longtext NOT NULL,
  `stock` int(11) NOT NULL default '0',
  `meilleur_prix` float NOT NULL default '0',
  `magasin` varchar(25) NOT NULL default '',
  PRIMARY KEY  (`id_produit`)
) ENGINE=MyISAM DEFAULT CHARSET=latin1;

--
-- Dumping data for table `produit`
--


INSERT INTO `produit` VALUES (1,1,'Freeway Cola (2L)','','0;0.89',6,0.89,'Lidl'),(2,2,'Source Louise (2L)','','0;0.39',6,0.39,'Lidl'),(3,3,'Papier Toilette double épaisseur Floralys (10x200)','','0;1.25',1,1.25,'Lidl'),(4,4,'G.Bellini Déo Spray concentré pour homme (180ml)','','0;1.19',0,1.19,'Lidl'),(5,5,'KingFrais Petit pot de Crème au Café (4x100g)','','0;1.59',0,1.59,'Lidl'),(6,6,'Cien Bodycare Gel nettoyant pour les mains (500ml)','','0;1.59',0,1.59,'Lidl'),(7,5,'Monte Ravy Petit pot de Crème au Chocolat (4x100g)','','0;1.59',0,1.59,'Lidl'),(8,7,'Belbake Gaufres Fantasia','','0;0.75',0,0.75,'Lidl'),(9,8,'Duc de Coeur oval (300g)','','0;1.72',0,1.72,'Lidl'),(10,9,'Choc Me Gaufrettes Chocolat au lait (175g)','','0;1.49',2,1.49,'Lidl'),(11,8,'Brie français','','0;1.09;1.09',0,1.09,'Lidl'),(12,10,'Maribel Confiture de fraises (450g)','','0;0.85',1,0.85,'Lidl'),(13,11,'Gillette Series Gel peau sensible','','0;2.99',1,2.99,'Lidl'),(14,12,'Mikado Vinaigre d\'alcool (1,5l)','','0;0.42',1,0.42,'Lidl'),(15,13,'Muesli','','0;2.39',0,2.39,'Lidl'),(16,13,'Crownfield Nougat Pillows (750g)','','0;2.19',1,2.19,'Lidl'),(17,14,'Ferrero Nutella (750g)','','0;3.49',1,3.49,'Lidl'),(18,15,'Nice Price ESL Ampoule économique E27 11W','','0;3.90',0,3.9,'EuroShop'),(19,15,'Paulmann Ampoule sphérique dépolie E27 60W','','0;0.85',2,0.85,'EuroShop'),(20,16,'Tipiak Couscous Parfumé aux Epices du Monde (500g)','','0;2.57',2,2.57,'Auchan'),(21,16,'Tipiak Couscous Parfumé aux Epices douces (500g)','','0;2.81',2,2.81,'Auchan'),(22,16,'Tipiak Méli-Mélo gourmand - Céréales et Légumes secs (330g)','','0;3.14',2,3.14,'Auchan'),(23,17,'Brut Eau de toilette vaporisateur Oceans (100ml)','','0;8.54',1,8.54,'Auchan'),(24,17,'Brut Eau de toilette vaporisateur Original (100ml)','','0;8.18',1,8.18,'Auchan'),(25,18,'Signal Expert confort Brosse à dent souple','','0;2.29',1,2.29,'Auchan'),(26,13,'Auchan Crousty 2 Choco (500g)','','0;2.20',1,2.2,'Lidl'),(27,19,'Lu Petit Déjeuner Miel et Pépites de chocolat (435g)','','0;2.10',2,2.1,'Auchan'),(28,20,'Sojasun Framboises Cranberry (4x100g)','','0;1.75',1,1.75,'Auchan'),(29,20,'Sojasun Cerise (4x100g)','','0;1.88',1,1.88,'Auchan'),(30,20,'Sojasun Muesli et Fruits (4x100g)','','0;1.88',1,1.88,'Auchan'),(31,20,'Sojasun Plaisir Café (4x100g)','','0;1.72',1,1.72,'Auchan'),(32,21,'Nivea Douche Lemon & Oil (2+1x250ml)','','0;4.23',3,4.23,'Auchan'),(33,21,'Le petit Marseillais Douche Pêche blanche (2x250ml+100ml)','','0;3.74',2,3.74,'Auchan'),(34,21,'Le petit Marseillais Douche Mandarine et Citron Vert (2x250ml+100ml)','','0;3.74',2,3.74,'Auchan'),(35,22,'Aquafresh 3 triple protection + Blancheur (4+2 gratuits)','','0;5.17',12,5.17,'Auchan'),(36,23,'Gillette Sensor 3 (4)','','0;5.58',4,5.58,'Auchan'),(37,11,'Mennen Mousse à Raser  Pro-Tech System Peax Normales (2)','','0;6.58',2,6.58,'Auchan'),(38,21,'Nivea For Men Cool (2+1x250ml)','','0;4.23',3,4.23,'Auchan'),(39,24,'Twix (11+1)','','0;3.95',1,3.95,'Auchan'),(40,8,'Etorki Pur Brebis','','0;3.21',1,3.21,'Auchan'),(41,25,'Lorenz Curly Cacahuète (2x110g)','','0;1.48',2,1.48,'Auchan'),(42,5,'Auchan Riz au lait saveur vanille (500g)','','0;1.25',1,1.25,'Auchan'),(43,26,'Auchan Riz thai (1kg)','','0;2.11',2,2.11,'Auchan'),(44,27,'Vahiné Raisins secs (250g)','','0;1.48',2,1.48,'Auchan'),(45,28,'William Saurin Le Cassoulet (840g)','','0;1.88',2,1.88,'Auchan'),(46,29,'Zapetti Cannelloni Pur Boeuf (2x800g)','','0;4.49',4,4.49,'Auchan'),(47,30,'Auchan Salade niçoise au thon (3x250g)','','0;3.45',6,3.45,'Auchan'),(48,31,'Auchan Thon au naturel Albacore (4x140g-200g)','','0;4.53',4,4.53,'Auchan'),(49,30,'Auchan Salade catalane au thon (3x250g)','','0;3.45',6,3.45,'Auchan'),(50,30,'Auchan Salade mexicaine au thon (3x250g)','','0;3.45',3,3.45,'Auchan'),(51,30,'Auchan Salade américaine au thon (3x250g)','','0;3.45',3,3.45,'Auchan'),(52,32,'Auchan Ravioli pur boeuf (800g)','','0;1.10',2,1.1,'Auchan'),(53,32,'Auchan Ravioli pur boeuf (800g)','','0;1.09',1,1.09,'Auchan'),(54,33,'Aldi Filtres à café n°4 (100)','','0;0.59',1,0.59,'Aldi'),(55,17,'Enrico Moni Eau de toilette Classic Style (100 ml)','','0;2.49',1,2.49,'Aldi'),(56,34,'Chateau Chocolat au lait (2x200g)','','0;1.99',1,1.99,'Aldi'),(57,8,'Petit Pré (300g)','','0;1.75',0,1.75,'Aldi');

--
-- Table structure for table `rayon`
--

CREATE TABLE `rayon` (
  `id_rayon` int(11) NOT NULL auto_increment,
  `nom_rayon` varchar(30) NOT NULL default '',
  PRIMARY KEY  (`id_rayon`)
) ENGINE=MyISAM DEFAULT CHARSET=latin1;

--
-- Dumping data for table `rayon`
--


INSERT INTO `rayon` VALUES (1,'Alimentaire'),(2,'Hygiène'),(3,'Bricolage');

--
-- Table structure for table `tickets`
--

CREATE TABLE `tickets` (
  `index_ticket` int(11) NOT NULL auto_increment,
  `date_ticket` date NOT NULL default '0000-00-00',
  `magasin_ticket` varchar(50) NOT NULL default '',
  `montant_ticket` float NOT NULL default '0',
  PRIMARY KEY  (`index_ticket`)
) ENGINE=MyISAM DEFAULT CHARSET=latin1;

--
-- Dumping data for table `tickets`
--


INSERT INTO `tickets` VALUES (1,'2008-05-28','Lidl',24.49),(2,'2008-04-30','Lidl',18.1),(3,'2008-05-31','EuroShop',23.1),(4,'2008-06-04','Auchan',148.58),(5,'2008-06-11','Aldi',49.98);

--
-- Current Database: `gw_manager`
--

CREATE DATABASE /*!32312 IF NOT EXISTS*/ `gw_manager` /*!40100 DEFAULT CHARACTER SET latin1 */;

USE `gw_manager`;

--
-- Table structure for table `gw_chapitres`
--

CREATE TABLE `gw_chapitres` (
  `index_chapitre` int(11) NOT NULL default '0',
  `nom_chapitre` varchar(30) NOT NULL default '',
  KEY `index_chapitre` (`index_chapitre`)
) ENGINE=MyISAM DEFAULT CHARSET=latin1;

--
-- Dumping data for table `gw_chapitres`
--


INSERT INTO `gw_chapitres` VALUES (1,'Prophecies'),(2,'Factions'),(3,'Nightfall'),(4,'Eye of the North');

--
-- Table structure for table `gw_compte`
--

CREATE TABLE `gw_compte` (
  `index_compte` int(11) NOT NULL auto_increment,
  `nom_compte` varchar(50) NOT NULL default '?',
  `prophecies_compte` char(1) NOT NULL default '0',
  `factions_compte` char(1) NOT NULL default '0',
  `nightfall_compte` char(1) NOT NULL default '0',
  `gwen_compte` char(1) NOT NULL default '0',
  `allegeanceK_compte` int(11) NOT NULL default '0',
  `allegeanceL_compte` int(11) NOT NULL default '0',
  `commandant_compte` int(11) NOT NULL default '0',
  `champion_compte` int(11) NOT NULL default '0',
  `gladiateur_compte` int(11) NOT NULL default '0',
  `heros_compte` int(11) NOT NULL default '0',
  `zaishen_compte` int(11) NOT NULL default '0',
  `joueur_compte` int(11) NOT NULL default '0',
  `chanceux_compte` int(11) NOT NULL default '0',
  `malchanceux_compte` int(11) NOT NULL default '0',
  KEY `index_compte` (`index_compte`)
) ENGINE=MyISAM DEFAULT CHARSET=latin1;

--
-- Dumping data for table `gw_compte`
--


INSERT INTO `gw_compte` VALUES (1,'rhylek','1','1','1','1',424000,875000,126,0,31,230,40,237,529000,43000),(4,'rhylek2','1','0','0','0',0,0,0,0,0,0,0,0,0,0),(5,'test','1','1','0','0',0,0,0,0,0,0,0,0,0,0);

--
-- Table structure for table `gw_perso`
--

CREATE TABLE `gw_perso` (
  `index_perso` int(11) NOT NULL auto_increment,
  `index_compte` int(11) NOT NULL default '0',
  `nom_perso` varchar(22) NOT NULL default '',
  `sexe_perso` char(1) NOT NULL default '0',
  `type_perso` char(3) NOT NULL default '',
  `natif_perso` varchar(6) NOT NULL default '',
  `classeP_perso` char(2) NOT NULL default '',
  `classeS_perso` varchar(23) NOT NULL default '',
  `creation_perso` date NOT NULL default '0000-00-00',
  `explorateurT_perso_pve` float NOT NULL default '0',
  `explorateurC_perso_pve` float NOT NULL default '0',
  `explorateurE_perso_pve` float NOT NULL default '0',
  `sortieEden_perso_pve` int(11) NOT NULL default '0',
  `lancier_perso_pve` int(11) NOT NULL default '0',
  `porteur_perso_pve` int(11) NOT NULL default '0',
  `norn_perso_pve` int(11) NOT NULL default '0',
  `asura_perso_pve` int(11) NOT NULL default '0',
  `ebon_perso_pve` int(11) NOT NULL default '0',
  `deldrimor_perso_pve` int(11) NOT NULL default '0',
  `nord_perso_pve` int(11) NOT NULL default '0',
  `competencesT_perso_pve` int(11) NOT NULL default '0',
  `competencesC_perso_pve` int(11) NOT NULL default '0',
  `competencesE_perso_pve` int(11) NOT NULL default '0',
  `tresors_perso_pve` int(11) NOT NULL default '0',
  `sagesse_perso_pve` int(11) NOT NULL default '0',
  `survivant_perso_pve` int(11) NOT NULL default '0',
  `ivrogne_perso_pve` int(11) NOT NULL default '0',
  `gourmand_perso_pve` int(11) NOT NULL default '0',
  `fetard_perso_pve` int(11) NOT NULL default '0',
  `missionsT1_perso_pve` longtext NOT NULL,
  `missionsTH1_perso_pve` longtext NOT NULL,
  `missionsT2_perso_pve` longtext NOT NULL,
  `missionsTH2_perso_pve` longtext NOT NULL,
  `missionsC1_perso_pve` longtext NOT NULL,
  `missionsCH1_perso_pve` longtext NOT NULL,
  `missionsC2_perso_pve` longtext NOT NULL,
  `missionsCH2_perso_pve` longtext NOT NULL,
  `missionsC3_perso_pve` longtext NOT NULL,
  `missionsCH3_perso_pve` longtext NOT NULL,
  `missionsE1_perso_pve` longtext NOT NULL,
  `missionsEH1_perso_pve` longtext NOT NULL,
  `missionsE2_perso_pve` longtext NOT NULL,
  `missionsEH2_perso_pve` longtext NOT NULL,
  `missionsE3_perso_pve` longtext NOT NULL,
  `missionsEH3_perso_pve` longtext NOT NULL,
  `quetesT1_perso_pve` longtext NOT NULL,
  `quetesT2_perso_pve` longtext NOT NULL,
  `quetesC1_perso_pve` longtext NOT NULL,
  `quetesC2_perso_pve` longtext NOT NULL,
  `quetesE1_perso_pve` longtext NOT NULL,
  `quetesE2_perso_pve` longtext NOT NULL,
  `quetesG1_perso_pve` longtext NOT NULL,
  `quetesG2_perso_pve` longtext NOT NULL,
  `vainqueurT_perso_pve` longtext NOT NULL,
  `vainqueurC_perso_pve` longtext NOT NULL,
  `vainqueurE_perso_pve` longtext NOT NULL,
  `vainqueurG_perso_pve` longtext NOT NULL,
  KEY `index_perso_pve` (`index_perso`)
) ENGINE=MyISAM DEFAULT CHARSET=latin1;

--
-- Dumping data for table `gw_perso`
--


INSERT INTO `gw_perso` VALUES (1,1,'Rhylek Vertvallon','1','pve','Tyrie','Ro','El;En;G;M;N;Ri','2005-04-27',78.3,40.5,55.1,0,9313,1211,0,0,0,0,0,0,0,0,24,29,0,0,0,0,'T0101M;T0102M;T0103M;T0104M;T0105M;T0106M;T0107M;T0108M;T0109M;T0110M;T0111M;T0112M;T0113M;T0114M;T0115M;T0116M;T0117M;T0118M;T0119M;T0120M;T0121M;T0122M;T0123M;T0124M;T0125M','','T0101M;T0102M;T0103M;T0104M;T0105M;T0106M;T0107M;T0108M;T0109M;T0110M;T0111M;T0112M;T0113M;T0114M;T0115M;T0116M;T0117M;T0118M;T0119M;T0120M;T0121M;T0122M;T0123M;T0124M;T0125M','','C0103M;C0104M;C0105M;C0106M;C0107M;C0108M','','C0103M;C0104M;C0105M;C0106M;C0107M;C0108M','','C0103M;C0105M;C0106M;C0107M;C0108M','','E0103M;E0104M;E0105M;E0106M;E0108M;E0109M;E0110M;E0111M;E0112M;E0113M;E0114M;E0115M;E0116M;E0117M;E0118M;E0119M;E0120M','','E0103M;E0104M;E0105M;E0106M;E0108M;E0109M;E0110M;E0111M;E0112M;E0113M;E0114M;E0115M;E0116M;E0117M;E0118M;E0119M;E0120M','','E0103M;E0104M;E0105M;E0106M;E0108M;E0109M;E0110M;E0111M;E0112M;E0113M;E0114M;E0115M;E0116M;E0117M;E0118M;E0119M;E0120M','','T0202PT0204ST0203ST0207ST0211PT0205ST0206ST0208ST0209ST0210PT0301ST0321ST0302PT0303ST0304ST0306ST0307ST0308PT0310YT0309ST0311ST0312ST0313PT0318ST0322ST0324ST0325ST0323ST0403ST0501ST0601ST0602ST0701ST0801YT0802ST0804ST0803ST0901ST0902ST1002ST0201PT4107ST4106ST4104ST4105ST4108ST4101PT4103ST4102ST4204YT4201ST4202YT4203YT4205YT4206ST2404ST1501ST2401PT2402ST2406ST2405ST2408ST2407ST2403ST2506ST2507ST2503ST2504ST2502ST2505ST2601ST2901ST2902ST3001ST3002ST3003PT3004ST4401PT1106PT1801ST1802PT2003PT2203PT3201PT3303PT3304PT3502PT3401PT2302PT2301P','T0202PT0204ST0203ST0207ST0211PT0205ST0206ST0208ST0209ST0210PT0301ST0321ST0302PT0303ST0304ST0306ST0307ST0308PT0310YT0309ST0311ST0312ST0313PT0318ST0322ST0324ST0325ST0323ST0403ST0501ST0601ST0602ST0701ST0801YT0802ST0804ST0803ST0901ST0902ST1002ST0201PT4107ST4106ST4104ST4105ST4108ST4101PT4103ST4102ST4204YT4201ST4202YT4203YT4205YT2404ST1501ST2401PT2402ST2406ST2405ST2408ST2407ST2403ST2506ST2507ST2503ST2504ST2502ST2505ST2601ST2901ST2902ST3001ST3002ST3003PT3004ST4401PT1106PT1801ST1802PT2003PT2203PT3201PT3303PT3304PT3502PT3401PT2302PT2301PT4206S','C1301SC1501PC1405PC4301PC1618SC1606SC1901SC1902SC1904PC2001PC2602PC2601PC1802PC1803PC1801SC2701PC2806SC2812SC3606P','C1301SC1501PC1405PC4301PC1904PC2001PC2602PC2601PC1802PC1803PC1801SC2701PC2806SC2812SC3606P','E0502SE0506PE0701PE0702PE0404SE0801SE0601PE2301PE2507SE2505SE2201SE2401SE2604PE2601PE2501SE2502SE2503YE2506SE2602SE2603PE2605PE2707SE2702SE2703SE2701SE2706SE2709SE2704SE2705SE2711SE2710SE2714SE2715SE2302SE2303SE2805XE2803SE2802SE2804SE2902SE2901SE3103SE3102PE3202SE3201SE3301SE3501PE3701SE3802PE3801SE3805PE3804PE3803SE4202PE4402SE4401SE4403SE4405SE4406SE4404SE3901SE4502SE4501SE4101PE3001SE4703SE0911SE1004SE2101SE2102SE2806SE3601SE3602XE3806PE3807PE4704XE4302SE2606PE4701SE4407SE4901PE5205PE5808PE6206PE6303PE6502SE6503SE6505SE6203S','E0502SE0506PE0701PE0702PE0404SE0801SE0601PE2301PE2507SE2505SE2201SE2401SE2604PE2601PE2501SE2502SE2503YE2506SE2602SE2603PE2605PE2707SE2702SE2703SE2701SE2706SE2709SE2704SE2705SE2711SE2710SE2714SE2715SE2302SE2303SE2805XE2803SE2802SE2804SE2902SE2901SE3103SE3102PE3202SE3201SE3301SE3501PE3701SE3802PE3801SE3804PE4202PE4402SE4401SE4403SE4405SE4406SE4404SE3901SE4501SE4101PE3001SE0911SE1004SE2101SE2102SE2806SE3601SE3602XE3805PE4703SE3803SE4302SE3807PE4502SE4407SE2606PE4901PE5205PE5808PE6206PE6303PE3806PE6505SE6502SE6203S','','','','','',''),(3,1,'Aoi Celeste','0','pve','Tyrie','M','El;En;G;N;Ro;D','2005-06-25',65,33,23,0,3063,6,0,0,0,0,0,0,0,0,20,61,0,0,0,0,'T0101M;T0102M;T0103M;T0104M;T0105M;T0106M;T0107M;T0108M;T0109M;T0110M;T0111M;T0112M;T0113M;T0114M;T0115M;T0116M;T0117M;T0118M;T0119M;T0120M;T0121M;T0122M;T0123M;T0124M;T0125M','','T0101M;T0102M;T0103M;T0104M;T0105M;T0106M;T0107M;T0108M;T0109M;T0112M;T0113M;T0114M;T0115M;T0116M;T0117M;T0118M;T0119M;T0120M;T0121M;T0122M;T0123M;T0124M;T0125M','','C0103M;C0104M;C0105M;C0106M;C0107M;C0108M;C0109M','','C0103M;C0104M;C0107M;C0108M;C0109M','','C0104M;C0107M;C0108M;C0109M','','E0104M;E0105M;E0106M;E0107M;E0109M;E0110M;E0111M;E0112M;E0113M;E0114M;E0115M;E0116M;E0117M;E0118M;E0119M','','E0104M;E0105M;E0106M;E0107M;E0109M;E0110M;E0111M;E0112M;E0113M;E0114M;E0115M;E0116M;E0117M;E0118M;E0119M','','E0104M;E0105M;E0106M;E0107M;E0109M;E0110M;E0111M;E0112M;E0114M;E0115M;E0116M;E0118M;E0119M','','T0202PT0204ST0203ST0207ST0211PT0205ST0206ST0208ST0209ST0210PT0301ST0321ST0302PT0303ST0304ST0306ST0307ST0308PT0310YT0309ST0311ST0312ST0313PT0316ST0322ST0324ST0325ST0323ST0401ST0403ST0501ST0502ST0601ST0602ST0701ST0801YT0804ST0803ST0902ST1001ST0201PT4202YT4203YT4205YT4107ST4106ST4104ST4105ST4108ST2406ST1106PT1802PT2003PT2203PT2302PT2301PT2401PT3003PT3201PT3303PT3304PT3401PT4101PT4401P','T0202PT0204ST0203ST0207ST0211PT0205ST0206ST0208ST0209ST0210PT0301ST0321ST0302PT0303ST0304ST0306ST0307ST0308PT0310YT0309ST0311ST0312ST0313PT0316ST0322ST0324ST0325ST0323ST0401ST0403ST0501ST0502ST0601ST0602ST0701ST0801YT0804ST0803ST0902ST1001ST0201PT4202YT4203YT4205YT4107ST4106ST4104ST4105ST2406ST1106PT1802PT2003PT2203PT2302PT2301PT2401PT3003PT3201PT3303PT3304PT3401PT4101PT4401P','C1501PC1405PC1301SC2001PC1802PC1803PC2805PC2602PC2601PC2701PC4301PC2810SC1601SC2812SC3201P','C1501PC1405PC1301SC2001PC1802PC1803PC2805PC2602PC2601PC2701PC4301PC2810SC1601SC2812S','E0502SE0404SE0701PE0702PE0801SE0911SE1004SE0907PE2101SE2102SE2301PE2601PE2602SE2702SE2703SE2701SE2603PE0601PE2604PE2605PE2715SE3101PE2508PE3501PE3802PE4101PE4201PE4701SE3804PE3803SE3806PE3807PE3805PE2606PE4901PE5205PE0517SE5808PE6206PE6303P','E0502SE0404SE0701PE0702PE0801SE0911SE1004SE0907PE2101SE2102SE2301PE2702SE2703SE2701SE2602SE2601PE2603PE0601PE2604PE2605PE3101PE2508PE3501PE3802PE4101PE4201PE3803SE3804PE3805PE3806PE3807PE2715SE2606PE4901PE5205PE0517SE5808PE6206PE6303P','G0102SG0301SG0302SG0201SG0401PG0402PG0403PG0601SG0606SG0602YG0603XG0604YG0303SG0304XG0702SG0701SG0703SG0705YG1003SG1001YG0608SG0607SG0605SG0704SG0902SG0903SG0904SG0904YG0804SG1801SG1302XG1303XYG1301YG0706SG0502SG0501XG1201YG0901SG0801SG0706XG0504SG0609SG1509YG0302SUG0303SUG0802SUG0801SUG0803SG2202SG2203SG2002SG2301YG1901SG1902SG1903SG1904SG1906SG1905SG2001PG2402YG2502SG2501SG2003PG2206PYG1508PG2605YG2602SG2605PYG2604YG2603YG2601PYG2602PG1502SG1503SG0504XG0505SG0506SG0506PYG2701PY','G0102SG0601SG0602YG0603XG0604YG0301SG0302SG0303SG0304XG0201SG0705YG1003SG0702SG0608SG1001YG0703SG0701SG0605SG0904SG0904YG0607SG0804SG1302XG0704SG0402PG0903SG1201YG0902SG0706XG0501XG1801SG1509YG0302SUG0303SUG0801SG0802SUG0801SUG0803SG2202SG2203SG2002SG2301YG1901SG2001PG1904SG2402YG2501SG2003PG2206PYG0403PG1508PG2605YG2605PYG2602PG2601PYG0401PG0504XG0505SG0506SG0506PYG2701PYG2603Y','','','',''),(4,1,'Regine Lourdemassue','0','pve','Tyrie','G','El;En;M;N;Ro','2005-05-02',71.4,45.8,0,0,7721,976,0,0,0,0,0,51,0,0,10,26,0,0,0,0,'T0101M;T0102M;T0103M;T0104M;T0105M;T0106M;T0107M;T0108M;T0109M;T0110M;T0111M;T0112M;T0113M;T0114M;T0115M;T0116M;T0117M;T0118M;T0119M;T0120M;T0121M;T0122M;T0123M;T0124M;T0125M','','T0101M;T0102M;T0103M;T0104M;T0105M;T0106M;T0107M;T0108M;T0110M;T0111M;T0112M;T0113M;T0114M;T0115M;T0116M;T0117M;T0118M;T0119M;T0120M;T0121M;T0122M;T0123M;T0124M;T0125M','','C0101M;C0102M;C0103M;C0104M;C0105M;C0106M;C0107M;C0108M;C0109M;C0111M;C0112M;C0113M','','C0101M;C0102M;C0103M;C0104M;C0105M;C0106M;C0107M;C0108M;C0111M;C0112M;C0113M','','C0101M;C0102M;C0103M;C0104M;C0106M;C0107M;C0108M;C0111M;C0112M;C0113M','','E0101M;E0102M;E0103M;E0104M;E0105M;E0106M;E0107M;E0108M;E0109M;E0110M;E0111M;E0112M;E0113M;E0114M;E0115M;E0116M;E0117M;E0118M;E0119M;E0120M','','E0101M;E0102M;E0103M;E0104M;E0105M;E0106M;E0107M;E0108M;E0109M;E0110M;E0111M;E0112M;E0113M;E0114M;E0115M;E0116M;E0117M;E0118M;E0119M;E0120M','','E0101M;E0102M;E0103M;E0104M;E0105M;E0106M;E0107M;E0108M;E0109M;E0110M;E0111M;E0112M;E0113M;E0114M;E0115M;E0116M;E0117M;E0118M;E0119M;E0120M','','T0202PT0204ST0203ST0207ST0211PT0205ST0206ST0208ST0209ST0210PT0301ST0321ST0302PT0303ST0304ST0306ST0307ST0308PT0310YT0309ST0311ST0312ST0313PT0319ST0322ST0324ST0325ST0323ST0402ST0403ST0501ST0601ST0602ST0603ST0702ST0701ST0703ST0801YT0804ST0803ST0902ST0201PT4107ST4104ST4105ST1107ST1106PT1802PT2003PT2401PT2203PT3003PT3201PT3303PT3304PT3401PT3502PT4101PT4401PT2302PT2301PT1103ST1102ST1101ST1108ST1110ST1109ST1105ST1104ST1306ST1304ST1305ST1303ST1302ST1301ST1203ST1201ST1202ST1205ST1206ST1204ST1217ST1218ST1216ST1220ST1219ST2403ST2409ST2005ST2001ST2002ST2006ST2004ST2008ST2009ST2010S','T0202PT0204ST0203ST0207ST0211PT0205ST0206ST0208ST0209ST0210PT0301ST0321ST0302PT0303ST0304ST0306ST0307ST0308PT0310YT0309ST0311ST0312ST0313PT0319ST0322ST0324ST0325ST0323ST0402ST0403ST0501ST0601ST0602ST0603ST0702ST0701ST0703ST0801YT0804ST0803ST0902ST0201PT4107ST4104ST4105ST1107ST1106PT1802PT2003PT2401PT2203PT3003PT3201PT3303PT3304PT3401PT3502PT4101PT4401PT2302PT2301PT1103ST1102ST1101ST1108ST1110ST1109ST1105ST1104ST1306ST1304ST1305ST1303ST1302ST1203ST1201ST1202ST1204ST1217ST1218ST1216ST1220ST1219ST2403ST2409ST1301ST1206ST2005ST2001ST2002ST2006ST2004ST2008ST2009ST2010S','C1201SC2813SC2814SC1803PC2809SC2808SC2804SC2802PC2806SC2807SC2810SC2811SC2812SC2805PC2801PC1405PC2001PC2701PC3201PC3202SC2602PC2601PC1802PC4301PC3606PC1904PC1301SC3801PC3608PC3609P','C1201SC2813SC1803PC2810SC2811SC2802PC2806SC2809SC2807SC2812SC2814SC2801PC1405PC2001PC2701PC2805PC2602PC2601PC1802PC4301PC3201PC3606PC1904PC1301SC3801PC3608PC3609P','E0701PE0702PE0404SE0502SE0506PE0802SE0601PE2301PE2302SE2507SE2501SE2505SE2508PE2604PE2601PE2602SE2603PE2605PE2606PE2707SE2702SE2703SE2701SE2706SE2704SE2705SE2711SE2710SE2712SE2714SE2715SE2902SE2901SE3202SE3401SE3103SE3101PE3501PE3601SE3701SE3901SE3802PE3806PE3807PE3805PE3804PE3803SE4201PE4101PE4701SE4901PE5203SE5204SE5205PE5801SE5802XE5804SE5806SE5808PE6203SE6206PE6304SE6303PE6301SE6308SE6401SE6501SE6506S','E0701PE0702PE0404SE0502SE0506PE0802SE0601PE2301PE2302SE2507SE2505SE2508PE2604PE2601PE2602SE2603PE2605PE2606PE2702SE2703SE2701SE2704SE2711SE2710SE2714SE2715SE2901SE3202SE3101PE3501PE3802PE3806PE3807PE3805PE3804PE4201PE4101PE4901PE5808PE6206PE6303PE6308SE6401SE6501SE6506SE5205P','G0102SG0201SG0301SG0302SG0304SG0303SG0401PG0402PG0403PG0608SG0602YG0601SG0604YG0606SG0603XG0703SG0705YG0704SG0702SG0701S','G0102SG0201SG0301SG0302SG0303SG0602YG0601SG0604YG0603XG0705Y','','','',''),(5,1,'Brise Du Crepuscule','0','pve','Cantha','A','El;G','2006-04-27',0,0,0,0,0,0,0,0,0,0,0,0,0,0,0,0,0,0,0,0,'','','','','C0101M;C0102M;C0103M;C0104M;C0105M;C0106M;C0107M;C0108M;C0109M;C0111M;C0112M;C0113M','','C0101M;C0102M;C0103M;C0104M;C0107M;C0108M;C0109M;C0111M;C0112M;C0113M','','C0101M;C0102M;C0103M;C0104M;C0107M;C0108M;C0109M;C0111M;C0112M;C0113M','','','','','','','','','','C0201SC0202SC0301SC0308SC0327SC0317SC0311SC0320SC0323SC0314SC0305SC0501SC0503SC0505SC0507SC0509SC0511SC0513SC0515SC0517SC0502SC0504SC0506SC0508SC0510SC0512SC0514SC0516SC0601SC0603SC0602SC0709SC0710SC0705SC0706SC0701PC0707SC0708SC0703SC0704SC0702SC0304SC0409PC0410PC0403SC0406SC0407SC0404SC0408SC0402SC0405SC0401SC0411PC0302SC0303SC0332SC0330SC0336SC0326SC0321SC0333SC0322SC0801SC0807SC0803SC0809SC0805SC0802SC0808SC0804SC0806SC0901PC0902ZC1003SC1001SC1002PC1004ZC1103PC1201SC1204SC1203SC1205PC0810PC1202SC0337SC1701PC1904PC1405PC1501PC2001PC2602PC2601PC1802PC1803PC2701PC4301PC2802PC2805PC2801PC3201PC3606PC3801PC1619S','C0201SC0202SC0301SC0308SC0327SC0317SC0311SC0320SC0323SC0314SC0305SC0501SC0503SC0505SC0507SC0509SC0511SC0513SC0515SC0517SC0502SC0504SC0506SC0508SC0510SC0512SC0514SC0516SC0601SC0603SC0602SC0709SC0710SC0705SC0706SC0701PC0707SC0708SC0703SC0704SC0702SC0304SC0409PC0410PC0403SC0406SC0407SC0404SC0408SC0402SC0405SC0401SC0411PC0302SC0303SC0332SC0330SC0336SC0326SC0321SC0333SC0322SC0801SC0807SC0803SC0809SC0805SC0802SC0808SC0804SC0806SC0901PC0902ZC1003SC1001SC1002PC1004ZC1103PC1201SC1204SC1203SC1205PC0810PC1202SC0337SC1701PC1904PC1405PC1501PC2001PC2602PC2601PC1802PC1803PC2701PC4301PC2802PC2805PC2801PC3201PC3606PC3801PC1619S','','','','','','','',''),(6,1,'Uwetu Atelah','1','pve','Cantha','Ri','En;G;N','2006-04-27',16.3,100,2.3,0,45,0,0,0,0,0,0,26,0,0,13,19,0,0,0,0,'T0101M;T0102M;T0103M;T0104M;T0105M;T0106M;T0107M','','T0101M;T0102M;T0103M;T0104M;T0105M;T0106M;T0107M','','C0101M;C0102M;C0103M;C0104M;C0105M;C0106M;C0107M;C0108M;C0109M;C0110M;C0111M;C0112M;C0113M','C0111M','C0101M;C0102M;C0103M;C0104M;C0105M;C0107M;C0109M;C0110M;C0111M;C0112M;C0113M','C0111M','C0101M;C0102M;C0103M;C0104M;C0107M;C0109M;C0110M;C0111M;C0112M;C0113M','C0111M','E0104M','','E0104M','','E0104M','','T2406ST2801S','T2406ST2801S','C0201SC0202SC0302SC0301SC0304SC0308SC0327SC0317SC0311SC0320SC0324SC0325SC0323SC0314SC0305SC0337SC0303SC1201SC1204SC1202SC1203SC1205PC1102SC1103PC1003SC1001SC1002PC1004ZC0901PC0902ZC0501SC0502SC0503SC0504SC0505SC0506SC0507SC0508SC0510SC0509SC0512SC0511SC0513SC0514SC0515SC0516SC0517SC0801SC0802SC0807SC0808SC0803SC0804SC0810PC0809SC0806SC0409PC0410PC0403SC0407SC0404SC0408SC0402SC0405SC0401SC0411PC0331SC0333SC0330SC0336SC0326SC0406SC0805SC0709SC0710SC0705SC0706SC0701PC0707SC0708SC0703SC0704SC0702SC0604SC0601SC0603SC0602SC1701PC0334SC0332SC1611SC1618SC1602SC1605SC1617SC1616SC1603SC1604SC1613SC1614SC1606SC1607SC1608SC1601SC1904PC1405PC1501PC2001PC2602PC2601PC1802PC1803PC2701PC4301PC2802PC2806SC2801PC2805PC3201PC3607PC3606PC3608PC3609PC3905PC3801P','C0201SC0202SC0302SC0301SC0304SC0308SC0327SC0317SC0311SC0320SC0324SC0325SC0323SC0314SC0305SC0337SC0303SC1201SC1204SC1202SC1203SC1205PC1102SC1103PC1003SC1001SC1002PC1004ZC0901PC0902ZC0501SC0502SC0503SC0504SC0505SC0506SC0507SC0508SC0510SC0509SC0512SC0511SC0513SC0514SC0515SC0516SC0517SC0801SC0802SC0807SC0808SC0803SC0804SC0810PC0809SC0806SC0409PC0410PC0403SC0407SC0404SC0408SC0402SC0405SC0401SC0411PC0331SC0333SC0330SC0336SC0326SC0406SC0805SC0709SC0710SC0705SC0706SC0701PC0707SC0708SC0703SC0704SC0702SC0604SC0601SC0603SC0602SC1701PC0334SC0332SC1611SC1618SC1602SC1605SC1616SC1603SC1604SC1613SC1614SC1606SC1607SC1608SC1601SC1904PC1405PC1501PC2001PC2602PC2601PC1802PC1803PC2701PC4301PC2802PC2806SC2801PC2805PC3201PC3607PC3606PC3608PC3609PC3905PC3801P','','','','','','','',''),(7,1,'Rhylek Oussekile','1','pve','Elona','N','M','2006-11-27',14.8,2.4,23.5,0,1739,0,0,0,0,0,0,1,0,0,0,3,172851,0,0,0,'T0114M;T0115M;T0116M;T0117M;T0118M;T0119M','','T0115M;T0117M;T0118M;T0119M','','C0103M;C0104M;C0105M;C0106M;C0107M;C0108M;C0110M;C0111M;C0112M;C0113M','','C0103M;C0104M;C0105M;C0106M;C0107M;C0108M;C0110M;C0111M;C0112M;C0113M','','C0103M;C0104M;C0105M;C0106M;C0107M;C0108M;C0111M;C0112M','','E0101M;E0102M;E0103M;E0104M','','E0101M;E0102M;E0103M;E0104M','','E0101M;E0102M;E0103M;E0104M','','T2504ST2505ST2502ST2402ST2901ST2902ST3501ST3502ST3601ST2302PT2506ST2601ST3701ST4001ST4002ST4003ST4101P','T2504ST2502ST2402ST2901ST3502ST3601ST2302PT2506ST2601ST4003S','C1301SC1601SC1403SC1501PC1405PC2505SC2001PC2602PC2601PC2701PC4301PC2401SC1901SC1902SC1904PC1802PC1803PC2806SC2805PC2801PC2812SC2813SC3607PC3606PC3608PC3601SC3602SC3603SC3604SC3609PC1404SC2101SC3905PC3801PC1619S','C1301SC1405PC1501PC2602PC2601PC2001PC2701PC4301PC1904PC1802PC1803PC2801PC2812SC3603SC3606PC3609PC1404SC2101SC3905PC3801PC1619S','E0203SE0202SE0302SE0301SE2301PE2601PE2602SE0505SE0507SE0405PE0404SE0401PE0403PE0407P','E0203SE0202SE0302SE0301SE2301PE0505SE0507SE0405PE0404SE0401PE0403PE0407P','','','','','',''),(8,1,'Prince Vienfersisit','1','pve','Elona','D','M','2007-08-18',0,0,0,0,0,0,0,0,0,0,0,0,0,0,0,0,0,0,0,0,'','','','','','','','','','','E0101M;E0102M;E0103M;E0104M;E0105M;E0106M;E0108M;E0109M;E0110M;E0112M;E0113M;E0114M;E0115M;E0116M','','E0101M;E0102M;E0103M;E0104M;E0105M;E0106M;E0108M;E0109M;E0112M;E0113M;E0114M;E0115M;E0116M','','E0101M;E0102M;E0103M;E0104M;E0105M;E0106M;E0108M;E0109M;E0113M;E0114M;E0115M;E0116M','','','','C1301S','','E0201SE0203SE0302SE0301SE0401PE0513SE0912SE0915SE0805SE0806SE0504SE0508SE0509SE0502SE0404SE0403PE0914ZE0913ZE0402PE0510SE0511SE0405PE0406PE1002SE0902SE1401PE1003SE1001SE1006SE1005SE0512SE0807SE1307SE1301SE1310SE0503SE1201PE1202SE1305SE1304XE1306XE1308SE1607SE1702SE0407PE0408PE0409PE0701PE0802SE0909SE1601SE1602SE1603SE1604SE1701SE0901PE1309SE1102XE0803PE1703SE1704SE0903PE0904PE0804PE0906PE0907PE0905PE0505SE0507SE2102SE2101SE2301PE2601PE2602SE2603PE2701SE2702SE2703SE2507SE2501SE2504SE2505SE2502YE0506PE2604PE0601PE2605PE3102PE3201SE3201PE3501PE3802PE4101PE4202PE3804PE3806PE3807PE3805PE2606PE4901P','E0201SE0203SE0302SE0301SE0401PE0513SE0912SE0915SE0805SE0806SE0504SE0508SE0509SE0502SE0913ZE0402PE0511SE0403PE0405PE0404SE0902SE0510SE1002SE0406PE1003SE1001SE1005SE0512SE0807SE1307SE1301SE1006SE1310SE0914ZE0503SE1401PE1201PE1202SE1305SE1304XE1306XE1607SE1702SE0407PE0408PE0701PE0802SE1601SE1602SE1603SE1604SE0409PE1701SE0901PE1308SE1102XE0803PE1703SE0903PE0904PE0804PE0906PE0905PE0907PE0505SE2101SE0507SE2102SE2301PE2601PE2701SE2702SE2703SE2602SE2505SE2507SE2501SE2504SE2502YE2603PE0506PE2604PE0601PE2605PE3102PE3201SE3201PE3501PE3802PE4101PE4202PE3804PE3805PE3806PE3807PE2606PE4901P','','','','','',''),(9,1,'Rhylek Amentehfes','1','pve','Elona','P','G','2006-11-10',0.7,0,18,0,1241,0,0,0,0,0,0,0,0,0,0,3,142577,0,0,0,'T0114M;T0115M;T0116M;T0117M;T0118M','','T0114M;T0115M;T0117M;T0118M','','','','','','','','E0101M;E0102M;E0103M;E0104M;E0105M;E0106M;E0107M;E0108M;E0109M','','E0101M;E0102M;E0103M;E0104M;E0105M;E0106M;E0107M;E0108M;E0109M','','E0101M;E0102M;E0103M;E0104M;E0105M;E0106M;E0107M;E0108M;E0109M','','T3502ST3601ST3602ST3501S','T3502ST3601ST3602S','C1301SC1404S','C1404S','E0203SE0201SE0302SE0301SE0401PE0402PE0405PE0404SE0403PE0406PE0407PE0513SE0503SE0504SE0502SE0511SE0508SE0509SE0512SE0807SE0805SE0806SE1005SE1001SE1003SE1203SE0902SE0914ZE0913ZE0909SE0912SE0915SE0510SE1002SE1006SE1101SE1901SE1904SE1905SE1906SE1401SE1201PE1202SE1607SE1601SE1705SE1701SE1702SE0408PE0514SE0409PE0701PE0802SE1602SE1603SE1604SE0901PE1102XE1305SE1309SE1308SE1306XE1307SE1301SE1304XE1310SE1303SE0910SE1204SE1205SE1501XE1206SE1207SE0803PE1902SE2001SE1907SE1903XE1803SE0903PE0804PE0904PE0906PE1703SE1704SE0907PE0905PE2102SE2101SE0505SE0507SE1502XE1311SE0515SE0516SE1801XE2301PE2601PE2602SE2702SE2701SE2507SE2505SE2703SE2603PE2501SE2504SE2704SE2711SE2710SE2502SE2503YE7101SE2302SE0506PE0601PE2705SE2604PE2605PE2707SE2706SE2714SE2715SE3101PE2508PE3501PE1401P','E0203SE0201SE0302SE0301SE0401PE0402PE0405PE0404SE0403PE0406PE0513SE0503SE0504SE0502SE0511SE0508SE0509SE0512SE0805SE0806SE1003SE0902SE0914ZE0913ZE0912SE0915SE0510SE1002SE0807SE1001SE1005SE1006SE1101SE1401SE1201PE1202SE1607SE1702SE0407PE0408PE0701PE0802SE1601SE1602SE1603SE1604SE0409PE1102XE1305SE1309SE1308SE1306XE1304XE1301SE1310SE1307SE0909SE1203SE1204SE1303SE0910SE1205SE1206SE1701SE0901PE0803PE1901SE1905SE2001SE1902SE1904SE1906SE1907SE1903XE1803SE0903PE0804PE0904PE0906PE1703SE0905PE0907PE0505SE2101SE1501XE1704SE1502XE0514SE1705SE1207SE0515SE0507SE2102SE1311SE1801XE0516SE2301PE2701SE2702SE2507SE2703SE2602SE2505SE2601PE2502SE2503YE2501SE7101SE2603PE2711SE2704SE2504SE0506PE0601PE2604PE2605PE3101PE2508PE1401P','','','','','',''),(10,1,'Regine Avecungeais','0','pve','Tyrie','El','M','2006-11-26',0,0,0,0,0,0,0,0,0,0,0,0,0,0,0,0,0,0,0,0,'T0101M;T0102M','','T0101M;T0102M','','','','','','','','E0101M','','E0101M','','E0101M','','T0202PT0204ST0203ST0207ST0211PT0205ST0206ST0208ST0209ST0210PT0301ST0321ST0302PT0303ST0304ST0306ST0307ST0308PT0310YT0309ST0311ST0312ST0313PT0314ST0322ST0324ST0325ST0323ST0401ST0403ST0501ST0502ST0601ST0602ST0701ST0801YT0804ST0803ST0902ST1001ST0201PT1219ST1205ST1206ST1204ST1203ST1201ST1106PT1107ST1501ST1103ST1101ST1105ST1104ST1108ST1110ST1109ST1215ST1307ST1102ST1208ST1207ST1902ST1903ST2406ST1909ST2409ST1601ST1907ST1703ST1705ST1704S','T0202PT0204ST0203ST0207ST0211PT0205ST0206ST0208ST0209ST0210PT0301ST0321ST0302PT0303ST0304ST0306ST0307ST0308PT0310YT0309ST0311ST0312ST0313PT0314ST0322ST0324ST0325ST0323ST0401ST0403ST0501ST0502ST0601ST0602ST0701ST0801YT0804ST0803ST0902ST1001ST0201PT1219ST1204ST1107ST1106PT1501ST1203ST1105ST1103ST1101ST1205ST1206ST1307ST1207ST2406ST1909ST2409ST1215ST1601ST1907ST1902ST1703ST1705ST1704S','','','E0502SE0701PE0702PE0911SE1004SE0802SE0907PE0507SE0404SE2102SE2101S','E0502SE0701PE0702PE0911SE1004SE0802SE0907PE0404SE2101S','G0102SG0101PG0401PG0403PG0402PG0601S','G0102SG0601S','','','',''),(11,1,'Regine Beauregard','0','pve','Cantha','En','El','2006-09-07',0,0,0,0,0,0,0,0,0,0,0,0,0,0,0,0,0,0,0,0,'T0101M;T0102M;T0103M;T0108M;T0109M;T0114M;T0115M;T0117M','','T0101M;T0102M;T0103M;T0108M;T0109M;T0115M;T0117M','','C0101M;C0102M;C0103M;C0104M;C0105M;C0106M;C0107M;C0108M','','C0101M;C0102M;C0103M;C0104M;C0106M;C0107M','','C0101M;C0103M;C0107M','','E0104M','','E0104M','','E0104M','','T2401PT2402ST2405ST2403ST2504ST2505ST2506ST2507ST2409S','T2401PT2504ST2505ST2402ST2403ST2409S','C0201SC0202SC0302SC0303SC0330SC0326SC0301SC0304SC0308SC0327SC0317SC0311SC0320SC0324SC0325SC0323SC0314SC0305SC0501SC0503SC0505SC0507SC0510SC0512SC0513SC0515SC0517SC0502SC0504SC0506SC0508SC0509SC0511SC0514SC0516SC0604SC0601SC0603SC0602SC0709SC0710SC0705SC0706SC0701PC0707SC0708SC0703SC0704SC0702SC0801SC0802SC0807SC0808SC0803SC0804SC0810PC0809SC0805SC0806SC0901PC0902ZC1003SC1001SC1002PC1004ZC1102SC1103PC1201SC1204SC1202SC1203SC1205PC1701PC1501PC1901SC1902SC1618SC1613SC1614SC1606SC1601SC1617SC1616SC1403SC2510SC2513SC1602SC1611SC1604SC1615SC0409PC0410PC0403SC0406SC0407SC0404SC0408SC0402SC0405SC0401SC0411PC0333SC0332SC0334SC0336SC0318SC0319SC2505SC2504SC2511SC2507SC1405PC2001PC2401SC2402SC2602PC2601PC2701PC1801SC4301PC1904PC1803PC2801PC3606P','C0201SC0202SC0302SC0303SC0330SC0326SC0301SC0304SC0308SC0327SC0317SC0311SC0320SC0324SC0325SC0323SC0314SC0305SC0501SC0503SC0505SC0507SC0510SC0512SC0513SC0515SC0517SC0502SC0504SC0506SC0508SC0509SC0511SC0514SC0516SC0604SC0601SC0603SC0602SC0709SC0710SC0705SC0706SC0701PC0707SC0708SC0703SC0704SC0702SC0801SC0802SC0807SC0808SC0803SC0804SC0810PC0809SC0805SC0806SC0901PC0902ZC1003SC1001SC1002PC1004ZC1102SC1103PC1201SC1204SC1202SC1203SC1205PC1701PC1617SC1616SC1611SC1604SC1615SC0409PC0410PC0403SC0406SC0407SC0404SC0408SC0402SC0405SC0401SC0411PC0333SC0332SC0334SC0336SC0318SC0319SC1614SC1601SC1501PC2510SC1403SC1405PC2001PC2601PC2602PC2701PC4301PC1901SC1904PC1803PC2801PC3606P','E0502S','E0502S','G0101PG0201SG0302SU','G0302SU','','','',''),(12,1,'Uwetu En Pvp','0','pvp','Elona','M','','0000-00-00',0,0,0,0,0,0,0,0,0,0,0,0,0,0,0,0,0,0,0,0,'','','','','','','','','','','','','','','','','','','','','','','','','','','',''),(13,4,'Rhylek Le Rouge','1','pve','Tyrie','N','','2006-12-22',0,0,0,0,0,0,0,0,0,0,0,0,0,0,0,0,0,0,0,0,'','','','','','','','','','','','','','','','','','','','','','','','','','','',''),(14,1,'Morgana Necronomica','0','pve','Tyrie','N','M','2007-10-17',0,0,0,0,0,0,0,0,0,0,0,0,0,0,0,0,0,0,0,0,'','','','','','','','','','','','','','','','','T0211PT0210PT0203ST0205ST0302PT0312ST0313PT0322ST0202PT0501ST0601ST0602ST0502ST0308PT0325ST0301ST0304ST0201PT0207ST0309ST0206ST0324ST0303ST0204ST0208ST0306ST0307ST0317ST0603ST0209ST0401ST0701ST0402S','T0211PT0210PT0302PT0312ST0601ST0602ST0501ST0313PT0205ST0203ST0308PT0202PT0502ST0207ST0309ST0206ST0325ST0303ST0204ST0208ST0306ST0307ST0317ST0324ST0603ST0209ST0401ST0402ST0322ST0301ST0201P','','','','','','','','','',''),(17,1,'Rhylek Khyslapeth','1','pve','Tyrie','G','El;En;M;N;Ro;A;Ri;D;P','2008-01-10',100,100,100,0,50000,698,45338,22472,8066,80000,242,90,120,140,190,200,1364515,2000,2000,2000,'T0101M;T0102M;T0103M;T0104M;T0105M;T0106M;T0107M;T0108M;T0109M;T0110M;T0111M;T0112M;T0113M;T0114M;T0115M;T0116M;T0117M;T0118M;T0119M;T0120M;T0121M;T0122M;T0123M;T0124M;T0125M','T0101M;T0102M;T0103M;T0104M;T0105M;T0106M;T0107M;T0108M;T0109M;T0110M;T0111M;T0112M;T0113M;T0114M;T0115M;T0116M;T0117M;T0118M;T0119M;T0120M;T0121M;T0122M;T0123M;T0124M;T0125M','T0101M;T0102M;T0103M;T0104M;T0105M;T0106M;T0107M;T0108M;T0109M;T0110M;T0111M;T0112M;T0113M;T0114M;T0115M;T0116M;T0117M;T0118M;T0119M;T0120M;T0121M;T0122M;T0123M;T0124M;T0125M','T0101M;T0102M;T0103M;T0104M;T0105M;T0106M;T0107M;T0108M;T0109M;T0110M;T0111M;T0112M;T0113M;T0114M;T0115M;T0116M;T0117M;T0118M;T0119M;T0120M;T0121M;T0122M;T0123M;T0124M;T0125M','C0101M;C0102M;C0103M;C0104M;C0105M;C0106M;C0107M;C0108M;C0109M;C0110M;C0111M;C0112M;C0113M','C0101M;C0102M;C0103M;C0104M;C0105M;C0106M;C0107M;C0108M;C0109M;C0110M;C0111M;C0112M;C0113M','C0101M;C0102M;C0103M;C0104M;C0105M;C0106M;C0107M;C0108M;C0109M;C0110M;C0111M;C0112M;C0113M','C0101M;C0102M;C0103M;C0104M;C0105M;C0106M;C0107M;C0108M;C0109M;C0110M;C0111M;C0112M;C0113M','C0101M;C0102M;C0103M;C0104M;C0105M;C0106M;C0107M;C0108M;C0109M;C0110M;C0111M;C0112M;C0113M','C0101M;C0102M;C0103M;C0104M;C0105M;C0106M;C0107M;C0108M;C0109M;C0110M;C0111M;C0112M;C0113M','E0101M;E0102M;E0103M;E0104M;E0105M;E0106M;E0107M;E0108M;E0109M;E0110M;E0111M;E0112M;E0113M;E0114M;E0115M;E0116M;E0117M;E0118M;E0119M;E0120M','E0101M;E0102M;E0103M;E0104M;E0105M;E0106M;E0107M;E0108M;E0109M;E0110M;E0111M;E0112M;E0113M;E0114M;E0115M;E0116M;E0117M;E0118M;E0119M;E0120M','E0101M;E0102M;E0103M;E0104M;E0105M;E0106M;E0107M;E0108M;E0109M;E0110M;E0111M;E0112M;E0113M;E0114M;E0115M;E0116M;E0117M;E0118M;E0119M;E0120M','E0101M;E0102M;E0103M;E0104M;E0105M;E0106M;E0107M;E0108M;E0109M;E0110M;E0111M;E0112M;E0113M;E0114M;E0115M;E0116M;E0117M;E0118M;E0119M;E0120M','E0101M;E0102M;E0103M;E0104M;E0105M;E0106M;E0107M;E0108M;E0109M;E0110M;E0111M;E0112M;E0113M;E0114M;E0115M;E0116M;E0117M;E0118M;E0119M;E0120M','E0101M;E0102M;E0103M;E0104M;E0105M;E0106M;E0107M;E0108M;E0109M;E0110M;E0111M;E0112M;E0113M;E0114M;E0115M;E0116M;E0117M;E0118M;E0119M;E0120M','T0211PT0302PT0313PT0309ST0308PT0204ST0207ST0205ST0312ST0325ST0206ST0321ST0601ST0902ST0203ST0303ST0323ST0804ST0801YT0602ST0501ST0202PT0304ST0319ST0401ST0403ST0502ST0301ST0702ST0703ST0701ST0322ST0306ST0307ST0201PT1204ST1107ST2406ST2409ST2501ST1203ST1216ST1217ST1218ST1901ST2502ST2408ST2404ST2403ST2401PT2402ST2405ST2407ST2504ST3001ST3002ST3003PT3004ST3201PT3304PT3303PT3302ST3301ST3401PT3501ST3502ST3601ST3602ST4002ST4101PT3901ZT3802ST3803ST4003ST3701ST3702ST3703ST4102ST4103ZT4401PT1219ST1106PT1802PT1108ST1109ST1105ST1104ST2003PT2203PT2302PT2301PT1209ST1210ST1501ST1201ST1202ST1211ST1214ST1212ST1213ST1307ST1208ST1101ST1207ST1906ST1601ST1705ST1304ST1305ST1306ST1303ST1302ST1301ST1110ST1205ST1908ST1907ST1902ST1903ST1911ST1905ST1910ST1909ST1206ST1220ST1215ST1904ST1103ST1102ST1401ST1704ST1703ST1701ST1702ST1801ST3101ST2506ST2503ST4203YT4204YT4205YT4304YT4202YT4206ST4201ST2008ST2001ST2002ST2101ST2009ST2004ST2010ST2105ST2103ST2104ST2102S','T0211PT0302PT0313PT0309ST0308PT0204ST0207ST0205ST0312ST0325ST0206ST0321ST0601ST0902ST0203ST0303ST0323ST0804ST0801YT0602ST0501ST0202PT0304ST0319ST0401ST0403ST0502ST0301ST0702ST0703ST0701ST0322ST0306ST0307ST0201PT1204ST1107ST2406ST2409ST2501ST1203ST1216ST1218ST1901ST2502ST2408ST1217ST2404ST2407ST2401PT3003PT3201PT3304PT3301ST3303PT3401PT3502ST3602ST3601ST4002ST3901ZT4102ST3501ST3802ST3803ST3701ST3702ST3703ST4003ST4101PT4401PT1219ST1106PT1802PT2003PT2203PT2301PT2302PT1210ST1501ST1209ST1201ST1105ST1108ST1202ST1211ST1109ST1212ST1214ST1307ST1208ST1101ST1207ST1213ST1906ST1601ST1705ST1304ST1305ST1306ST1303ST1302ST1301ST1110ST1205ST1908ST1907ST1902ST1910ST1909ST1104ST1206ST1215ST1905ST1103ST1102ST1220ST1401ST1703ST1704ST1701ST1702ST1801ST1911ST3002ST3101ST2405ST2402ST2506ST2503ST4203YT4204YT4205YT4304YT4202YT4206ST4201ST2008ST2001ST2002ST2101ST1903ST1904ST2009ST2004ST2010ST2105ST2103ST2102ST2104S','C1301SC1404SC1618SC1601SC1501PC1405PC2001PC2602PC2601PC2701PC1801SC1805SC1804SC1611SC1613SC1614SC4301PC1901SC1902SC1904PC1802PC1803PC2804SC2802PC2806SC2801PC2807SC2812SC2810SC3607PC3606PC3608PC3609PC2811SC2809SC2808SC2813SC2805PC2814SC3201PC3202SC3801PC3602SC3603SC3604SC3901SC3903SC3904SC3905PC3906SC1602SC1403SC2504SC2502SC1603SC1612SC1606SC1607SC1609SC4102Y','C1301SC1404SC1501PC1405PC2001PC2601PC2602PC1801SC2701PC4301PC1803PC2802PC2806SC1802PC3607PC3608PC1904PC3606PC2810SC2807SC2811SC2812SC2804SC2809SC2801PC2813SC2805PC3201PC3202SC3801PC3609PC1611SC1601SC3602SC3904SC1403SC1602SC1901SC2502SC1603SC2808SC2814SC1612SC1618SC1613SC1614SC1606SC3603SC4102YC3903SC3905P','E0701PE0702PE0502SE0404SE0801SE0911SE1004SE0907PE2101SE2102SE2301PE2601PE2602SE2701SE2603PE2704SE2711SE2710SE2702SE0506PE0601PE2604PE2605PE3102PE3201PE2707SE2714SE3501PE3802PE4101PE4202PE3801SE3804PE3803SE3805PE3806PE3807PE2606PE4901PE5205PE5808PE6206PE6303PE6502SE6505SE2501SE2502YE3901SE6601SE4403SE2201SE3001SE2712SE2507SE2505SE2703SE2705SE2302SE3401SE2506SE2713SE3402SE3202SE2902SE2901SE3103SE3301SE5704SE5701SE2801SE2715SE2802SE2803SE2804SE2805XE2806SE4902SE5802XE5803X','E0701PE0702PE0502SE0404SE0801SE0911SE1004SE0907PE2101SE2102SE2301PE2601PE2701SE2603PE0506PE0601PE2604PE2605PE3102PE3201PE3501PE3802PE4101PE4202PE3804PE3805PE3807PE3806PE2606PE4901PE5205PE5808PE6206PE6303PE6502SE6505SE2501SE2502YE3801SE3901SE3803SE6601SE4403SE2711SE2201SE3001SE2707SE2712SE2507SE2702SE2505SE2703SE2602SE2705SE2710SE2704SE3401SE2506SE2713SE3402SE3202SE2902SE2901SE3103SE2714SE3301SE5704SE5701SE2715SE2802SE2803SE2804SE2805XE2806SE4902SE5802XE5803X','G0102SG0601SG0602YG0201SG0705YG0302SUG0401PG0403PG0402PG0703SG0702SG0701SG0101PG0301SG1301YG2001PG2002SG2003PG1404SG2402YG0303SUG0304XG0603XG0604YG2101XYG1003SG1001YG0804SG1201YG0502SG0501XG0504XG0608SG0902SG0901SG0903SG0503SG0704SG2202SG2203SG2204SG2205SG2207SG2206SG2301YG2501SG1901SG2502SG1903SG1405SG1904SG0606SG0606YG2206PYG1509YG1508PG1801SG2602PG2605PYG2208SG2209SG2601PYG0505SG0506PYG2701PYG1905SG1902SG1907XG1906SG2603YG1302XG1303XYG2604YG2302YG1703YG1905YG1603YG1101YG1002YG1401YG1402SG1403SG2201YG0609SG0605SG0904YG2403YG2401YG1504SG1503SG1502SG1505SG1601SG1602SG0404XG1202SG1203SG1205SG1204SG1702SG1501SG1507SG1506SG1701S','G0102SG0601SG0602YG0201SG0302SUG2001PG2402YG0301SG0303SUG0304XG0603XG0604YG0701SG0702SG0705YG2101XYG1003SG1001YG0804SG1201YG0402PG0501XG0608SG0903SG0502SG0504XG0703SG2202SG2203SG2204SG2205SG2206SG2207SG2002SG2301YG2003PG2501SG1901SG2502SG1903SG1404SG1904SG0606SG0606YG2206PYG1509YG1508PG1801SG2605PYG2208SG2209SG0403PG2602PG2601PYG0503SG0401PG0505SG0506PYG2701PYG0101PG1905SG1902SG1906SG1301YG2603YG1302XG2604YG1303XYG2302YG1703YG1907XG1905YG1603YG1101YG0704SG1002YG1401YG1402SG1403SG2201YG0609SG0901SG0605SG0904YG1405SG2401YG1503SG1504SG1601SG1602SG0404XG1502SG1505SG1202SG1203SG1204SG1702SG1501SG1506SG1507SG1701S','196;080;082;156;084;158;192;165;091;089;157;159;160;161;162;163;164;167;168;170;171;172;173;174;099;101;175;176;177;178;179;180;181;182;107;183;184;185;186;187;188;189;190;191;193;194;195;197;198;110;199;093;094;169','136;204;141;213;116;200;119;118;201;122;123;202;125;203;133;135;205;132;206;148;145;151;215;212;152;214;209;207;208;140;142;210;211','007;010;015;017;218;012;216;019;021;050;029;033;031;024;027;155;030;023;217;055;056;052;054;039;221;047;036;038;219;253;042;044;046;049','237;227;254;234;235;236;250'),(16,1,'Regine La Pointue','0','pve','Elona','Ro','','2007-10-17',0,0,0,0,0,0,0,0,0,0,0,0,0,0,0,0,0,0,0,0,'','','','','','','','','','','E0101M','','E0101M','','E0101M','','','','','','E0202SE0302SE0301SE0401PE0402PE0513SE0508SE0502SE0509SE0512S','E0202SE0302SE0301SE0401PE0502S','','','','','','');

--
-- Table structure for table `gw_quetes`
--

CREATE TABLE `gw_quetes` (
  `index_quete` int(11) NOT NULL auto_increment,
  `region_quete` varchar(50) NOT NULL default '',
  `nom_quete` varchar(100) NOT NULL default '',
  `requis_quete` varchar(100) NOT NULL default '',
  `code_quete` varchar(7) NOT NULL default '',
  KEY `indew_quete` (`index_quete`)
) ENGINE=MyISAM DEFAULT CHARSET=latin1;

--
-- Dumping data for table `gw_quetes`
--


INSERT INTO `gw_quetes` VALUES (1,'Les Ruines d\'Ascalon','Le grand rempart nord','@Cantha;@Elona;&T1106P','T0101M'),(2,'Les Ruines d\'Ascalon','Fort Ranik','@Cantha;@Elona;&T0101M','T0102M'),(3,'Les Ruines d\'Ascalon','Les ruines de Surmia','@Cantha;@Elona;&T1802P','T0103M'),(4,'Les Ruines d\'Ascalon','Académie Nolani','@Cantha;@Elona;&T0103M','T0104M'),(5,'Les Cimefroides du Nord','Passage de Borlis','@Cantha;@Elona;&T2003P','T0105M'),(6,'Les Cimefroides du Nord','La porte de givre','@Cantha;@Elona;&T0105M','T0106M'),(7,'La Kryte du Nord','Les portes de Kryte','@Cantha;@Elona;&T2302P','T0107M'),(8,'La Kryte du Nord','Côte d\'Alessio','&T2401P','T0108M'),(9,'La Kryte du Nord','Côte des divinités','&T0108M','T0109M'),(10,'La Jungle Maguuma','Contrées sauvages','&T3003P','T0110M'),(405,'79','Sire Tydus - Le message du roi','@Tyrie;&T1204S','T1107S'),(11,'La Jungle Maguuma','Marais de la pierre de sang','&T0110M','T0111M'),(12,'La Jungle Maguuma','Clairière de l\'aurore','&T3303P','T0112M'),(478,'92','Bodrus - La requête du marchand','@Cantha;@Elona;&T0201P','T2402S'),(13,'La Kryte du Sud','Provinces fluviales','&T3401P','T0113M'),(14,'La Kryte du Sud','Récif sacré','@Cantha;@Elona;&T0201P','T0114M'),(15,'Le Désert de Cristal','Bief d\'Elona','&T0114M','T0115M'),(16,'Le Désert de Cristal','Dunes du désespoir','&T0114M','T0116M'),(17,'Le Désert de Cristal','Rivières assoifées','&T0114M','T0117M'),(18,'Le Désert de Cristal','Roche de l\'Augure','&T0115M;&T0116M;&T0117M','T0118M'),(19,'Le Désert de Cristal','L\'antre du dragon','&T0118M','T0119M'),(20,'Les Cimefroides du Sud','Grotte des larmes gelées','&T4101P','T0120M'),(21,'Les Cimefroides du Sud','Mines de fer de Moladune','&T0120M','T0121M'),(22,'Les Cimefroides du Sud','Donjon de Chef Tonnerre','&T0121M','T0122M'),(23,'L\'Archipel des Îles de Feu','Archipel des îles de feu','&T4401P','T0123M'),(24,'L\'Archipel des Îles de Feu','Bouche d\'Abaddon','&T0123M','T0124M'),(25,'L\'Archipel des Îles de Feu','Précipice de l\'enfer','&T0124M','T0125M'),(26,'L\'Île de Shing Jea','Le domaine du ministre Sho','@Tyrie;@Elona;&C0410P','C0101M'),(27,'L\'Île de Shing Jea','Zen Daijun','@Tyrie;@Elona;&C1205P','C0102M'),(28,'La Cité de Kaineng','Place de Vizunah','|C1701P;|C1301S','C0103M'),(29,'La Cité de Kaineng','Quartier de Nahpui','&C1405P','C0104M'),(30,'La Cité de Kaineng','Temple de Tahnnakai','&C2001P','C0105M'),(31,'La Forêt d\'Echovald','Pierre Arborea','&C2601P','C0106M'),(32,'La Mer de Jade','Fonds Marins de Boreas','&C2701P','C0107M'),(33,'La Cité de Kaineng','District de Sunjiang','&C1904P','C0108M'),(34,'La Forêt d\'Echovald','Le verger éternel','&C2805P','C0109M'),(35,'La Mer de Jade','Le couvoir de Gyala','&C3609P','C0110M'),(36,'La Mer de Jade','Les eaux endormies','|C3201P;|C3905P','C0111M'),(37,'La Cité de Kaineng','Le palais de Raisu','&C3801P','C0112M'),(38,'La Cité de Kaineng','Les appartements impériaux','&C0112M','C0113M'),(39,'Istan','Le Village de Chabek','@Tyrie;@Cantha;&E0301S','E0101M'),(40,'Istan','Excavations de Jokanur','@Tyrie;@Cantha;&E1201P','E0102M'),(41,'Istan','Antre de Marée Noire','@Tyrie;@Cantha;&E0803P','E0103M'),(42,'Istan','Embarcadère du consulat','@Tyrie;@Cantha;&E0907P','E0104M'),(43,'Kourna','Cimetière de Venta','&E2603P','E0105M'),(44,'Kourna','Croisement de Kodonur','&E2604P','E0106M'),(45,'Kourna','Passage de Pogahn','|E2508P;|E0120M','E0107M'),(46,'Kourna','Refuge de Rilohn','|E3201P;|E0120M','E0108M'),(47,'Kourna','Fissure de Moddok','|E0107M;|E0108M','E0109M'),(48,'Vabbi','Verger de Tihark','&E3501P','E0110M'),(49,'Vabbi','Vestibule de Dasha','|E4201P;|E0120M','E0111M'),(50,'Vabbi','Bastion de Dazgonur','|E4202P;|E0120M','E0112M'),(51,'Vabbi','Grand-cour de Sebelkeh','&E3804P','E0113M'),(52,'Vabbi','Baie de Nundu','&E3807P','E0114M'),(53,'Vabbi','Horde de Jennur','&E3806P','E0115M'),(54,'La Désolation','Portes de la Désolation','&E2606P','E0116M'),(55,'La Désolation','Ruines de Morah','&E5205P','E0117M'),(56,'Le Royaume du Tourment','Porte de la douleur','&E5808P','E0118M'),(57,'Le Royaume du Tourment','Porte de la folie','&E6303P','E0119M'),(58,'Le Royaume du Tourment','Porte d\'Abaddon','&E0119M','E0120M'),(59,'1','Kormir - Rassembler les recrues (Initiation)','@Elona;!E0202S','E0201S'),(60,'1','Kormir - Prendre le raccourci (Passer l\'initiation)','@Elona;!E0201S','E0202S'),(66,'3','Premier Lancier Dehvad - Entraînement secondaire','@Elona;&E0402P','E0403P'),(61,'1','Kormir - Au village de Chahbek','@Elona;&E0201S','E0203S'),(62,'2','Premier Lancier Jahdugar - Motivation des Recrues','@Elona;|E0202S;|E0203S','E0301S'),(63,'2','Jibehr - Les Lanciers ne combattent jamais seuls','@Elona;&E0301S;!E0501S','E0302S'),(64,'3','Premier Lancier Dehvad - Entraînement principal','@Elona;&E0101M','E0401P'),(65,'3','Premier Lancier Dehvad - L\'amélioration des compétences','@Elona;&E0401P','E0402P'),(67,'3','Premier Lancier Dehvad - Entraînement pour le commandement','|E0402P;|E0702P','E0404S'),(68,'3','Premier Lancier Dehvad - Choisir une profession secondaire','@Elona;&E0403P','E0405P'),(69,'3','Premier Lancier Dehvad - Entrer dans l\'histoire','@Elona;&E0405P','E0406P'),(70,'3','Premier Lancier Dehvad - Île des Morts','@Elona;&E0102M','E0407P'),(71,'3','Premier Lancier Dehvad - Une forte marée','@Elona;&E0407P','E0408P'),(72,'3','Premier Lancier Dehvad - Une livraison spéciale','@Elona;&E0408P','E0409P'),(73,'4','Kina - Un ami dans le besoin','@Elona;&E0101M;!E0302S','E0501S'),(74,'4','Mahk - Un jouet hors du commun','','E0502S'),(75,'4','Barlom - Marchand de couleurs','@Elona;&E0406P','E0503S'),(76,'4','Chorben - Un acier exceptionnel','@Elona','E0504S'),(77,'4','Deras Tenderlin - Terreur en Tyrie','#Tyrie;=Tyrie;&E0907P;!C1604S','E0505S'),(78,'4','Maître des Dock Ahlaro - L\'assemblée du conseil','&E0105M','E0506P'),(81,'4','Premier Lancier Dehvad - Entraînement pour le commandement','|E0402P;|E0702P','E0404S'),(80,'4','Premier Lancier Dehvad - Entraînement secondaire','@Elona;&E0402P','E0403P'),(82,'4','Premier Lancier Dehvad - Entrer dans l\'histoire','@Elona;&E0405P','E0406P'),(83,'4','Premier Lancier Dehvad - Île des Morts','@Elona;&E0102M','E0407P'),(84,'4','Premier Lancier Dehvad - Une forte marée','@Elona;&E0407P','E0408P'),(85,'4','Premier Lancier Dehvad - Une livraison spéciale','@Elona;&E0408P','E0409P'),(86,'4','Funwa Shento - Le fléau de Cantha','#Cantha;=Cantha;&E0907P;!T2404S','E0507S'),(87,'4','Kahlim - Une fille très matérielle','@Elona','E0508S'),(88,'4','Mehinu - Transport armé','@Elona','E0509S'),(89,'4','Kailona - Cargaison manquante','@Elona;&E0509S','E0510S'),(90,'4','Nenah - Besoin d\'autre chose','@Elona','E0511S'),(91,'4','Shatam - Usurpation d\'identité','@Elona','E0512S'),(92,'4','Agent Xunlai Jueh - Un coffre personnel','@Elona','E0513S'),(93,'4','Arlon le secrétaire - Un bon tour en mérite un autre','@Elona;&E1705S','E0514S'),(94,'4','Arlon le secrétaire - Nobles en ballade','@Elona;&E0514S','E0515S'),(95,'4','Arlon le secrétaire - La noblesse en veut toujours plus','@Elona;&E0515S','E0516S'),(96,'5','Suhl l\'ancien - A Vabbi !','&E0506P','E0601P'),(97,'6','Général Hayao - Elite Zaishen','|E0408P;|C;|T2406S','E0701P'),(98,'6','Maréchal de la flotte Bendro - Préparatifs de bataille','#Elona;|C;|T2406S','E0702P'),(99,'7','Général Hayao - Elève Jin','&E0701P;!E0802S','E0801S'),(100,'7','Général Hayao - Elève Sousuke','&E0701P;!E0801S','E0802S'),(101,'7','Jerek - Pistage','@Elona;&E0901P','E0803P'),(102,'7','Jerek - L\'épreuve du feu','@Elona;&E0903P','E0804P'),(103,'7','Mauban - Inventeur du voyage par carte','@Elona','E0805S'),(104,'7','Nehdukah - La chasse au cochon','@Elona','E0806S'),(105,'7','Hatundo le cuisinier royal - Le festin de Bokka','@Elona','E0807S'),(106,'8','Châtelain Puuba - Grande nouvelle, petit résultat','@Elona;&E0409P','E0901P'),(107,'8','Shaurom - Une menace cachée','@Elona','E0902S'),(108,'8','Châtelain Puuba - Une vérité en fer','@Elona;&E0103M','E0903P'),(109,'8','Châtelain Puuba - Préparatifs de guerre (Entraînement des recrues)','@Elona;&E0804P','E0904P'),(110,'8','Châtelain Puuba - Préparatifs de guerre (Vent et eau)','@Elona;&E0804P','E0905P'),(111,'8','Châtelain Puuba - Préparatifs de guerre (Reconnaissance fantôme)','@Elona;&E0804P','E0906P'),(112,'8','Châtelain Puuba - Il reste peu de temps','|E1004S;|E0906P','E0907P'),(113,'8','Châtelain Puuba - Lever de soleils','@Elona;&E0102M','E0909S'),(114,'8','Châtelain Puuba - La seconde mobilisation de Rojis','@Elona;&E0909S','E0910S'),(115,'8','Châtelain Puuba - Sécuriser l\'Aube du Champion','#Elona;&E0702P','E0911S'),(116,'8','Poturi - Une preuve de courage','@Elona','E0912S'),(117,'8','Runduk - Promotion : Adjudant','@Elona','E0913Z'),(118,'8','Runduk - Prendre du grade : Premier Lancier','@Elona;&E0913Z','E0914Z'),(119,'8','Sehti - Suwash le pirate','@Elona','E0915S'),(120,'9','Dajwa - Diamant dans la nature','@Elona;&E0406P','E1001S'),(121,'9','Mofuun - Des affaires d\'érudits','@Elona','E1002S'),(122,'9','Mofuun - La saison des jeunes Skree','@Elona;&E0406P','E1003S'),(123,'9','Bohanna le maitre de la carrière - Une terre de héros','#Elona;&E0911S','E1004S'),(124,'9','Bohanna le maitre de la carrière - Le dilemme de la carrière','@Elona;&E0406P','E1005S'),(125,'9','Bohanna le maitre de la carrière - La reine de la carrière','@Elona;&E1005S','E1006S'),(126,'10','Behron - Le mystère de la foi','@Elona;&E0102M','E1101S'),(127,'10','Vadben - Un monument délabré','@Elona','E1102X'),(128,'11','Dajmir - Signes et présages','@Elona;&E1401P','E1201P'),(129,'11','Kihawa - Le culte du visage de pierre','@Elona;&E1401P','E1202S'),(130,'11','Chago l\'érudit - Un fléau troublant','@Elona;&E0102M','E1203S'),(131,'11','Chago l\'érudit - Une théorie préoccupante','@Elona;&E1203S','E1204S'),(132,'11','Chago l\'érudit - Une livraison retardée','@Elona;&E1204S','E1205S'),(133,'11','Chago l\'érudit - Le vol d\'une spore','@Elona;&E1205S','E1206S'),(134,'11','Chago l\'érudit - Une mystérieuse missive','@Elona;&E1206S','E1207S'),(135,'12','Kohanu - Une solution pacifique','@Elona;!E1302S','E1301S'),(136,'12','Shaudok - Incontrôlable','@Elona;!E1301S','E1302S'),(137,'12','Dungrud - Moa\'vu\'Kaal, éveillé','@Elona;&E0102M;&E1304X','E1303S'),(138,'12','Belin l\'Ancien - Des voix dans la nuit','@Elona','E1304X'),(139,'12','Hatuk - Passage secret','@Elona','E1305S'),(140,'12','Lendu le pêcheur - Une grosse prise','@Elona','E1306X'),(141,'12','Lieutenant Murunba - Ecailleux et compas magique','@Elona','E1307S'),(142,'12','Tahon - L\'Ordre du Visage de Pierre','@Elona;&E1202S','E1308S'),(143,'10','Miresh - La colère du Visage de Pierre','@Elona;&E1308S','E1309S'),(144,'12','Sinni - Le récit d\'un père','@Elona','E1310S'),(145,'12','Ashigun - Provocation','@Elona;&E1502X','E1311S'),(146,'13','Chef des terrasiers Gatah - L\'honorable général','@Elona;&E0406P','E1401P'),(147,'14','Jurdu l\'Ancien - L\'attaque du Port de Beknur','@Elona;&E1303S','E1501X'),(148,'14','Jurdu l\'Ancien - Le Palais du cyclone','@Elona;&E1501X','E1502X'),(149,'15','Guérisseur Zenwah - L\'aîné','@Elona','E1601S'),(150,'15','Guérisseur Zenwah - La puînée','@Elona;&E1601S','E1602S'),(151,'15','Guérisseur Zenwah - Le cadet','@Elona;&E1602S','E1603S'),(152,'15','Guérisseur Zenwah - Misela, la deuxième enfant','@Elona;&E1603S;!E1605S;!E1606S','E1604S'),(153,'15','Guérisseur Zenwah - Mutu, le fils aîné','@Elona;&E1603S;!E1604S;!E1606S','E1605S'),(154,'15','Guérisseur Zenwah - Jedur, le cadet','@Elona;&E1603S;!E1604S;!E1605S','E1606S'),(155,'15','Kanyama - Le fléau des flamants','@Elona','E1607S'),(156,'16','Olunideh l\'Ancien - Le pillard solitaire','@Elona','E1701S'),(157,'16','Olunideh l\'Ancien - Relations commerciales','@Elona','E1702S'),(158,'16','Olunideh l\'Ancien - Invasion corsaire','@Elona;&E1701S','E1703S'),(159,'16','Olunideh l\'Ancien - Une vengeance de corsaire','@Elona;&E1703S','E1704S'),(160,'16','Jatoro Musagi - Un message à faire passer','@Elona','E1705S'),(161,'17','Fantôme de Sehwanu - Fantôme en détresse','@Elona;&E0409P;&E1703S','E1801X'),(162,'17','Dzaga - Argent de poche','@Elona;!E1803S','E1802S'),(163,'17','Dzaga - Une loyauté inébranlable','@Elona;!E1802S','E1803S'),(164,'18','Kovu le garde - Choix du défenseur','@Elona','E1901S'),(165,'18','Kovu le garde - Une opération difficile','@Elona;&E1901S','E1902S'),(166,'18','Dahleht - Boire ou combattre, il faut choisir?','@Elona;&E1901S;&E0803P;&E0701P','E1903X'),(167,'18','Kovu le garde - En route pour le bayou','@Elona','E1904S'),(168,'18','Musseh le nécromant - Crypt-ologie','@Elona','E1905S'),(169,'18','Rohtu - Mère en cavale','@Elona','E1906S'),(170,'18','Rohtu - La fureur d\'un coeur éploré','@Elona;&E1906S','E1907S'),(171,'19','Musseh le nécromant - Fantômes dans le cimetière','@Elona;&E1905S','E2001S'),(172,'20','Dinja - Un pour tous, tous pour un','=Elona;=Tyrie','E2101S'),(172,'20','Dinja - Chasser Zenmai','=Elona;=Cantha','E2102S'),(173,'21','Isma l\'Ancienne - Conscription générale','&E0105M','E2201S'),(174,'22','Lancier du soleil Modiki - La proie','&E0104M','E2301P'),(175,'22','Zudash Dejarin - Le domaine de Dejarin','&E2704S','E2302S'),(176,'22','Zudash Dejarin - Les liens du sang','&E2902S;&E3202S','E2303S'),(177,'23','Tosi l\'ingénieur - La vieille femme de la rivière','&E0108M','E2401S'),(178,'24','Chuno - Un drake en cage','&E2601P','E2501S'),(179,'24','Chuno - Appétit insatiable','&E2501S','E2502Y'),(181,'24','Jonah l\'ancien - Acquérir le Sceau de Capture','@Elona;&E2601P','E2504S'),(182,'24','Jonah l\'ancien - Méditations de Melonni','&E2301P','E2505S'),(183,'24','Jonah l\'ancien - Défenseurs morts-vivants','&E2502Y;&E0105M','E2506S'),(184,'24','Berger Zekanu - Le troupeau à l\'abattoir','&E2301P','E2507S'),(185,'24','Margrid la sournoise - Sans moi, pas de Kormir','&E3101P','E2508P'),(186,'25','Lonai - La grande évasion','&E2301P','E2601P'),(187,'25','Lonai - Le Poste de commandement','&E2301P','E2602S'),(188,'25','Lonai - Menés par un héros','&E2601P','E2603P'),(189,'25','Lonai - Chantage Centaure','&E0601P','E2604P'),(190,'25','Lonai - Message mystérieux','&E0106M','E2605P'),(191,'25','Lonai - Traverser la désolation','|E0114M;|E0115M','E2606P'),(192,'26','Dunkoro - Construction de la base : prisonniers de guerre','&E2301P','E2701S'),(193,'26','Dunkoro - Construction de la base : interrogatoire','&E2701S','E2702S'),(194,'26','Dunkoro - Construction de la base : la rencontre','&E2702S','E2703S'),(195,'26','Dunkoro - Un père téméraire','&E2601P','E2704S'),(196,'26','Dunkoro - Une petite reconnaissance','&E0506P','E2705S'),(197,'26','Dunkoro - Les instruments de la guerre','&E0106M','E2706S'),(198,'26','Dunkoro - A la pêche aux informations','&E0106M','E2707S'),(199,'26','Dunkoro - Koss recrute','&E2706S;!E2709S','E2708S'),(200,'26','Dunkoro - Melonni recrute','&E2706S;!E2708S','E2709S'),(201,'26','Koss - La chance de l\'idiot','&E2601P','E2710S'),(202,'26','Koss - Elixir de Koss','&E2601P','E2711S'),(203,'26','Margrid la sournoise - De la chair à canon','&E2508P','E2712S'),(204,'26','Margrid la sournoise - Courez...','&E2712S','E2713S'),(205,'26','Melonni - Etranges eaux','&E0106M','E2714S'),(206,'26','Zhed Pattesombre - Inquiétudes de centaure','&E0106M','E2715S'),(207,'27','Mirza Courseplaine - Le dernier de la couvée','&E2715S;&E2606P','E2801S'),(208,'27','Mirza Courseplaine - La dernière attaque de Mirza','&E0106M','E2802S'),(209,'27','Mirza Courseplaine - De sérieux ennuis','&E2802S','E2803S'),(210,'27','Mirza Courseplaine - Terres tourmentées','&E2803S','E2804S'),(211,'27','Mirza Courseplaine - Angoisse ancestrale','&E2804S','E2805X'),(212,'27','Mirza Courseplaine - Corruption totale','&E2805X','E2806S'),(213,'27','Mirza Courseplaine - Bataille de la Procession de Turai','&E2806S','E2807X'),(214,'28','Kahan - Gestion de domaine','&E2302S','E2901S'),(215,'28','Behchu - Appel d\'offre','&E2901S','E2902S'),(216,'29','Nerashi - Une épine dans le pied de Varesh','|E0107M;|E0108M','E3001S'),(217,'30','Margrid la sournoise - Le prix à payer','&E2605P;!E3102P','E3101P'),(218,'30','Maître des Soupirs - Secrets dans l\'ombre','&E2605P;!E3101P','E3102P'),(219,'30','Le grand Zehtuka - Le grand Zehtuka','','E3103S'),(220,'31','Maître des Soupirs - Tuer un démon','&E3102P','E3201P'),(221,'31','Hogun l\'Imprévisible - La disparition de la jeune fille','&E2302S','E3202S'),(222,'32','Mahzu - Drakes dans les plaines','','E3301S'),(223,'33','Sewad le Cruel - Question de moralité','&E2508P','E3401S'),(224,'33','Sewad le Cruel - Un message pour Janeera','&E3401S','E3402S'),(225,'34','Kuwame - Réunir les princes','&E0109M','E3501P'),(226,'35','Acolyte des Soupirs - Une brève introduction','&E0113M','E3601S'),(227,'35','Acolyte des Soupirs - Entre un rocher...','&E3601S','E3602X'),(228,'35','Acolyte des Soupirs - The Scourge of Vabbi','&E4901P;&E5203S','E3603S'),(229,'36','Pohsin l\'horticulteur - L\'horticulteur suspendu','','E3701S'),(230,'37','Sergent Bolrob - Les vieux amis','','E3801S'),(231,'37','Goûteur royal Rendu - Tout est bien qui finit bien','&E0110M','E3802P'),(232,'37','Zerai l\'apprenti - La ruse ou la force?','|E0111M;|E0112M','E3803S'),(233,'37','Zerai l\'apprenti - L\'engagement des Princes marchands','|E0111M;|E0112M','E3804P'),(234,'37','Zerai l\'apprenti - L\'attaque de Kodash','&E0113M','E3805P'),(235,'37','Zerai l\'apprenti - Coeur ou raison : jardin en péril','&E3805P','E3806P'),(236,'37','Zerai l\'apprenti - Coeur ou raison : péril à Ronjok','&E3805P','E3807P'),(237,'38','Kamveh - Mesures désespérées','','E3901S'),(238,'39','Hedge Wizard Mabai - Garden Chores','&E4804S','E4001S'),(239,'39','Hedge Wizard Mabai - One Man\'s Dream','&E4001S','E4002S'),(240,'39','Horticulturist Hinon - Which Way Did He Go','','E4003S'),(241,'39','Horticulturist Hinon - Plague of Frogs','','E4004S'),(242,'40','Ministre des Finances Royales Oloda - Avertir Kehanni','&E3802P','E4101P'),(243,'40','Ministre des Finances Royales Oloda - In Defense of Theatre','&E4307S','E4102S'),(244,'40','Agent Xunlai Momo - Goren\'s Stuff: Part 2','&E0120M;|E4301S;|E6503S','E4103S'),(245,'40','Korvus - Norgu\'s Nightfall','&E0120M;|E4302S;|E6504S','E4104S'),(246,'41','Grand-prêtre Vahmani - Cupidité et regret','&E4101P;&E3101P','E4201P'),(247,'41','Grand-prêtre Vahmani - L\'appel de l\'Ordre','&E4101P;&E3201P','E4202P'),(248,'42','Goren - Goren\'s Stuff: Part 1','&E3803S','E4301S'),(249,'42','Norgu - Le rôle d\'une vie','&E3803S','E4302S'),(250,'42','Prince Bokka the Magnificent - Worst. Performance. Ever.','|E4302S;|E6504S','E4303S'),(251,'42','Prince Bokka the Magnificent - The Show Must Go On','&E4303S','E4304S'),(252,'42','Prince Bokka the Magnificent - Scorched Earth','|E4301S;|E6503S','E4305S'),(253,'42','Prince Bokka the Magnificent - Valley of the Rifts','|E4305S','E4306S'),(254,'42','Theatre Manager Daudi - Summertime for Bokka','|E4304S','E4307S'),(255,'43','Commandant Tanmod - Rien que pour vous oreilles','&E3801S','E4401S'),(256,'43','Commandant Tanmod - Interception','&E4401S','E4402S'),(257,'43','Lieutenant Murunda - Détruire les harpies','|E0111M;|E0112M','E4403S'),(258,'43','Lieutenant Murunda - Son de cornes antiques','|E0111M;|E0112M','E4404S'),(259,'43','Lieutenant Murunda - La recherche des survivants','&E0113M','E4405S'),(260,'43','Lieutenant Murunda - La reconquête du temple','&E4405S','E4406S'),(261,'43','Lieutenant Murunda - Extinction','&E4404S','E4407S'),(262,'44','Prince Ahmtur le puissant - Contrôle de la population','&E4402S','E4501S'),(263,'44','Prince Ahmtur le puissant - A la rescousse des gardes','&E4501S','E4502S'),(264,'45','Chukeht l\'émissaire de la bibliothèque - Gift of the Djinn','&E0111M','E4601S'),(265,'46','Bibliothécaire Kahnu - Recherche botanique','','E4701S'),(266,'46','Kachok - La folie de la prophétie','','E4702S'),(267,'46','Hanbahd l\'Anachorète - La quête de l\'Illumination','&E3804P','E4703S'),(268,'46','Kachok - Protéger les Erudits','&E4703S','E4704X'),(269,'47','Belgun the Quarry Master - Data Mining','|E3201P;|E6506S','E4801S'),(270,'47','Belgun the Quarry Master - To the Rescue','&E4801S','E4802S'),(271,'47','Belgun the Quarry Master - Coffer of Joko','&E4802S','E4803S'),(272,'47','Belgun the Quarry Master - Puzzling Parchment','&E4803S','E4804S'),(273,'48','Sahlahjar le trépassé - Un accord est un accord','&E0116M','E4901P'),(274,'48','Officier Lohru - Temple des Monolithes','&E4901P','E4902S'),(275,'48','Officier Lohru - Une démonstration de force','&E4902S','E4903X'),(276,'49','Infantryman Hareh - Requiem for a Brain','','E5001S'),(277,'49','Infantryman Hareh - Raising an Army','&E5001S','E5002S'),(278,'50','General Farrund - Under New Management','&E5204S','E5101S'),(279,'51','Awata - Sticks and Stones','','E5201S'),(280,'51','Bonesmith Rokel - She Hungers','&E4901P','E5202S'),(281,'51','Palawa Joko - Le retour du roi mort-vivant','&E4901P','E5203S'),(282,'51','Palawa Joko - Une alliance inattendue','&E4901P','E5204S'),(283,'51','Prêtre Kehmtut - Horde des ténèbres','&E4901P','E5205P'),(284,'52','Roi primitif Jahnus - S\'opposer au Roi','!E5302S','E5301S'),(285,'52','Roi primitif Jahnus - Détruire les esclaves ingrats','!E5301S','E5302S'),(286,'52','Conservateur Ruras - Guide Obstiné','','E5303S'),(287,'52','Kane - Getting Even','&E5501S','E5304S'),(288,'53','Vissh Rakissh - Forgotten Retribution','','E5401S'),(289,'53','Vissh Rakissh - The Cold Touch of the Past','','E5402X'),(290,'54','Curator Ruras - A New Guide','','E5501S'),(291,'54','Buuran - The Hallowed Point','&E5402X','E5502X'),(292,'55','Shanrah - Family Soul','=tyrie;&E0116M;&T0114M','E5601S'),(293,'56','Charen - Vanishing Spirits','','E5701S'),(294,'56','Charen - A Tasty Morsel','&E5701S','E5702S'),(295,'56','Jehner - The Growing Threat','&E5702S','E5703S'),(296,'56','Ganji - Pilgrimage','','E5704S'),(297,'57','Churrazek - A la poursuite d\'Abaddon (?)','','E5801S'),(298,'57','Jinyssa le gardien - L\'assaut des forces maléfiques','','E5802X'),(299,'57','Jinyssa le gardien - Le gardien troublé','&E5802X','E5803X'),(300,'57','Keshsek - Ceux qui ne sortent que la nuit','','E5804S'),(301,'57','Jinyssa le gardien - Invasion From Within','&E5804S','E5805S'),(302,'57','Neersi - Le breuvage des dieux','','E5806S'),(303,'57','Neersi - Dark Gateway','&E5806S','E5807S'),(304,'57','Pehai - Territoire inconnu','&E0117M','E5808P'),(305,'57','Commander Thurnis - The Missing Patrol','','E5809S'),(306,'58','Captain Yithlis - The Oddbodies','&E5809S','E5901S'),(307,'59','Wandering Soul - Faded Memory','','E6001S'),(308,'59','Wandering Soul - A Fleshy Operation','&E6001S','E6002S'),(309,'60','Forgotten Keeper - Into the Fire','&E5901S','E6101S'),(310,'60','Forgotten Keeper - The Last Patrol','&E6101S','E6102S'),(311,'61','Forgotten Keeper - Into the Fire','&E5901S','E6101S'),(312,'61','Forgotten Keeper - The Last Patrol','&E6101S','E6102S'),(313,'61','Apostat - L\'apostat','','E6203S'),(314,'61','Capitaine impérial Shing Wang - A History of Violence','','E6204X'),(315,'61','Capitaine impérial Shing Wang - Bad Fortune','&E6204X','E6205X'),(316,'61','Rahmor - La croisade de Kormir','&E0118M','E6206P'),(317,'62','Kaelen - Echapper au Tourment','','E6301S'),(318,'62','Kaelen - Blueprint of the Fall','&E6301S','E6302S'),(319,'62','Halyssi le gardien - Seuls dans les ténèbres','&E6206P','E6303P'),(320,'62','Gardien Kauniss - Protéger les lignes de défenses','','E6304S'),(321,'62','Gardien Kauniss - Know Thine Enemy','&E6304S','E6305S'),(322,'62','Gardien Kauniss - Cover Your Tracks','&E6305S','E6306S'),(323,'62','Gardien Kauniss - Open Season','&E6306S','E6307S'),(324,'62','Scorch Flèche d\'ambre - Une flamme vacillante','','E6308S'),(325,'63','Scorch Flèche d\'ambre - Détruisez les titans','&E6308S','E6401S'),(327,'64','Acolite Sousuke - S\'assurer le soutien de Sousuke','&E0120M;!E0802S','E6502S'),(326,'64','Acolite Jin - S\'assurer le soutien de Jin','&E0120M;!E0801S','E6501S'),(328,'64','Goren - S\'assurer le soutien de Goren','&E0120M;!E4301S','E6503S'),(329,'64','Norgu - S\'assurer le soutien de Norgu','&E0120M;!E4302S','E6504S'),(330,'64','Margrid - Obtenir la compagnie de Margrid','&E0120M;!E2508P','E6505S'),(331,'64','Maître des Soupirs - S\'assurer le soutien du Maître des Soupirs','&E0120M;!E3201P','E6506S'),(332,'65','Aumônier Phyratiss - Trouver un sens','&E0120M','E6601S'),(333,'65','Grand Prêtre Zhellix - Mallyx l\'Impitoyable','&E0120M','E6602Y'),(334,'66','Capitaine Sulahresh - Cité de Torc\'qua','&E0120M','E6701Y'),(335,'67','Capitaine Jerazh - Fonderie des Echecs de la Création','&E0120M','E6801Y'),(336,'67','Tekliss - Foundry Breakout','&E6701Y','E6802Y'),(337,'68','Voix des Soupirs - A la rescousse !','&E0120M','E6901Y'),(338,'68','Warden of Whispers - The Rifts Between Us','&E6901Y','E6902Y'),(339,'68','Voix des Soupirs - Deathbringer Company','&E6902Y','E6903Y'),(340,'69','Adepte des Soupirs - Déchirer le Voile des ténèbres','&E0120M','E7001Y'),(341,'69','Adepte des Soupirs - Brood Wars','&E7001Y','E7002Y'),(342,'70','Armin Saberlin - Le chemin vers la gloire','@Tyrie;&T0202P','T0201P'),(343,'70','Armin Saberlin - Une profession secondaire','@Tyrie;&T0302P;!T0201P','T0202P'),(344,'70','Baron Egan - Raid de bandits','@Tyrie;!T0201P','T0203S'),(345,'70','Baron Egan - Le dévoreur venimeux','@Tyrie;&T0302P;!T0201P','T0204S'),(346,'70','Namar - Le pauvre locataire','@Tyrie;!T0201P','T0205S'),(347,'70','Prince Rurik - Des Charrs vers la porte','@Tyrie;!T0201P','T0206S'),(348,'70','Hérault Royal - Des problèmes dans les bois','@Tyrie;&T0302P;!T0201P','T0207S'),(349,'70','Prince Rurik - Un charr dans les catacombes','@Tyrie;&T0207S;!T0201P','T0208S'),(350,'70','Sandre Elek - Le sorcier obstiné','@Tyrie;&T0302P;!T0201P','T0209S'),(351,'70','Sire Tydus - Préparez-vous à la guerre','@Tyrie;!T0201P','T0210P'),(352,'70','Hérault Royal - Le message d\'un ami','@Tyrie;!T0201P','T0211P'),(353,'71','Alison la tanneuse - La grande houppelande du Petit Thom','@Tyrie;!T0201P','T0301S'),(354,'71','Artémis la Rodeuse - Test du Rodeur','@Tyrie;@Ro;!T0201P','T0302P'),(355,'71','Capitaine Osric - Un cadau pour Althéa','@Tyrie;!T0201P','T0303S'),(356,'71','Chantalle la troubadour - Le cor de chasse','@Tyrie;!T0201P','T0304S'),(357,'71','Ciglo le Moine -Test du Moine','@Tyrie;@M;!T0201P','T0302P'),(358,'71','Devona - L\'opposition au Roi','@Tyrie;&T0308P;!T0201P','T0306S'),(359,'71','Devona - La dîme de l\'abbaye d\'Ashford','@Tyrie;&T0308P;!T0201P','T0307S'),(360,'71','Devona - Les rumeurs de Meerak','@Tyrie;&T0313P;!T0201P','T0308P'),(361,'71','Duc Gaban - Le chercheur d\'oeufs','@Tyrie;!T0201P','T0309S'),(362,'71','Dirk le fermier - Les cochons de concours','@Tyrie;!T0201P','T0310Y'),(363,'71','Garde Torin - De l\'autre côté du rempart','@Tyrie;!T0201P','T0311S'),(364,'71','Gwen - La flûte de Gwen','@Tyrie;!T0201P','T0312S'),(365,'71','Haversdan - L\'aventure continue','@Tyrie;&T0302P;!T0201P','T0313P'),(366,'71','Haversdan - Un nouvel instructeur Elémentaliste','@Tyrie;@Ele;!T0201P','T0314S'),(367,'71','Haversdan - Un nouvel instructeur Envouteur','@Tyrie;@En;!T0201P','T0315S'),(368,'71','Haversdan - Un nouvel instructeur Moine','@Tyrie;@M;!T0201P','T0316S'),(369,'71','Haversdan - Un nouvel instructeur Necromant','@Tyrie;@N;!T0201P','T0317S'),(370,'71','Haversdan - Un nouvel instructeur Rodeur','@Tyrie;@Ro;!T0201P','T0318S'),(371,'71','Haversdan - Un nouvel instructeur Guerrier','@Tyrie;@G;!T0201P','T0319S'),(372,'71','Howland l\'Elémentaliste - Test de l\'Elémentaliste','@Tyrie;@Ele;!T0201P','T0302P'),(373,'71','Althéa - Le fardeau de l\'envoûteur','@Tyrie;&T0302P;!T0201P;!T0202P','T0321S'),(374,'71','Lina la guérisseuse - Une aventure avec un allié','@Tyrie;&T0302P;!T0201P','T0322S'),(375,'71','Vieux Mac - Le remplacement du taureau','@Tyrie;&T0321S;!T0201P','T0323S'),(376,'71','Pitney - L\'oiseau moa de concours','@Tyrie;&T0325S;!T0201P','T0324S'),(377,'71','Pitney - Le problème de vers','@Tyrie;!T0201P','T0325S'),(378,'71','Sebedoh l\'Envouteuse - Test de l\'Envouteur','@Tyrie;@En;!T0201P','T0302P'),(379,'71','Van le Guerrier - Test du Guerrier','@Tyrie;@G;!T0201P','T0302P'),(380,'71','Verata le Nécromant - Test du Nécromant','@Tyrie;@N;!T0201P','T0302P'),(381,'72','Grazden le Protecteur - Prières de protection','@Tyrie;=M;!T0201P','T0401S'),(382,'72','Kasha Sang-noir - Le pouvoir du sang','@Tyrie;=N;!T0201P','T0402S'),(383,'72','Maître de guerre Grast - L\'invasion des Grawls','@Tyrie;&T0302P;!T0201P;!T0202P','T0403S'),(384,'73','Mehnlo - La mission du moine','@Tyrie;&T0302P;!T0201P;!T0202P','T0501S'),(385,'73','Menhlo - Les bénédictions de Balthazar','@Tyrie;=M;!T0201P;&T0501S','T0502S'),(386,'74','Munne la Nécromante - Le nécromant néophyte','@Tyrie;&T0302P;!T0201P;!T0202P','T0601S'),(387,'74','Munne la Nécromante - Les rituels du souvenir','@Tyrie;!T0201P','T0602S'),(388,'74','Oberan l\'honni - Le sentier maudit','@Tyrie;=N;!T0201P','T0603S'),(389,'75','Duc Barradin - Le vrai roi','@Tyrie;!T0201P;&T0207S','T0701S'),(390,'75','Duc Barradin - Le défi du guerrier','@Tyrie;=Gu;!T0201P','T0702S'),(391,'75','Petit Thom - Des problèmes dans les vignobles','@Tyrie;=Gu;!T0201P','T0703S'),(392,'76','Chasseur - Chasse à l\'ours','@Tyrie;!T0201P','T0801Y'),(393,'76','Ivoir Oeil de Lynx - L\'adresse au tir','@Tyrie;=Ro;!T0201P','T0802S'),(394,'76','Mary Malone - Le verger','@Tyrie;!T0201P','T0803S'),(395,'76','Maître Rôdeur Nente - Le compagnon du Rôdeur','@Tyrie;&T0302P;!T0201P;!T0202P','T0804S'),(396,'77','Aidan - D\'étranges plantes','@Tyrie;=Ro;!T0201P','T0901S'),(397,'77','Aziure l\'Elementaliste - L\'expérience de l\'Elémentaliste','@Tyrie;&T0302P;!T0201P;!T0202P','T0902S'),(398,'78','Ralena Tempête - La suprématie de l\'air','@Tyrie;=Ele;!T0201P','T1001S'),(399,'78','Vassar - La magie de la domination','@Tyrie;=En;!T0201P','T1002S'),(400,'79','Capitaine Arne - L\'avancée de Barradin','@Tyrie;&T0102M','T1101S'),(401,'79','Capitaine Arne - Les brasiers de l\'est','@Tyrie;&T1101S','T1102S'),(401,'79','Capitaine Arne - Equipement de l\'Avant-Garde','@Tyrie;&T1106P','T1103S'),(402,'79','Symon le scribe - Les Cités d\'Ascalon','@Tyrie;&T0101M','T1104S'),(403,'79','Symon le scribe - Le recensement des déchus','@Tyrie;&T0201P','T1105S'),(404,'79','Sire Tydus - Défendez le rempart','@Tyrie;&T1107S','T1106P'),(406,'79','Sire Tydus - Des recrues pour Hollis','@Tyrie;&T0101M','T1108S'),(407,'79','Sire Tydus - Les pillards du Vieil Ascalon','@Tyrie;&T0101M','T1109S'),(408,'79','Sire Tydus - L\'artefact problématique','@Tyrie;&T0102M','T1110S'),(409,'80','Ambassadeur Zain - Le dilemme de l\'ambassadeur','@Tyrie;&T1107S','T1201S'),(410,'80','Ambassadeur Zain - Une mission pacifique','@Tyrie;&T1201S','T1202S'),(411,'80','Ambassadeur Zain - Aider le peuple d\'Ascalon','@Tyrie;&T1107S','T1203S'),(412,'80','Capitaine Osric - L\'ambassadeur de Kryte','@Tyrie;&T0201P','T1204S'),(413,'80','Aziure l\'Elementaliste - Le savoir élémentaire','@Tyrie;=Ele;&T0201P','T1205S'),(414,'80','Aziure l\'Elementaliste - Les terres brûlées','@Tyrie;=Ele;&T0201P','T1206S'),(415,'80','Garde d\'Ascalon Hollis - La défense de Barradin','@Tyrie;&T1101S','T1207S'),(416,'80','Garde d\'Ascalon Hollis - Du ravitaillement pour le duc','@Tyrie;&T0201P','T1208S'),(417,'80','Grazden le Protecteur - A la mémoire de Paulus','@Tyrie;=M;&T1210S','T1209S'),(418,'80','Grazden le Protecteur - Protéger Ascalon','@Tyrie;=M;&T0201P','T1210S'),(419,'80','Grazden le Protecteur - Semer les graines','@Tyrie;=M;&T0201P','T1211S'),(420,'80','Maître Rôdeur Nente - La patrouille charr','@Tyrie;=Ro;&T0201P','T1212S'),(421,'80','Maître Rôdeur Nente - La zone de transit des charrs','@Tyrie;=Ro;&T1212S','T1213S'),(422,'80','Maître Rôdeur Nente - Des espèces en danger','@Tyrie;=Ro;&T0201P','T1214S'),(423,'80','Shalev - La tâche de Shalev','@Tyrie;=Ele;&T1205S','T1215S'),(424,'80','Maître de guerre Grast - Des problèmes de gargouilles','@Tyrie;=Gu;&T0201P','T1216S'),(425,'80','Maître de guerre Grast - Dans la brêche du Rempart','@Tyrie;=Gu;&T1218S','T1217S'),(426,'80','Maître de guerre Grast - Des affaires militaires','@Tyrie;=Gu;&T0201P','T1218S'),(427,'80','Rastin le témoin - Le rituel de Rastin','@Tyrie;&T0201P','T1219S'),(428,'80','Rastin le témoin - L\'histoire d\'Ascalon par Symon','@Tyrie;&T1104S','T1220S'),(429,'81','Vassar - Un remède pour Ralena','@Tyrie;=En;&T1303S','T1301S'),(430,'81','Vassar - Envoûter l\'ennemi','@Tyrie;=En;&T0201P','T1302S'),(431,'81','Vassar - Des temps difficiles','@Tyrie;=En;&T0201P','T1303S'),(432,'81','Kasha Sang-noir - La mort dans les ruines','@Tyrie;=N;&T0201P','T1304S'),(433,'81','Kasha Sang-noir - La rage d\'Oberan','@Tyrie;=N;&T1304S','T1305S'),(434,'81','Munne la Nécromante - L\'artefact volé','@Tyrie;=N;&T0201P','T1306S'),(435,'81','Avatar de Dwayna - Les liens du sang','@Tyrie;&T0201P','T1307S'),(436,'82','Sergent Brannen - La défense de la vallée du Régent','@Tyrie;&T0101M','T1401S'),(437,'83','Gurn Blanston - Remettez ce message à ma femme','@Tyrie;&T0201P','T1501S'),(438,'84','Cyn - La caravane en danger','@Tyrie;&T0201P','T1601S'),(439,'85','Erudine - Des créatures surnaturelles','@Tyrie;=En;&T0201P','T1701S'),(440,'85','Erudine - Elixir expérimental','@Tyrie;=En;&T1701S','T1702S'),(441,'85','Kendrick Bâtonrouge - Les techniques du géomancien','@Tyrie;=Ele;&T0201P','T1703S'),(442,'85','Kendrick Bâtonrouge - Le test du géomancien','@Tyrie;=Ele;&T1703S','T1704S'),(443,'85','Rashenna - Des guérisseurs de rechange','@Tyrie;=M;&T0201P','T1705S'),(444,'86','Riga - Les fugitifs de la porte-frontière','@Tyrie;&T0201P','T1801S'),(445,'86','Riga - Ruines de Surmia','@Tyrie;&T0102M','T1802P'),(446,'87','Pitney - La vie militaire','@Tyrie;=Gu;&T0201P','T1901S'),(447,'87','Duc Barradin - Le siège de la place Piken','@Tyrie;&T0201P','T1902S'),(448,'87','Duc Barradin - Les brasiers du nord','@Tyrie;&T0201P','T1903S'),(449,'87','Duc Barradin - Marteau et enclume','@Tyrie;&T1902S','T1904S'),(450,'87','Farrah Cappo - Le déserteur au manteau rouge','@Tyrie;&T0201P','T1905S'),(451,'87','Ivoir Oeil de Lynx - Les renforts charrs','@Tyrie;=Ro;&T0201P','T1906S'),(452,'87','Cortis - Liste des victimes','@Tyrie;&T0201P','T1907S'),(453,'87','Cortis - Soldats tombés','@Tyrie;=N;&T0201P','T1908S'),(454,'87','Viggo - La fille du duc','@Tyrie;&T0201P','T1909S'),(455,'87','Viggo - Garfazz Crossanglant','@Tyrie;&T1902S','T1910S'),(456,'87','Duc Barradin - Les cendres d\'Althea','@Tyrie;&T1909S','T1911S'),(457,'88','Capitaine Osric - La route vers le passage de Borlis','@Tyrie;&T0201P','T2001S'),(458,'88','Capitaine Osric - Vagabonds des Cimefroides','@Tyrie;&T0201P','T2002S'),(459,'88','Capitaine Osric - Le chemin est bloqué','@Tyrie;&T0201P','T2003P'),(460,'88','Grand Maçon Pierrefend - Aider les Nains','@Tyrie;&T0201P','T2004S'),(461,'88','Howland l\'Elémentaliste - Un coeur de glace','@Tyrie;=Ele;&T0201P','T2005S'),(462,'88','Morgan le Nécromant - Nécromant renégat','@Tyrie;=N;&T0201P','T2006S'),(463,'88','Sebedoh l\'Envouteuse - Le champion du sommet de pierre','@Tyrie;=En;&T0201P','T2007S'),(464,'88','Tabor Woolridge - Le façonnier disparu','@Tyrie;&T0201P','T2008S'),(465,'88','Van le Guerrier - Sécuriser le val','@Tyrie;=Gu;&T0201P','T2009S'),(466,'88','Van le Guerrier - Un moine indiscipliné','@Tyrie;=M;&T0201P','T2010S'),(467,'89','Elsa Alston - Epitaphe d\'Oswalt','@Tyrie;&T2002S','T2101S'),(468,'89','Rangil Arcdacier - Les problèmes de Minaar','@Tyrie;&T2004S','T2102S'),(469,'89','Rangil Arcdacier - La préoccupation de Minaar','@Tyrie;&T2102S','T2103S'),(470,'89','Rangil Arcdacier - La machine de guerre du cheval de fer','@Tyrie;&T2103S','T2104S'),(471,'89','Artemis la Rôdeuse - Les belluaires du sommet de Pierre','@Tyrie;=Ro;&T0201P','T2105S'),(472,'90','Maître Saberlin - Un dévoreur affamé','@Tyrie;&T0201P','T2201S'),(473,'90','Maître Saberlin - Les déserteurs','@Tyrie;&T2201S','T2202S'),(474,'90','Maître Saberlin - En Kryte : les réfugiés','@Tyrie;&T0201P','T2203P'),(475,'91','Nathaniel - En Kryte : la grotte glacée','@Tyrie;&T2203P','T2301P'),(476,'91','Aidan - Direction la Kryte: la fin du voyage','@Cantha;@Elona;&T2301P','T2302P'),(477,'92','Armen le guide - Présentez-vous au Blanc-Manteau.','@Cantha;@Elona;&T0201P','T2401P'),(479,'92','Maître-garde Sergio - Les infamies de Galrath','@Cantha;@Elona;&T0201P','T2403S'),(480,'92','Maître-garde Sergio - La requête de Mhenlo','#Cantha;=Cantha;!E0507S','T2404S'),(481,'92','Jiaju Tai - Le tisserand de Nebo','@Cantha;@Elona;&T0201P','T2405S'),(482,'92','Figo de la Garde du Lion - Lanciers du Soleil en Kryte','#Elona;=Elona;!C1615S','T2406S'),(483,'92','Magi Malaquire - L\'excavation orrienne','@Tyrie;&T0201P','T2407S'),(484,'92','Magi Malaquire - Le test de Malaquire','@Tyrie;&T2407S','T2408S'),(485,'93','Damaris - La colonie d\'Ascalon','@Tyrie;&T0201P','T2501S'),(486,'93','Ithimar l\'archiviste - Les gravures','@Cantha;@Elona;&T0201P','T2502S'),(487,'93','Dirk le fermier - Le dernier cochon','@Tyrie;&T0201P','T2503S'),(488,'93','Garde du Lion Riddik - Le devoir d\'un soldat de la Garde du Lion','@Cantha;@Elona;&T0201P','T2504S'),(489,'93','Miraba - Le problème de bandits','&T2504S','T2505S'),(490,'93','Capitaine Vent-Gris - Des couvertures pour la colonie','@Cantha;@Elona;&T0201P','T2506S'),(491,'93','Capitaine Vent-Gris - Le renversement des écailleux','@Cantha;@Elona;&T0201P','T2507S'),(492,'94','Inspector Caleb - Le meurtre des sources chaudes','@Cantha;@Elona;&T0201P','T2601S'),(493,'95','Hezron l\'ancien - Les hordes de mort-vivants','@Cantha;@Elona;&T0201P','T2701S'),(494,'96','Frère Mizar - Les faux dieux','@Cantha;@Elona;&T0201P','T2801S'),(495,'97','Arad le gardien - La princesse perdue','@Cantha;@Elona;&T0201P','T2901S'),(496,'97','Arad le gardien - Les documents royaux','@Cantha;@Elona;&T0201P','T2902S'),(497,'98','Avatar de Dwayna - La sagesse des druides','@Cantha;@Elona;&T0201P','T3001S'),(498,'98','Emissaire Ero - Un mystérieux message','@Cantha;@Elona;&T0201P','T3002S'),(499,'98','Versai le vendeur - La furie d\'un frère','@Cantha;@Elona;&T0201P','T3003P'),(500,'98','Versai le vendeur - Un oeil pour le profit','@Cantha;@Elona;&T0201P','T3004S'),(501,'99','Alari Doubleblade - Le Prix du fer','@Cantha;@Elona;&T0201P','T3101S'),(502,'100','Gareth Lestelame - L\'ire du Blanc-Manteau : l\'avant-garde du Démagogue','@Cantha;@Elona;&T0201P','T3201P'),(503,'101','Racine profonde - Une oreille qui traine','@Cantha;@Elona;&T0201P','T3301S'),(504,'101','Racine profonde - Sang et fumée','@Cantha;@Elona;&T3301S','T3302S'),(505,'101','Conseiller Vaylor - Un avertissement urgent','@Cantha;@Elona;&T0201P','T3303P'),(506,'101','Conseiller Vaylor - L\'ire du Blanc-Manteau : une main bienfaitrice','@Cantha;@Elona;&T0201P','T3304P'),(507,'102','Ombre - Passage à travers la rivière obscure','@Cantha;@Elona;&T0201P','T3401P'),(508,'103','Fangfa Tai - Des secrets antiques','&T0114M','T3501S'),(509,'103','Héros spectral - Les sables des âmes','&T0114M','T3502S'),(510,'104','Jorn Kudebeh - Dans l\'inconnu','&T0114M','T3601S'),(511,'104','Marchena - La vengeance spectrale','&T0114M','T3602S'),(512,'105','Cembrien - La voie de l\'Elémentaliste','#Ele;&T0118M','T3701S'),(513,'105','Yort le Bronze - L\'épée perdue','@Tyrie;&T3901Z','T3702S'),(514,'105','Zratha Kor - La voie du Nécromant','#N;&T0118M','T3703S'),(515,'106','Nausuan - La voie du Moine','#M;&T0118M','T3801S'),(516,'106','Telius - La voie du Rôdeur','#Ro;&T0118M','T3802S'),(517,'106','Tirzah - Des fiançailles tardives','&T0114M','T3803S'),(518,'107','Sariss Yassith - La sagesse des Oubliés','@Tyrie;&T4002S','T3901Z'),(519,'108','Agastos le Brave - La voie du Guerrier','#G;&T0118M','T4001S'),(520,'108','Annelle Fipps - Les Oubliés','&T0114M','T4002S'),(521,'108','Eulenias - La voie de l\'Envoûteur','#En;&T0118M','T4003S'),(522,'109','Capitaine Hugo Barbebronze - A la recherche du prophète','@Cantha;@Elona;&T0201P','T4101P'),(523,'109','Vanyi - Le voyage d\'un héros','@Tyrie;&T0118M','T4102S'),(524,'109','Vanyi - Le défi du héros','@Tyrie;|T4003S;|T4001S;|T3802S;|T3801S;|T3703S;|T3701S','T4103Z'),(525,'109','Brill - Défendre la forge','&T0125M;|T0118M;|C0104M;|E2301P','T4104S'),(526,'109','Brill - Le dernier jour approche','&T4104S','T4105S'),(527,'109','Brill - Défendez la province de la Kryte du nord','&T4104S','T4106S'),(528,'109','Brill - Défendez Denravi','&T4104S','T4107S'),(529,'109','Brill - Source des titans','&T4105S;&T4106S;&T4107S','T4108S'),(530,'110','Prospecteur nain - Direction la Fournaise des Lamentations','','T4201S'),(531,'110','Galen Trask - Les esclaves du sommet','!T4201S','T4202Y'),(532,'110','Kilroy Pierraille - Kilroy Pierraille','!T4201S','T4203Y'),(533,'110','Haut prêtre Alkar - Innommable, inconnaissable','!T4201S','T4204Y'),(534,'110','Orozar Obéliscus - De nobles intentions','!T4201S','T4205Y'),(535,'110','Prospecteur nain - Assaut final','&T4201S','T4206S'),(536,'111','Molachev - Subversive Ideas','','T4301Y'),(537,'111','Marshall Whitman - Tasca\'s Reprise','','T4302Y'),(538,'111','Tharn Stonerift - Political Ramifications','','T4303Y'),(539,'112','Ombre - Coup final','&T0122M','T4401P'),(540,'113','Instructeur Ng - Des jeunes Mantides','@Cantha','C0201S'),(541,'113','Ludo - Aller voir le professeur Amara','@Cantha;@M','C0202S'),(542,'113','Ludo - Aller voir le professeur Greico','@Cantha;@Ro','C0202S'),(543,'113','Ludo - Aller voir le professeur Kaa','@Cantha;@En','C0202S'),(544,'113','Ludo - Aller voir le professeur Kuju','@Cantha;@N','C0202S'),(545,'113','Ludo - Aller voir le professeur Lee','@Cantha;@A','C0202S'),(546,'113','Ludo - Aller voir le professeur Quin','@Cantha;@Ri','C0202S'),(547,'113','Ludo - Aller voir le professeur Vhang','@Cantha;@Ele','C0202S'),(548,'113','Ludo - Aller voir le professeur Zhan','@Cantha;@G','C0202S'),(549,'114','Ludo - Former un groupe','@Cantha','C0301S'),(550,'114','Capitaine Zinghu - L\'apparition des Nagas','@Cantha;|C0307S;|C0310S;|C0313S;|C0316S;|C0319S;|C0322S;|C0325S;|C0329S','C0302S'),(551,'114','Capitaine Zinghu - La source Naga','@Cantha;&C0302S;&C0101M','C0303S'),(552,'114','Neing le tanneur - Une giberne','@Cantha;|C0704S;|C0706S;|C0708S;|C0710S;|C0802S;|C0804S;|C0806S;|C0808S','C0304S'),(553,'114','Yazoying - Camarade d\'études','@Cantha;&C0410P;!C0102M','C0337S'),(554,'114','Professeur Zhan - Trouver Talon Ailedargent','@Cantha;|C0202S;|C0401S','C0305S'),(555,'114','Professeur Zhan - Certificat de guerrier','@Cantha;@G;&C0409P','C0306S'),(556,'114','Professeur Zhan - The Kaguchi Brothers','@Cantha;@G;&C0306S','C0307S'),(557,'114','Professeur Amara - Trouver la Soeur Tai','@Cantha;|C0202S;|C0403S','C0308S'),(558,'114','Professeur Amara - Certificat de moine','@Cantha;@M;&C0409P','C0309S'),(559,'114','Professeur Amara - The Sickened Village','@Cantha;@M;&C0309S','C0310S'),(560,'114','Professeur Kuju - Trouver Reng Ku','@Cantha;|C0202S;|C0404S','C0311S'),(561,'114','Professeur Kuju - Certificat de nécromant','@Cantha;@N;&C0409P','C0312S'),(562,'114','Professeur Kuju - Old Friends, Dark Times','@Cantha;@N;&C0312S','C0313S'),(563,'114','Professeur Vhang - Trouver Ronsu','@Cantha;|C0202S;|C0405S','C0314S'),(564,'114','Professeur Vhang - Certificat d\'élémentaliste','@Cantha;@Ele;&C0409P','C0315S'),(565,'114','Professeur Vhang - The Stone of the Elements','@Cantha;@Ele;&C0315S','C0316S'),(566,'114','Professeur Kaa - Trouver Mei ling','@Cantha;|C0202S;|C0407S','C0317S'),(567,'114','Professeur Kaa - Certificat d\'envoûteur','@Cantha;@En;&C0409P','C0318S'),(568,'114','Professeur Kaa - La boîte à illusion','@Cantha;@En;&C0318S','C0319S'),(569,'114','Professeur Lee - Trouver Jinzo','@Cantha;|C0202S;|C0408S','C0320S'),(570,'114','Professeur Lee - Certificat d\'assassin','@Cantha;@A;&C0409P','C0321S'),(571,'114','Professeur Lee - Cleansing the Steel','@Cantha;@A;&C0321S','C0322S'),(572,'114','Professeur Quin - Trouver le professeur Gai','@Cantha;|C0202S;|C0402S','C0323S'),(573,'114','Professeur Quin - Certificat de ritualiste','@Cantha;@Ri;&C0409P','C0324S'),(574,'114','Professeur Quin - Power Surge','@Cantha;@Ri;&C0324S','C0325S'),(575,'114','Instructeur Ng - Techniques de défense avancées','@Cantha;&C0409P','C0326S'),(576,'114','Professeur Greico - Trouver Sunjun','@Cantha;|C0202S;|C0406S','C0327S'),(577,'114','Professeur Greico - Certificat de rôdeur','@Cantha;@Ro;&C0409P','C0328S'),(578,'114','Professeur Greico - The Red Frog','@Cantha;@Ro;&C0328S','C0329S'),(579,'114','Instructeur Ng - Enchaînement de compétences','@Cantha;&C0409P','C0330S'),(580,'114','Instructeur Ng - Condition Removal','@Cantha;=Ro;=N;=Ri;=M;&C0409P','C0331S'),(581,'114','Instructeur Ng - Cours sur l\'art des pièges','@Cantha;=Ro;=Gu;=Ele;=A;&C0409P','C0332S'),(582,'114','Instructeur Ng - Cours de désenchantement','@Cantha;=N;=En;=A;&C0409P','C0333S'),(583,'114','Instructeur Ng - Défense contre les maléfices','@Cantha;=M;=En;&C0409P','C0334S'),(585,'114','Instructeur Ng - Interruption','@Cantha;=Ele;=Gu;=En;=Ri;=Ro;&C0409P','C0336S'),(586,'115','Maître Togo - Parler au professeur Zhan','@Cantha;#G;|C0704S;|C0706S;|C0708S;|C0710S;|C0802S;|C0804S;|C0806S;|C0808S','C0401S'),(587,'115','Maître Togo - Parler au professeur Quin','@Cantha;#Ri;|C0704S;|C0706S;|C0708S;|C0710S;|C0802S;|C0804S;|C0806S;|C0808S','C0402S'),(588,'115','Maître Togo - Parler au professeur Amara','@Cantha;#M;|C0704S;|C0706S;|C0708S;|C0710S;|C0802S;|C0804S;|C0806S;|C0808S','C0403S'),(589,'115','Maître Togo - Parler au professeur Kuju','@Cantha;#N;|C0704S;|C0706S;|C0708S;|C0710S;|C0802S;|C0804S;|C0806S;|C0808S','C0404S'),(590,'115','Maître Togo - Parler au professeur Vhang','@Cantha;#Ele;|C0704S;|C0706S;|C0708S;|C0710S;|C0802S;|C0804S;|C0806S;|C0808S','C0405S'),(591,'115','Maître Togo - Parler au professeur Greico','@Cantha;#Ro;|C0704S;|C0706S;|C0708S;|C0710S;|C0802S;|C0804S;|C0806S;|C0808S','C0406S'),(592,'115','Maître Togo - Parler au professeur Kaa','@Cantha;#En;|C0704S;|C0706S;|C0708S;|C0710S;|C0802S;|C0804S;|C0806S;|C0808S','C0407S'),(593,'115','Maître Togo - Parler au professeur Lee','@Cantha;#A;|C0704S;|C0706S;|C0708S;|C0710S;|C0802S;|C0804S;|C0806S;|C0808S','C0408S'),(594,'115','Maître Togo - Choisir une profession secondaire','@Cantha;|C0703S;|C0705S;|C0707S;|C0709S;|C0801S;|C0803S;|C0805S;|C0807S','C0409P'),(595,'115','Maître Togo - Des présentations officielles','@Cantha;&C0409P','C0410P'),(596,'115','Maître Togo - Un chemin hors des sentiers battus','@Cantha;&C0701P','C0411P'),(597,'116','Jinzo - Première frappe','@Cantha;&C0320S','C0501S'),(598,'116','Jinzo - Retrouver Panaku','@Cantha;&C0501S','C0502S'),(599,'116','Mei Ling - Purifier le sanctuaire','@Cantha;&C0317S','C0503S'),(600,'116','Mei Ling - Trouver Lo Sha','@Cantha;&C0503S','C0504S'),(601,'116','Professeur Gai - Des serviteurs farouches','@Cantha;&C0323S','C0505S'),(602,'116','Professeur Gai - Trouver Ang l\'Ephémère','@Cantha;&C0505S','C0506S'),(603,'116','Reng Ku - De petites créatures','@Cantha;&C0311S','C0507S'),(604,'116','Reng Ku - Trouver Su','@Cantha;&C0507S','C0508S'),(605,'116','Ronsu - Une lueur d\'intérêt','@Cantha;&C0314S','C0509S'),(606,'116','Ronsu - Trouver Kai Ying','@Cantha;&C0509S','C0510S'),(607,'116','Soeur Tai - Un vieux copain','@Cantha;&C0308S','C0511S'),(608,'116','Soeur Tai - Trouver le Frère Pe Wan','@Cantha;&C0511S','C0512S'),(609,'116','Sunjun - Sauvez la fourrure','@Cantha;&C0327S','C0513S'),(610,'116','Sunjun - Trouver Zho','@Cantha;&C0513S','C0514S'),(611,'116','Talon Ailedargent - Le duel de Talon','@Cantha;&C0305S','C0515S'),(612,'116','Talon Ailedargent - Trouver Weng Gha','@Cantha;&C0515S','C0516S'),(613,'116','Wulg Poing-de-Roc - La vengeance du Yeti','@Cantha','C0517S'),(614,'117','Lame de l\'Empereur - L\'ultimatum de Togo','@Cantha;&C0101M','C0601S'),(615,'117','Lame de l\'Empereur - Le siège du Village de Tsumei','@Cantha;&C0601S','C0602S'),(616,'117','Lame de l\'Empereur - La dernière attaque de Quimang','@Cantha;&C0602S','C0603S'),(617,'117','Hijai le villageois - Culture de rapport','@Cantha;&C0101M;!C0102M','C0604S'),(618,'118','Soeur Tai - Aller voir le Maître','@Cantha;&C0810P','C0701P'),(619,'118','Zinhao le fermier - Lutte antiparasitaire','@Cantha','C0702S'),(620,'118','Weng Gha - Les voleurs de récolte','@Cantha;&C0516S','C0703S'),(621,'118','Weng Gha - Une audience auprès du maître Togo','@Cantha;&C0703S','C0704S'),(622,'118','Kai Ying - Le duel des éléments','@Cantha;&C0510S','C0705S'),(623,'118','Kai Ying - Une audience auprès du maître Togo','@Cantha;&C0705S','C0706S'),(624,'118','Su - Tuer les nagas','@Cantha;&C0508S','C0707S'),(625,'118','Su - Une audience auprès du maître Togo','@Cantha;&C0707S','C0708S'),(626,'118','Ang L\'Ephémère - Esprits enchaînés','@Cantha;&C0506S','C0709S'),(627,'118','Ang L\'Ephémère - Une audience auprès du maître Togo','@Cantha;&C0709S','C0710S'),(628,'119','Frère Pe Wan - Trouver un remède','@Cantha;&C0512S','C0801S'),(629,'119','Frère Pe Wan - Une audience auprès du maître Togo','@Cantha;&C0801S','C0802S'),(630,'119','Panaku - Coup double','@Cantha;&C0502S','C0803S'),(631,'119','Panaku - Une audience auprès du maître Togo','@Cantha;&C0803S','C0804S'),(632,'119','Zho - La chasse au Yeti','@Cantha;&C0514S','C0805S'),(633,'119','Zho - Une audience auprès du maître Togo','@Cantha;&C0805S','C0806S'),(634,'119','Lo Sha - Le cadeau de Lo Sha','@Cantha;&C0504S','C0807S'),(635,'119','Lo Sha - Une audience auprès du maître Togo','@Cantha;&C0807S','C0808S'),(636,'119','Tahbo Paa - L\'agriculteur','@Cantha;&C0409P','C0809S'),(637,'119','Soar Griffedhonneur - La menace plane','@Cantha;&C0901P','C0810P'),(638,'120','Ang l\'Ephémère - Prévenir les tengus','@Cantha;&C0101M','C0901P'),(639,'120','Raitahn Nem - Un trésor perdu','@Cantha;&C0101M','C0902Z'),(640,'121','Frère Pe Wan - Les ennuis arrivent','@Cantha;&C0411P','C1001S'),(641,'121','Officier Xiang - Le fardeau d\'un maître','@Cantha;&C0102M','C1002P'),(642,'121','Dame Mukei Musagi - Le fils capturé','@Cantha;&C0411P','C1003S'),(643,'121','Zunraa - Un invité importun','@Cantha;&C0102M','C1004Z'),(644,'122','Gull Bec-crochu - Le rite de Bravoure','@Cantha;!C1102S','C1101S'),(645,'122','Yorrt Machoire d\'Acier - Une mort honorable','@Cantha;!C1101S','C1102S'),(646,'122','Zho - A la rescousse','@Cantha;&C1001S','C1103P'),(647,'123','Baasong - La bête des marais de Bokku','','C1201S'),(648,'123','Quang le meunier - Des trésors sentimentaux','@Cantha','C1202S'),(649,'123','Quang le meunier - Faire la peau au serpent','@Cantha;&C1202S','C1203S'),(650,'123','Paomu - La nounou voleuse','@Cantha','C1204S'),(651,'123','Su - Direction Zen Daijun','@Cantha;&C1103P','C1205P'),(652,'124','Quangnai le docker - Bienvenue à Cantha','#Cantha;|T2404S;|E0507S','C1301S'),(653,'125','Aiko - La fille disparue','|C0102M;|T2404S;|E0507S','C1401S'),(654,'125','Brian - Le retour','|C0102M;|T2404S;|E0507S','C1402S'),(655,'125','Ministre Tahlen - Les ministres se renvoient la balle','|C0102M;|T2404S;|E0507S','C1403S'),(656,'125','Nakai - Un prix d\'usurier','|C0102M;|T2404S;|E0507S','C1404S'),(657,'125','Nika - Plus près des étoiles','&C1501P','C1405P'),(658,'126','Gosuh le messager - Trouver l\'oracle','&C0103M','C1501P'),(659,'127','Mehoro le tavernier - Le maître ivre','|C0102M;|T2404S;|E0507S','C1601S'),(660,'127','Bujo - Trouver le frère Tosai','&C1611S','C1602S'),(661,'127','Garde Chienpo - Eliminer la fraternité de jade','&C0104M','C1603S'),(662,'127','Garde Chienpo -  Le chaos en Kryte','#Tyrie;=Tyrie;!E0505S;|C0102M;|T2404S;|E0507S','C1604S'),(663,'127','Garde Ping - Eliminer les Am Fah','&C0104M','C1605S'),(664,'127','Maître de guilde Luan - L\'empereur en péril','|C0102M;|T2404S;|E0507S','C1606S'),(665,'127','Maître de guilde Luan - L\'intrigue se complique','&C1606S','C1607S'),(666,'127','Maître de guilde Luan - C\'est la fin','&C1607S','C1608S'),(667,'127','Maître de guilde Luan - Les lames de l\'ombre','&C2001P','C1609S'),(668,'127','Maître de guilde Luan - Flamme contre Lames','&C1609S','C1610S'),(669,'127','Agent impérial Hanjo - La recherche d\'un remède','|C0102M;|T2404S;|E0507S','C1611S'),(670,'127','Agent impérial Hanjo - Une monstrueuse révélation','&C2502S','C1612S'),(671,'127','Garde impérial Kintae - Le garde affligé','|C0102M;|T2404S;|E0507S','C1613S'),(672,'127','Garde impérial Kintae - Nourrir les affamés','|C0102M;|T2404S;|E0507S','C1614S'),(673,'127','Garde impérial Linro - Lanciers du Soleil à Cantha','#Elona;=Elona;!T2406S;|C0102M;|T2404S;|E0507S','C1615S'),(674,'127','Ministre Jaisan - Retrouver le tome Orrien','|C0102M;|T2404S;|E0507S','C1616S'),(675,'127','Ministre Jaisan - Le test du Ministre','&C1616S','C1617S'),(676,'127','Agent Xunlai Honlo - L\'agent Xunlai','|C0102M;|T2404S;|E0507S','C1618S'),(677,'128','Professeur Greico - Panique au marché','@Cantha;&C1002P','C1701P'),(678,'129','Yoko l\'intendante - Endiguer la marée','&C0104M','C1801S'),(679,'129','Jamei - Se rendre à Cavalon','&C0108M','C1802P'),(680,'129','Jamei - Se rendre à la Maison Zu Heltzer','&C0108M','C1803P'),(681,'129','Sekai le cartographe - La carte des forêts','&C0106M','C1804S'),(682,'129','Sekai le cartographe - La carte de la Mer de Jade','&C0106M','C1805S'),(683,'130','Main de l\'empereur - Capture','|C0102M;|T2404S;|E0507S','C1901S'),(684,'130','Main de l\'empereur - L\'huile de naga','|C0102M;|T2404S;|E0507S','C1902S'),(685,'130','Main de l\'empereur - La justice de la rue','&C1902S','C1903S'),(686,'130','Main de l\'empereur - Une bataille dans les égoûts','&C4301P','C1904P'),(687,'131','Adepte Kai - Au temple de Tahnnakai','&C0104M','C2001P'),(688,'132','Bakghu - Le défi','|C0102M;|T2404S;|E0507S','C2101S'),(689,'132','Garde Kinri - Vol de cadavres','|C0102M;|T2404S;|E0507S','C2102S'),(690,'133','Imperial Guardsman Yang - Housing for Refugees','&C0108M','C2201S'),(691,'134','Ke Feng - Le chaînon manquant','|C0102M;|T2404S;|E0507S','C2301S'),(692,'135','Quill Chant-de-plume - La destruction du Juchoir','&C0104M','C2401S'),(693,'135','Yikaro - Sans abri','&C0104M','C2402S'),(694,'136','Frère Tosai - Boire au Calice de la Corruption','&C1602S;!C2502S','C2501S'),(695,'136','Frère Tosai - Refuser la boisson','&C1602S;!C2501S','C2502S'),(696,'136','Frère Tosai - Masters of Corruption','&C2501S','C2503S'),(697,'136','Garde Pah - Urgence médicale','|C0102M;|T2404S;|E0507S','C2504S'),(698,'136','Tang le garde - Assister les gardes','|C0102M;|T2404S;|E0507S','C2505S'),(699,'136','Tang le garde - Au sommet','&C2505S','C2506S'),(700,'136','Kaya - Le nounours perdu','|C0102M;|T2404S;|E0507S','C2507S'),(701,'136','Officier Chitaro - La paperasserie','&C2504S;!C2509S','C2508S'),(702,'136','Officier Chitaro - L\'aide impériale','&C2504S;!C2508S','C2509S'),(703,'136','Officier Chitaro - Produits de luxe','|C0102M;|T2404S;|E0507S','C2510S'),(704,'136','Paomu - L\'onguent salvateur','|C0102M;|T2404S;|E0507S','C2511S'),(705,'136','Qian - La fin d\'une souffrance','&C0104M','C2512S'),(706,'136','Saito - Tentative d\'assassinat','|C0102M;|T2404S;|E0507S','C2513S'),(707,'137','Voix de l\'empereur - Une rencontre avec l\'empereur','&C0105M','C2601P'),(708,'137','Voix de l\'empereur - La fille du comte','&C2601P','C2602P'),(709,'138','Professeur Amara - La convocation','&C0106M','C2701P'),(710,'139','Comte zu Heltzer - Se joindre aux Kurzicks','&C1803P','C2801P'),(711,'139','Comte zu Heltzer - Défendre le Fort Trembleforêt','&C1803P','C2802P'),(712,'139','Comte zu Heltzer - Invoquer les saints','&C0109M','C2803S'),(713,'139','Comte zu Heltzer - Chant et pierre','&C1803P','C2804S'),(714,'139','Comte zu Heltzer - Les défenseurs de la forêt','&C2801P','C2805P'),(715,'139','Comte zu Heltzer - La carrière de jade (Kurzicks)','&C1803P','C2806S'),(716,'139','Jun - Tentatives artistiques','&C1803P','C2807S'),(717,'139','Rutger zu Heltzer - Le bec des ténèbres','&C1803P','C2808S'),(718,'139','Rutger zu Heltzer - Des gardes en marche','&C1803P','C2809S'),(719,'139','Andrej l\'érudit - La forêt antique','&C1803P','C2810S'),(720,'139','Andrej l\'érudit - Le fabricant d\'arme expérimental','&C2810S','C2811S'),(721,'139','Vasili Lutgaris - Flûte du Gaki mélomane','&C1803P','C2812S'),(722,'139','Vasili Lutgaris - Lyre de Bauge de la discorde','&C2812S','C2813S'),(723,'139','Vasili Lutgaris - Le tambour de Buveur de rythme','&C2813S','C2814S'),(724,'140','Maîtresse forestière Vasha - Reconnaissance au vallon de la Fougère','&C1803P','C2901Y'),(725,'140','Moleneaux - Envoy of the Dredge','&C1803P','C2902S'),(726,'140','Moleneaux - Temple of the Dredge','&C2902S','C2903S'),(727,'140','Moleneaux - Revolt of the Dredge','&C2903S','C2904S'),(728,'140','Maître du ravitaillement Konrad - Ravitaillement Kurzick','&C1803P','C2905Y'),(729,'141','Duel Master Vaughn - Duel of the Houses','&C1803P','C3001Y'),(730,'141','Recruteur Sigmund - A l\'armée (Kurzicks)','&C1803P','C3002Y'),(731,'142','Maître éclaireur Arne - Sécuriser la forêt d\'Echovald','&C1803P','C3101Y'),(732,'143','Comte Durheim - Dans le tourbillon','&C0109M','C3201P'),(733,'143','Dunmel Gorhopf - Des gardes malfaisants','&C0109M','C3202S'),(734,'144','Yuri Vasburg - A New Escort','&C1803P','C3301S'),(735,'145','Maître d\'arène Portus - L\'arène de Jade','&C1802P','C3401Y'),(736,'145','Maître du ravitaillement Keleos - Ravitaillement luxon','&C1802P','C3402Y'),(737,'146','Eurus - La clarine','&C1802P','C3501S'),(738,'147','Capitaine Elora - L\'épreuve de force','&C1802P','C3601S'),(739,'147','Capitaine Juno - Attaquez les Kurzicks !','&C1802P','C3602S'),(740,'147','Capitaine Juno - Pilleurs nocturnes','&C1802P','C3603S'),(741,'147','Capitaine Lexis - Le boulot de l\'alcyon','&C0108M','C3604S'),(742,'147','Capitaine Lexis - Protéger l\'Alcyon','&C3604S','C3605S'),(743,'147','Rhea l\'ancienne - L\'amité avec les Luxons','&C1802P','C3606P'),(744,'147','Rhea l\'ancienne - Fort Termbleforêt (Luxons)','&C1802P','C3607P'),(745,'147','Rhea l\'ancienne - La carrière de jade (Luxons)','&C1802P','C3608P'),(746,'147','Rhea l\'ancienne - Les oeufs volés','&C3606P','C3609P'),(747,'148','Samti Kohlreg - Messages, Messages Everywhere','&C4201S','C3701S'),(748,'149','Kuunavang - La reprise du palais','&C0111M','C3801P'),(749,'150','Delphinus - Le groupe Zenos','&C0110M','C3901S'),(750,'150','Delphinus - The Impossible Sea Monster','&C3901S','C3902S'),(751,'150','Infortuné Maxeles - Quand la malchance s\'en mêle...','&C0110M','C3903S'),(752,'150','Jatoro Musagi - Une lettre pour la famille','&C0110M','C3904S'),(753,'150','Petras - Se rendre au Tourbillon','&C0110M','C3905P'),(754,'150','Rixonon - Parias dans la carrière','&C0110M','C3906S'),(755,'150','Turimachus - Le chasseur de dragon','&C0110M','C3906S'),(756,'151','Recruteuse Lysandra - A l\'armée (Luxons)','&C1802P','C4001Y'),(757,'151','Maître éclaireur Theron - Reconnaissance dans les collines de Maishang','&C1802P','C4002Y'),(758,'152','Kin le magistrat - Le retour du Yeti','&C1802P','C4101S'),(759,'152','Maître éclaireur Aerios - Reconnaissance sur la côte','&C1802P','C4102Y'),(760,'153','Grand pirate Rixor - Message on a Dragon Scale','&C0110M','C4201S'),(761,'154','Héraut impérial - La cité attaquée','&C0107M','C4301P'),(762,'155','Tailleur de pierre Tagor - Hors de Kourna','&E2602S','E7101S'),(763,'92','Len Caldoron - Monstres des Profondeurs','=Gwen;!C1619S;!E0517S','T2409S'),(764,'127','Ministre de l\'entretien Raiugyon - Je sens la terre bouger sous les pieds de Cantha','=Gwen;!E0517S;!T2409S','C1619S'),(765,'4','Bendah - Le trou d\'Istan','=Gwen;!C1619S;!T2409S','E0517S'),(766,'226','Contre les Destructeurs','|T2409S;|C1619S;|E0517S','G0101P'),(767,'226','Burol Poing-de-fer - Initiation aux Héros','|T2409S;|C1619S;|E0517S','G0102S'),(768,'228','Artificer Mullenix - Envahisseurs Charrs','|T2409S;|C1619S;|E0517S','G0301S'),(769,'229','L\'Avant-garde perdue','|T2409S;|C1619S;|E0517S','G0401P'),(770,'229','Les alliés du nord','|T2409S;|C1619S;|E0517S','G0402P'),(771,'229','L\'intelligence des Asuras','|T2409S;|C1619S;|E0517S','G0403P'),(772,'227','Jora - La chasse à l\'ours norn','|T2409S;|C1619S;|E0517S','G0201S'),(773,'228','Artificer Mullenix - Mano a Norn-o','|T2409S;|C1619S;|E0517S','G0302SU'),(774,'228','Artificer Mullenix - Service : entraînement, mannequin','&G0301S','G0303SU'),(775,'228','Artificer Mullenix - Service : à la défense de l\'Oeil','&G0303SU','G0304X'),(776,'230','Orozar Obéliscus - Attaque sur le campement de Jalis','&G0402P','G0501X'),(777,'230','Haut prêtre Alkar - Recherche destructice','|T2409S;|C1619S;|E0517S','G0502S'),(778,'230','Haut Prêtre Alkar - Le Défi des Destructeurs','&G0502S','G0503S'),(779,'230','Orozar Obéliscus - Au service de la vengeance','&G0501X','G0504X'),(780,'231','Kilroy Pierraille - Frapper le Clown','|T2409S;|C1619S;|E0517S','G0601S'),(781,'231','Kilroy Pierraille - Baffes à tout va de Kilroy Pierraille !','&G0601S','G0602Y'),(782,'231','Kilroy Pierraille - Un défi au pays des Norns','&G0602Y','G0603X'),(783,'231','Kilroy Pierraille - Tournoi de boxe de Kilroy','&G0603X','G0604Y'),(784,'231','Magni le Bison - Nornitude','|T2409S;|C1619S;|E0517S','G0605S'),(785,'231','Magni le Bison - Manche 1 : Battez-vous !','|T2409S;|C1619S;|E0517S','G0606Y'),(786,'231','Magni le Bison - Hanté','|T2409S;|C1619S;|E0517S','G0607S'),(787,'231','Gunnar Massepoing - Cherche-vérité','&G0705Y','G0608S'),(788,'232','Undrath Casse-rocs - Le gros Jotun hostile','|T2409S;|C1619S;|E0517S','G0701S'),(789,'232','Undrath Casse-rocs - La cavalerie de Krak','|T2409S;|C1619S;|E0517S','G0702S'),(790,'232','Sif Chassesombre - De grands exploits pour un petit prix','|T2409S;|C1619S;|E0517S','G0703S'),(791,'232','Sif Chassesombre - Tout ce que savez','&G0703S','G0704S'),(792,'232','Sif Chassesombre - La malédiction de l\'ours norn','&G0201S','G0705Y'),(793,'232','Sif Chassesombre - Aussi froid que la glace','&G0704S','G0706X'),(794,'233','Olaf Fils d\'Olaf - Le grand Festibière norn','=female;|T2409S;|C1619S;|E0517S','G0801SU'),(795,'233','Olaf Fils d\'Olaf - Gourdin d\'ours pour femme','=female;&G0801SU','G0802SU'),(796,'233','Olaf Fils d\'Olaf - Désaccord prénuptial','=female;&G0802SU','G0803S'),(797,'233','Olaf Fils d\'Olaf - Vision de l\'esprit du Corbeau','&G0402P','G0804S'),(798,'234','Hogni Cherche-vérité - Des ombres dans la nuit','&G1201Y','G0901S'),(799,'234','Hogni Cherche-vérité - Chef de meute','&G0705Y','G0902S'),(800,'234','Hogni Cherche-vérité - L\'orgueil d\'un chasseur','&G1001Y','G0903S'),(801,'234','Remlok le pionnier - L\'Enclume de Dragrimmar','|T2409S;|C1619S;|E0517S','G0904Y'),(802,'235','Egil Narfeu - Le sang par le sang...','&G1003S','G1001Y'),(803,'235','Latham - Froide Vengeance','|T2409S;|C1619S;|E0517S','G1002Y'),(804,'236','Einarr Fend-givre - Le principe misanthropique des Jotuns','|T2409S;|C1619S;|E0517S','G1101Y'),(805,'237','Olaf fils d\'Olaf - Un portail trop loin','|T2409S;|C1619S;|E0517S','G1201Y'),(806,'237','Olrun Fille d\'Olaf - Défendre la Brèche','|T2409S;|C1619S;|E0517S','G1202S'),(807,'237','Olrun Fille d\'Olaf - Le grand Festibière norn','=male;|T2409S;|C1619S;|E0517S','G1203S'),(808,'237','Olrun Fille d\'Olaf - Gourdin d\'ours pour homme','=male;&G1203S','G1204S'),(809,'237','Olrun Fille d\'Olaf - Désaccord prénuptial','=male;&G1204S','G1205S'),(810,'238','Molenin - Dragage des Profondeurs','|T2409S;|C1619S;|E0517S','G1301Y'),(811,'238','Koris Coursefolle - Carte de Coursefolle','|T2409S;|C1619S;|E0517S','G1302X'),(812,'238','Koris Coursefolle - Le trésor perdu du Roi Hundar','&G1302X','G1303XY'),(813,'239','Saerin - Méthode cristalline','&G2402Y','G1401Y'),(814,'239','Saerin - L\'essence de la Lame','&G2402Y','G1402S'),(815,'239','Saerin - L\'impact de flèche','&G2402Y','G1403S'),(816,'240','Vael - Be Quiet, Very Quiet...','&G2601PY','G1501S'),(817,'240','Capitaine Langmar - L\'odeur du Titan au matin','&G0401P','G1502S'),(818,'240','Capitaine Langmar - Problème de communication','&G2601PY','G1503S'),(819,'240','Capitaine Langmar - Passé implosif','&G1503S','G1504S'),(820,'240','Capitaine Langmar - La Revanche de l\'assassin','&G1504S','G1505S'),(821,'240','Captain Langmar - Plan A','&G1501S','G1506S'),(822,'240','Captain Langmar - Forbidden Fruit','&G1506S','G1507S'),(823,'241','Brave Brent Poltroon - Dispute','&G2601PY','G1601S'),(824,'241','Sergent Ouestétoile - Les reliques oubliées','|T2409S;|C1619S;|E0517S','G1602S'),(825,'242','Vael - Single Ugly Grawl Seeks Same for Mindless Destruction in Ascalon','&G1507S','G1701S'),(826,'229','Bassin de divination - Un portail trop loin','&G1201Y','G1201Y'),(827,'229','Bassin de divination - Le sang par le sang...','&G1001Y','G1001Y'),(828,'229','Bassin de divination - La malédiction de l\'ours norn','&G0705Y','G0705Y'),(830,'230','Jalis Martelfer - Coeur des Cimefroides','&G0401P;&G0402P;&G0403P','G0505S'),(831,'230','Jalis Martelfer - Profondeurs de la Destruction','&G0505S','G0506PY'),(832,'231','Zho - Le journal de Zho','=Gwen;=Tyrie;=Cantha;=Elona','G0609S'),(833,'235','Egil Narfeu - Flammes de l\'esprit de l\'Ourse','|T2409S;|C1619S;|E0517S','G1003S'),(834,'243','Olfun Longoeil - Chercher l\'Avant-garde d\'Ebon','|T2409S;|C1619S;|E0517S','G1801S'),(835,'244','Kerrsh - Le Monogramme de Melandru','|T2409S;|C1619S;|E0517S','G1901S'),(836,'244','Kerrsh - Le Monogramme de Balthazar','&G1901S','G1902S'),(837,'244','Kerrsh - Le Monogramme de Dwayna','&G1901S','G1903S'),(838,'244','Kerrsh - Le Monogramme de Grenth','&G1901S','G1904S'),(839,'244','Kerrsh - Le Monogramme de Lyssa','&G1901S','G1905S'),(840,'244','Kerrsh - Le Monogramme de Kormir','&G1902S;G1903S;G1904S;G1905S','G1906S'),(841,'244','Kerrsh - The Path to Revelations','&G1906S','G1907X'),(842,'245','Livia - A la recherche de Gadd','|T2409S;|C1619S;|E0517S','G2001P'),(843,'245','Lork - Le labo','|T2409S;|C1619S;|E0517S','G2002S'),(844,'245','Plaxx - Un peu d\'aide','|T2409S;|C1619S;|E0517S','G2003P'),(845,'245','Blorf - O Brave New World','&G2301Y','G2004X'),(846,'246','Shandra, membre d\'équipage - Les âmes perdues','|T2409S;|C1619S;|E0517S','G2101XY'),(847,'247','Blimm - Le petit atelier des horreurs','&G2301Y','G2201Y'),(848,'247','Hoff - Polymock: battre Yulma','|T2409S;|C1619S;|E0517S','G2202S'),(849,'247','Hoff - Polymock: battre Plurgg','&G2202S','G2203S'),(850,'247','Hoff - Polymock: battre Blarp','&G2203S','G2204S'),(851,'247','Hoff - Polymock: battre Fonk','&G2204S','G2205S'),(852,'247','Mamp - Génotype Organique Libéré par Enchantement Magique','&G2003P','G2206PY'),(853,'248','Blimm - Une golémancienne insaisissable','&G2002S','G2301Y'),(854,'239','Bartholos - Eclate-grenouille','|T2409S;|C1619S;|E0517S','G1404S'),(855,'239','Bartholos - Donner une chance à la paix','&G1404S','G1405S'),(856,'249','Giriff - La guerre de Giriff','!G2403S;|T2409S;|C1619S;|E0517S','G2401Y'),(857,'249','Gadd - A la recherche de la Pierre de Sang','&G2001P','G2402Y'),(858,'249','Tekks - La guerre de Tekks','!G2401S;|T2409S;|C1619S;|E0517S','G2403Y'),(859,'250','Justicier Naveed - Tourner la page','|T2409S;|C1619S;|E0517S','G2501S'),(861,'250','Justicier Naveed - Insidious Remnants','&G2502S','G2503S'),(860,'250','Justicier Naveed - Le piège à Asura','&G2501S','G2502S'),(862,'250','Justicier Naveed - Moths to a Flame','&G2503S','G2504S'),(863,'250','Glayvin - The Justiciar\'s End','&G2504S','G2505X'),(864,'240','Pyre Fiertir - A l\'aube de la rébellion','&G1509Y','G1508P'),(865,'240','Heaume de l\'Avant-garde - Contre les Charrs','|T2409S;|C1619S;|E0517S','G1509Y'),(866,'241','Sear Fancrégent - Attention, ça va secouer !','&G2602P','G1603Y'),(867,'251','Bonwor Fierelame - Assaut sur la forteresse','&G2602P','G2601PY'),(868,'251','Bonwor Fierelame - Faire ce qui doit être fait','&G2605PY','G2602P'),(869,'251','Gron Fiergriffe - Temple des damnés','&G1508P','G2603Y'),(870,'251','Gron Fiergriffe - Menace voilée','&G1508P','G2604Y'),(871,'251','Gron Fiergriffe - Frères d\'armes','&G1508P','G2605PY'),(872,'242','Sergent Ouestétoile - La chasse aux Charrs','&G1601S','G1702S'),(873,'242','Swithin Nye - Brise-crâne de Kathandrax','|T2409S;|C1619S;|E0517S','G1703Y'),(874,'229','Gwen - Then and Now, Here and There','G0401P','G0405S'),(875,'229','Gwen - Flammes et douleur','G0401P','G0404X'),(890,'229','Bassin de divination - Frères d\'armes','&G2605PY','G2605PY'),(891,'229','Bassin de divination - Assaut sur la forteresse','&G2601PY','G2601PY'),(878,'247','Hoff - Polymock: battre Grulhammer Poingdargent','&G2205S','G2206S'),(879,'247','Hoff - Polymock: battez Volumandus le Nécromant','&G2205S','G2207S'),(880,'247','Hoff - Polymock: battez Dune Larmebue','&G2205S;&G1508P','G2208S'),(881,'247','Hoff - Polymock: battez Maître Hoff','&G2206S;&G2207S;&G2208S','G2209S'),(882,'248','Commandant Hixx - Les renforts brouillés','|T2409S;|C1619S;|E0517S','G2302Y'),(883,'248','Kerrsh - Le Monogramme de Lyssa','&G1901S','G1905Y'),(884,'241','Roan Francoeur - Assaut sur la forteresse','&G2602P','G2601PY'),(885,'229','Bassin de divination - Contre les Charrs','&G1509Y','G1509Y'),(886,'229','Bassin de divination - Une golémancienne insaisissable','&G2301Y','G2301Y'),(888,'229','Bassin de divination - A la recherche de la Pierre de Sang','&G2402Y','G2402Y'),(889,'229','Bassin de divination - Génotype Organique Libéré par Enchantement Magique','&G2206PY','G2206PY'),(892,'240','Capitaine Langmar - Opération spéciale : Tribunal de Grendich','&G2601PY','G1511S'),(893,'240','Capitaine Langmar - Opération spéciale : Flame Temple Corridor','&G2601PY','G1512S'),(894,'240','Capitaine Langmar - Opération spéciale : Dragon\'s Gullet','&G2601PY','G1510S'),(895,'229','Bassin de Divination - Profondeurs de la Destruction','&G0506PY','G0506PY'),(896,'252','Haut prêtre Alkar - L\'heure des Héros','&G0506PY','G2701PY'),(897,'229','Bassin de Divination - L\'heure des Héros','&G2701PY','G2701PY'),(898,'4','Durmand - L\'histoire de Saul','','E0518S'),(900,'111','Orozar Obéliscus - De nobles intentions Plan B','!T4201S;&T4205Y','T4304Y');

--
